000
CDUS43 KGRR 282124
CLIBTL


CLIMATE REPORT
NATIONAL WEATHER SERVICE GRAND RAPIDS, MI
523 PM EDT THU MAY 28 2015


...................................

...THE BATTLE CREEK MI CLIMATE SUMMARY FOR MAY 28 2015...
VALID TODAY AS OF 0500 PM LOCAL TIME.

CLIMATE NORMAL PERIOD 1981 TO 2010
CLIMATE RECORD PERIOD 1998 TO 2015


WEATHER ITEM   OBSERVED TIME   NORMAL DEPARTURE LAST
                VALUE   (LST)  VALUE  FROM      YEAR
                                      NORMAL
......................................................
TEMPERATURE (F)
 TODAY
  MAXIMUM         81    357 PM  74      7       73
  MINIMUM         53    508 AM  50      3       62
  AVERAGE         67            62      5       68

PRECIPITATION (IN)
  TODAY            0.00          0.12  -0.12      T
  MONTH TO DATE    3.29          3.39  -0.10     3.14
  SINCE MAR 1      5.36          8.10  -2.74     6.43
  SINCE JAN 1      6.37         11.10  -4.73     7.96

DEGREE DAYS
 HEATING
  TODAY            0             5     -5        0
  MONTH TO DATE  131           232   -101      213
  SINCE MAR 1   1567          1656    -89     1899
  SINCE JUL 1   6772          6621    151     7353

 COOLING
  TODAY            2             2      0        3
  MONTH TO DATE   65            26     39       48
  SINCE MAR 1     65            33     32       48
  SINCE JAN 1     65            33     32       48
......................................................


WIND (MPH)
  RESULTANT WIND SPEED   4   RESULTANT WIND DIRECTION   S (170)
  HIGHEST WIND SPEED    14   HIGHEST WIND DIRECTION     S (170)
  HIGHEST GUST SPEED    17   HIGHEST GUST DIRECTION    SE (130)
  AVERAGE WIND SPEED     4.7


SKY COVER
  AVERAGE SKY COVER 0.0


WEATHER CONDITIONS
 THE FOLLOWING WEATHER WAS RECORDED TODAY.
  NO SIGNIFICANT WEATHER WAS OBSERVED.


RELATIVE HUMIDITY (PERCENT)
 HIGHEST    93           100 AM
 LOWEST     39           300 PM
 AVERAGE    66

..........................................................


THE BATTLE CREEK MI CLIMATE NORMALS FOR TOMORROW
                         NORMAL
 MAXIMUM TEMPERATURE (F)   74
 MINIMUM TEMPERATURE (F)   50


SUNRISE AND SUNSET
MAY 28 2015...........SUNRISE   609 AM EDT   SUNSET   908 PM EDT
MAY 29 2015...........SUNRISE   609 AM EDT   SUNSET   908 PM EDT


-  INDICATES NEGATIVE NUMBERS.
R  INDICATES RECORD WAS SET OR TIED.
MM INDICATES DATA IS MISSING.
T  INDICATES TRACE AMOUNT.




$$
