000
CDUS43 KGRR 302131
CLIBTL


CLIMATE REPORT
NATIONAL WEATHER SERVICE GRAND RAPIDS, MI
529 PM EDT SAT JUL 30 2016


...................................

...THE BATTLE CREEK MI CLIMATE SUMMARY FOR JULY 30 2016...
VALID TODAY AS OF 0500 PM LOCAL TIME.

CLIMATE NORMAL PERIOD 1981 TO 2010
CLIMATE RECORD PERIOD 1998 TO 2016


WEATHER ITEM   OBSERVED TIME   NORMAL DEPARTURE LAST
                VALUE   (LST)  VALUE  FROM      YEAR
                                      NORMAL
......................................................
TEMPERATURE (F)
 TODAY
  MAXIMUM         72    359 PM  82    -10       85
  MINIMUM         62    904 AM  59      3       64
  AVERAGE         67            70     -3       75

PRECIPITATION (IN)
  TODAY            0.40          0.11   0.29     0.00
  MONTH TO DATE    4.14          3.25   0.89     4.21
  SINCE JUN 1      5.54          6.48  -0.94    12.78
  SINCE JAN 1     15.38         17.96  -2.58    21.03

DEGREE DAYS
 HEATING
  TODAY            0             0      0        0
  MONTH TO DATE    5             6     -1        7
  SINCE JUN 1     39            63    -24       30
  SINCE JUL 1      5             6     -1        7

 COOLING
  TODAY            2             6     -4       10
  MONTH TO DATE  212           192     20      194
  SINCE JUN 1    348           318     30      334
  SINCE JAN 1    403           356     47      407
......................................................


WIND (MPH)
  RESULTANT WIND SPEED   7   RESULTANT WIND DIRECTION  NE (50)
  HIGHEST WIND SPEED    13   HIGHEST WIND DIRECTION    NE (60)
  HIGHEST GUST SPEED    18   HIGHEST GUST DIRECTION    NE (40)
  AVERAGE WIND SPEED     8.0


SKY COVER
  AVERAGE SKY COVER 0.9


WEATHER CONDITIONS
 THE FOLLOWING WEATHER WAS RECORDED TODAY.
  THUNDERSTORM
  HEAVY RAIN
  RAIN
  LIGHT RAIN
  FOG


RELATIVE HUMIDITY (PERCENT)
 HIGHEST   100           700 AM
 LOWEST     78          1200 AM
 AVERAGE    89

..........................................................


THE BATTLE CREEK MI CLIMATE NORMALS FOR TOMORROW
                         NORMAL
 MAXIMUM TEMPERATURE (F)   82
 MINIMUM TEMPERATURE (F)   59


SUNRISE AND SUNSET
JULY 30 2016..........SUNRISE   632 AM EDT   SUNSET   902 PM EDT
JULY 31 2016..........SUNRISE   633 AM EDT   SUNSET   901 PM EDT


-  INDICATES NEGATIVE NUMBERS.
R  INDICATES RECORD WAS SET OR TIED.
MM INDICATES DATA IS MISSING.
T  INDICATES TRACE AMOUNT.




$$

63
