000
CDUS43 KGRR 181501
CLIBTL


CLIMATE REPORT
NATIONAL WEATHER SERVICE GRAND RAPIDS, MI
1000 AM EST MON DEC 18 2017


...................................

...THE BATTLE CREEK MI CLIMATE SUMMARY FOR DECEMBER 18 2017...
VALID AS OF 0900 AM LOCAL TIME.

CLIMATE NORMAL PERIOD 1981 TO 2010
CLIMATE RECORD PERIOD 1998 TO 2017


WEATHER ITEM   OBSERVED TIME   NORMAL DEPARTURE LAST
                VALUE   (LST)  VALUE  FROM      YEAR
                                      NORMAL
......................................................
TEMPERATURE (F)
 TODAY
  MAXIMUM         38    859 AM  34      4       22
  MINIMUM         36   1231 AM  19     17       10
  AVERAGE         37            26     11       16

PRECIPITATION (IN)
  TODAY            0.02          0.06  -0.04      T
  MONTH TO DATE    0.39          1.18  -0.79     0.75
  SINCE DEC 1      0.39          1.18  -0.79     0.75
  SINCE JAN 1     37.10         32.34   4.76    31.13

DEGREE DAYS
 HEATING
  TODAY           28            38    -10       49
  MONTH TO DATE  613           643    -30      708
  SINCE DEC 1    613           643    -30      708
  SINCE JUL 1   1808          2081   -273     1551

 COOLING
  TODAY            0             0      0        0
  MONTH TO DATE    0             0      0        0
  SINCE DEC 1      0             0      0        0
  SINCE JAN 1    735           578    157      727
......................................................


WIND (MPH)
  RESULTANT WIND SPEED  11   RESULTANT WIND DIRECTION  SW (210)
  HIGHEST WIND SPEED    15   HIGHEST WIND DIRECTION    SW (220)
  HIGHEST GUST SPEED    19   HIGHEST GUST DIRECTION    SW (210)
  AVERAGE WIND SPEED    10.6


SKY COVER
  AVERAGE SKY COVER 1.0


WEATHER CONDITIONS
 THE FOLLOWING WEATHER WAS RECORDED TODAY.
  LIGHT RAIN
  FOG


RELATIVE HUMIDITY (PERCENT)
 HIGHEST   100           900 AM
 LOWEST     85          1200 AM
 AVERAGE    93

..........................................................


THE BATTLE CREEK MI CLIMATE NORMALS FOR TOMORROW
                         NORMAL
 MAXIMUM TEMPERATURE (F)   34
 MINIMUM TEMPERATURE (F)   19


SUNRISE AND SUNSET
DECEMBER 18 2017......SUNRISE   805 AM EST   SUNSET   510 PM EST
DECEMBER 19 2017......SUNRISE   806 AM EST   SUNSET   511 PM EST


-  INDICATES NEGATIVE NUMBERS.
R  INDICATES RECORD WAS SET OR TIED.
MM INDICATES DATA IS MISSING.
T  INDICATES TRACE AMOUNT.




$$

JAM
