000
CDUS43 KGRR 230550
CLIBTL


CLIMATE REPORT
NATIONAL WEATHER SERVICE GRAND RAPIDS, MI
149 AM EDT TUE MAY 23 2017


...................................

...THE BATTLE CREEK MI CLIMATE SUMMARY FOR MAY 22 2017...

CLIMATE NORMAL PERIOD 1981 TO 2010
CLIMATE RECORD PERIOD 1998 TO 2017


WEATHER ITEM   OBSERVED TIME   NORMAL DEPARTURE LAST
                VALUE   (LST)  VALUE  FROM      YEAR
                                      NORMAL
......................................................
TEMPERATURE (F)
 YESTERDAY
  MAXIMUM         70    454 PM  72     -2       73
  MINIMUM         50    716 AM  48      2       50
  AVERAGE         60            60      0       62

PRECIPITATION (IN)
  YESTERDAY        0.00          0.13  -0.13     0.00
  MONTH TO DATE    2.52          2.63  -0.11     1.96
  SINCE MAR 1      9.65          7.34   2.31     7.40
  SINCE JAN 1     15.12         10.34   4.78     9.00

DEGREE DAYS
 HEATING
  YESTERDAY        5             6     -1        3
  MONTH TO DATE  221           198     23      235
  SINCE MAR 1   1488          1622   -134     1494
  SINCE JUL 1   5391          6587  -1196     5409

 COOLING
  YESTERDAY        0             1     -1        0
  MONTH TO DATE   23            16      7        0
  SINCE MAR 1     32            23      9        2
  SINCE JAN 1     32            23      9        2
......................................................


WIND (MPH)
  RESULTANT WIND SPEED  13   RESULTANT WIND DIRECTION   W (250)
  HIGHEST WIND SPEED    23   HIGHEST WIND DIRECTION     W (260)
  HIGHEST GUST SPEED    32   HIGHEST GUST DIRECTION     W (260)
  AVERAGE WIND SPEED    13.8


SKY COVER
  AVERAGE SKY COVER 0.5


WEATHER CONDITIONS
 THE FOLLOWING WEATHER WAS RECORDED YESTERDAY.
  NO SIGNIFICANT WEATHER WAS OBSERVED.


RELATIVE HUMIDITY (PERCENT)
 HIGHEST    77          1200 AM
 LOWEST     40           300 PM
 AVERAGE    59

..........................................................


THE BATTLE CREEK MI CLIMATE NORMALS FOR TODAY
                         NORMAL
 MAXIMUM TEMPERATURE (F)   73
 MINIMUM TEMPERATURE (F)   48


SUNRISE AND SUNSET
MAY 23 2017...........SUNRISE   612 AM EDT   SUNSET   904 PM EDT
MAY 24 2017...........SUNRISE   612 AM EDT   SUNSET   905 PM EDT


-  INDICATES NEGATIVE NUMBERS.
R  INDICATES RECORD WAS SET OR TIED.
MM INDICATES DATA IS MISSING.
T  INDICATES TRACE AMOUNT.




$$
