000
CDUS43 KGRR 282129
CLIBTL


CLIMATE REPORT
NATIONAL WEATHER SERVICE GRAND RAPIDS, MI
529 PM EDT SUN AUG 28 2016


...................................

...THE BATTLE CREEK MI CLIMATE SUMMARY FOR AUGUST 28 2016...
VALID TODAY AS OF 0500 PM LOCAL TIME.

CLIMATE NORMAL PERIOD 1981 TO 2010
CLIMATE RECORD PERIOD 1998 TO 2016


WEATHER ITEM   OBSERVED TIME   NORMAL DEPARTURE LAST
                VALUE   (LST)  VALUE  FROM      YEAR
                                      NORMAL
......................................................
TEMPERATURE (F)
 TODAY
  MAXIMUM         83    357 PM  80      3       77
  MINIMUM         68    637 AM  56     12       55
  AVERAGE         76            68      8       66

PRECIPITATION (IN)
  TODAY            0.00          0.11  -0.11      T
  MONTH TO DATE    8.08          3.12   4.96     1.92
  SINCE JUN 1     13.62          9.71   3.91    14.70
  SINCE JAN 1     23.46         21.19   2.27    22.95

DEGREE DAYS
 HEATING
  TODAY            0             1     -1        0
  MONTH TO DATE    3            28    -25       15
  SINCE JUN 1     42           100    -58       45
  SINCE JUL 1      8            43    -35       22

 COOLING
  TODAY           11             4      7        1
  MONTH TO DATE  187           148     39      147
  SINCE JUN 1    542           471     71      491
  SINCE JAN 1    597           509     88      564
......................................................


WIND (MPH)
  RESULTANT WIND SPEED   3   RESULTANT WIND DIRECTION   W (250)
  HIGHEST WIND SPEED    12   HIGHEST WIND DIRECTION    NW (300)
  HIGHEST GUST SPEED    15   HIGHEST GUST DIRECTION     W (280)
  AVERAGE WIND SPEED     5.8


SKY COVER
  AVERAGE SKY COVER 0.3


WEATHER CONDITIONS
 THE FOLLOWING WEATHER WAS RECORDED TODAY.
  FOG
  HAZE


RELATIVE HUMIDITY (PERCENT)
 HIGHEST   100          1200 AM
 LOWEST     65           300 PM
 AVERAGE    83

..........................................................


THE BATTLE CREEK MI CLIMATE NORMALS FOR TOMORROW
                         NORMAL
 MAXIMUM TEMPERATURE (F)   79
 MINIMUM TEMPERATURE (F)   56


SUNRISE AND SUNSET
AUGUST 28 2016........SUNRISE   702 AM EDT   SUNSET   821 PM EDT
AUGUST 29 2016........SUNRISE   704 AM EDT   SUNSET   819 PM EDT


-  INDICATES NEGATIVE NUMBERS.
R  INDICATES RECORD WAS SET OR TIED.
MM INDICATES DATA IS MISSING.
T  INDICATES TRACE AMOUNT.




$$
