875
CDUS45 KMSO 110923
CLIBTM


CLIMATE REPORT
NATIONAL WEATHER SERVICE MISSOULA, MT
222 AM MST THU FEB 11 2016


...................................

...THE BUTTE MT CLIMATE SUMMARY FOR FEBRUARY 10 2016...

CLIMATE NORMAL PERIOD 1981 TO 2010
CLIMATE RECORD PERIOD 1895 TO 2016


WEATHER ITEM   OBSERVED TIME   RECORD YEAR NORMAL DEPARTURE LAST
                VALUE   (LST)  VALUE       VALUE  FROM      YEAR
                                                  NORMAL
..................................................................
TEMPERATURE (F)
 YESTERDAY
  MAXIMUM         38    446 PM  54    1951  34      4       45
  MINIMUM          6    757 AM -43    1981   8     -2       34
  AVERAGE         22                        21      1       40

PRECIPITATION (IN)
  YESTERDAY        0.00          0.32 1919   0.02  -0.02      T
  MONTH TO DATE    0.03                      0.14  -0.11     0.07
  SINCE OCT 1      3.11                      2.50   0.61     2.63
  SINCE JAN 1      0.37                      0.61  -0.24     0.24

SNOWFALL (IN)
  YESTERDAY       MM
  MONTH TO DATE   MM
  SINCE JAN 1     MM
  SINCE JUL 1     MM
  SNOW DEPTH      MM

DEGREE DAYS
 HEATING
  YESTERDAY       43                        44     -1       25
  MONTH TO DATE  447                       445      2      284
  SINCE DEC 1   3359                      3326     33     2849
  SINCE JUL 1   5779                      5816    -37     5179

 COOLING
  YESTERDAY        0                         0      0        0
  MONTH TO DATE    0                         0      0        0
  SINCE DEC 1      0                         0      0        0
  SINCE JAN 1      0                         0      0        0
..................................................................


WIND (MPH)
  HIGHEST WIND SPEED     8   HIGHEST WIND DIRECTION     S (180)
  HIGHEST GUST SPEED    10   HIGHEST GUST DIRECTION     S (190)
  AVERAGE WIND SPEED     2.4


SKY COVER
  POSSIBLE SUNSHINE  MM
  AVERAGE SKY COVER 0.0


WEATHER CONDITIONS
 THE FOLLOWING WEATHER WAS RECORDED YESTERDAY.
  FOG
  HAZE


RELATIVE HUMIDITY (PERCENT)
 HIGHEST    92           100 AM
 LOWEST     52           300 PM
 AVERAGE    72

..........................................................


THE BUTTE MT CLIMATE NORMALS FOR TODAY
                         NORMAL    RECORD    YEAR
 MAXIMUM TEMPERATURE (F)   34        54      2005
 MINIMUM TEMPERATURE (F)    8       -29      1982


SUNRISE AND SUNSET
FEBRUARY 11 2016......SUNRISE   739 AM MST   SUNSET   550 PM MST
FEBRUARY 12 2016......SUNRISE   738 AM MST   SUNSET   551 PM MST


-  INDICATES NEGATIVE NUMBERS.
R  INDICATES RECORD WAS SET OR TIED.
MM INDICATES DATA IS MISSING.
T  INDICATES TRACE AMOUNT.




$$
