000
CDUS45 KMSO 240738
CLIBTM


CLIMATE REPORT
NATIONAL WEATHER SERVICE MISSOULA, MT
137 AM MDT THU JUL 24 2014


...................................

...THE BUTTE MT CLIMATE SUMMARY FOR JULY 23 2014...

CLIMATE NORMAL PERIOD 1981 TO 2010
CLIMATE RECORD PERIOD 1895 TO 2014


WEATHER ITEM   OBSERVED TIME   RECORD YEAR NORMAL DEPARTURE LAST
                VALUE   (LST)  VALUE       VALUE  FROM      YEAR
                                                  NORMAL
..................................................................
TEMPERATURE (F)
 YESTERDAY
  MAXIMUM         86    443 PM  95    2007  83      3       88
                                      1931
  MINIMUM         54   1112 PM  35    2011  47      7       43
                                      1954
  AVERAGE         70                        64      6       66

PRECIPITATION (IN)
  YESTERDAY        0.02          0.29 1922   0.04  -0.02     0.00
  MONTH TO DATE    0.69                      1.02  -0.33     0.63
  SINCE OCT 1      9.44                     10.08  -0.64     7.22
  SINCE JAN 1      8.40                      8.19   0.21     5.59

SNOWFALL (IN)
  YESTERDAY       MM
  MONTH TO DATE   MM
  SINCE JAN 1     MM
  SINCE JUL 1     MM
  SNOW DEPTH      MM

DEGREE DAYS
 HEATING
  YESTERDAY        0                         2     -2        0
  MONTH TO DATE   14                        83    -69       10
  SINCE JUN 1    367                       370     -3      253
  SINCE JUL 1     14                        83    -69       10

 COOLING
  YESTERDAY        5                         2      3        1
  MONTH TO DATE   56                        33     23       53
  SINCE JUN 1     56                        40     16       66
  SINCE JAN 1     56                        40     16       66
..................................................................


WIND (MPH)
  HIGHEST WIND SPEED    23   HIGHEST WIND DIRECTION     W (260)
  HIGHEST GUST SPEED    31   HIGHEST GUST DIRECTION     W (260)
  AVERAGE WIND SPEED     5.0


SKY COVER
  POSSIBLE SUNSHINE  MM
  AVERAGE SKY COVER 0.1


WEATHER CONDITIONS
 THE FOLLOWING WEATHER WAS RECORDED YESTERDAY.
  THUNDERSTORM
  LIGHT RAIN


RELATIVE HUMIDITY (PERCENT)
 HIGHEST    80          1100 PM
 LOWEST     20           400 PM
 AVERAGE    50

..........................................................


THE BUTTE MT CLIMATE NORMALS FOR TODAY
                         NORMAL    RECORD    YEAR
 MAXIMUM TEMPERATURE (F)   83        97      1978
 MINIMUM TEMPERATURE (F)   47        38      1964


SUNRISE AND SUNSET
JULY 24 2014..........SUNRISE   603 AM MDT   SUNSET   909 PM MDT
JULY 25 2014..........SUNRISE   605 AM MDT   SUNSET   908 PM MDT


-  INDICATES NEGATIVE NUMBERS.
R  INDICATES RECORD WAS SET OR TIED.
MM INDICATES DATA IS MISSING.
T  INDICATES TRACE AMOUNT.




$$
