000
CDUS45 KMSO 292236
CLIBTM


CLIMATE REPORT
NATIONAL WEATHER SERVICE MISSOULA, MT
436 PM MDT SAT AUG 29 2015


...................................

...THE BUTTE MT CLIMATE SUMMARY FOR AUGUST 29 2015...
VALID TODAY AS OF 0400 PM LOCAL TIME.

CLIMATE NORMAL PERIOD 1981 TO 2010
CLIMATE RECORD PERIOD 1895 TO 2015


WEATHER ITEM   OBSERVED TIME   RECORD YEAR NORMAL DEPARTURE LAST
                VALUE   (LST)  VALUE       VALUE  FROM      YEAR
                                                  NORMAL
..................................................................
TEMPERATURE (F)
 TODAY
  MAXIMUM         86    146 PM  91    2005  76     10       80
                                      1998
  MINIMUM         54    550 AM  27    1937  41     13       43
  AVERAGE         70                        58     12       62

PRECIPITATION (IN)
  TODAY            0.02          0.50 1910   0.04  -0.02      T
  MONTH TO DATE    0.34                      1.27  -0.93     2.93
  SINCE OCT 1      8.87                     11.68  -2.81    12.37
  SINCE JAN 1      6.48                      9.79  -3.31    11.33

SNOWFALL (IN)
  TODAY           MM
  MONTH TO DATE   MM
  SINCE JAN 1     MM
  SINCE JUL 1     MM
  SNOW DEPTH      MM

DEGREE DAYS
 HEATING
  TODAY            0                         7     -7        3
  MONTH TO DATE  115                       113      2      108
  SINCE JUN 1    367                       500   -133      496
  SINCE JUL 1    219                       213      6      143

 COOLING
  TODAY            5                         0      5        0
  MONTH TO DATE   34                        24     10       16
  SINCE JUN 1    101                        75     26       77
  SINCE JAN 1    101                        75     26       77
..................................................................


WIND (MPH)
  HIGHEST WIND SPEED    32   HIGHEST WIND DIRECTION     S (170)
  HIGHEST GUST SPEED    41   HIGHEST GUST DIRECTION     S (160)
  AVERAGE WIND SPEED     8.5


SKY COVER
  POSSIBLE SUNSHINE  MM
  AVERAGE SKY COVER 0.3


WEATHER CONDITIONS
 THE FOLLOWING WEATHER WAS RECORDED TODAY.
  THUNDERSTORM
  LIGHT RAIN
  HAZE


RELATIVE HUMIDITY (PERCENT)
 HIGHEST    61           500 AM
 LOWEST     19           100 PM
 AVERAGE    40

..........................................................


THE BUTTE MT CLIMATE NORMALS FOR TOMORROW
                         NORMAL    RECORD    YEAR
 MAXIMUM TEMPERATURE (F)   75        89      1954
 MINIMUM TEMPERATURE (F)   41        25      1965


SUNRISE AND SUNSET
AUGUST 29 2015........SUNRISE   647 AM MDT   SUNSET   814 PM MDT
AUGUST 30 2015........SUNRISE   648 AM MDT   SUNSET   812 PM MDT


-  INDICATES NEGATIVE NUMBERS.
R  INDICATES RECORD WAS SET OR TIED.
MM INDICATES DATA IS MISSING.
T  INDICATES TRACE AMOUNT.




$$
