000
CDUS45 KMSO 192230
CLIBTM


CLIMATE REPORT
NATIONAL WEATHER SERVICE MISSOULA, MT
430 PM MDT SAT AUG 19 2017


...................................

...THE BUTTE MT CLIMATE SUMMARY FOR AUGUST 19 2017...
VALID TODAY AS OF 0400 PM LOCAL TIME.

CLIMATE NORMAL PERIOD 1981 TO 2010
CLIMATE RECORD PERIOD 1895 TO 2017


WEATHER ITEM   OBSERVED TIME   RECORD YEAR NORMAL DEPARTURE LAST
                VALUE   (LST)  VALUE       VALUE  FROM      YEAR
                                                  NORMAL
..................................................................
TEMPERATURE (F)
 TODAY
  MAXIMUM         81    242 PM  93    1942  79      2       68
  MINIMUM         46    340 AM  30    1995  44      2       44
  AVERAGE         64                        61      3       56

PRECIPITATION (IN)
  TODAY            0.00          0.73 1979   0.05  -0.05     0.00
  MONTH TO DATE    0.15                      0.84  -0.69     0.66
  SINCE OCT 1     11.98                     11.25   0.73     8.80
  SINCE JAN 1      8.76                      9.36  -0.60     6.06

SNOWFALL (IN)
  TODAY           MM
  MONTH TO DATE   MM
  SINCE JAN 1     MM
  SINCE JUL 1     MM
  SNOW DEPTH      MM

DEGREE DAYS
 HEATING
  TODAY            1                         4     -3        9
  MONTH TO DATE   46                        56    -10       81
  SINCE JUN 1    289                       443   -154      403
  SINCE JUL 1     54                       156   -102      214

 COOLING
  TODAY            0                         1     -1        0
  MONTH TO DATE    7                        21    -14        4
  SINCE JUN 1    110                        72     38       51
  SINCE JAN 1    110                        72     38       51
..................................................................


WIND (MPH)
  HIGHEST WIND SPEED    21   HIGHEST WIND DIRECTION     W (290)
  HIGHEST GUST SPEED    30   HIGHEST GUST DIRECTION    NW (330)
  AVERAGE WIND SPEED     5.8


SKY COVER
  POSSIBLE SUNSHINE  MM
  AVERAGE SKY COVER 0.0


WEATHER CONDITIONS
 THE FOLLOWING WEATHER WAS RECORDED TODAY.
  NO SIGNIFICANT WEATHER WAS OBSERVED.


RELATIVE HUMIDITY (PERCENT)
 HIGHEST    50           600 AM
 LOWEST     13           300 PM
 AVERAGE    32

..........................................................


THE BUTTE MT CLIMATE NORMALS FOR TOMORROW
                         NORMAL    RECORD    YEAR
 MAXIMUM TEMPERATURE (F)   79        91      1973
 MINIMUM TEMPERATURE (F)   43        31      1938


SUNRISE AND SUNSET
AUGUST 19 2017........SUNRISE   635 AM MDT   SUNSET   831 PM MDT
AUGUST 20 2017........SUNRISE   636 AM MDT   SUNSET   829 PM MDT


-  INDICATES NEGATIVE NUMBERS.
R  INDICATES RECORD WAS SET OR TIED.
MM INDICATES DATA IS MISSING.
T  INDICATES TRACE AMOUNT.




$$
