457
CDUS45 KMSO 260738
CLIBTM


CLIMATE REPORT
NATIONAL WEATHER SERVICE MISSOULA, MT
137 AM MDT FRI AUG 26 2016


...................................

...THE BUTTE MT CLIMATE SUMMARY FOR AUGUST 25 2016...

CLIMATE NORMAL PERIOD 1981 TO 2010
CLIMATE RECORD PERIOD 1895 TO 2016


WEATHER ITEM   OBSERVED TIME   RECORD YEAR NORMAL DEPARTURE LAST
                VALUE   (LST)  VALUE       VALUE  FROM      YEAR
                                                  NORMAL
..................................................................
TEMPERATURE (F)
 YESTERDAY
  MAXIMUM         67    458 PM  94    1981  77    -10       86
  MINIMUM         30    622 AM  23    1992  42    -12       41
  AVERAGE         49                        60    -11       64

PRECIPITATION (IN)
  YESTERDAY        0.00          0.40 1905   0.05  -0.05     0.00
  MONTH TO DATE    0.66                      1.10  -0.44     0.32
  SINCE OCT 1      8.80                     11.51  -2.71     8.85
  SINCE JAN 1      6.06                      9.62  -3.56     6.46

SNOWFALL (IN)
  YESTERDAY       MM
  MONTH TO DATE   MM
  SINCE JAN 1     MM
  SINCE JUL 1     MM
  SNOW DEPTH      MM

DEGREE DAYS
 HEATING
  YESTERDAY       16                         6     10        1
  MONTH TO DATE  141                        87     54      113
  SINCE JUN 1    463                       474    -11      365
  SINCE JUL 1    274                       187     87      217

 COOLING
  YESTERDAY        0                         0      0        0
  MONTH TO DATE    4                        24    -20       26
  SINCE JUN 1     51                        75    -24       93
  SINCE JAN 1     51                        75    -24       93
..................................................................


WIND (MPH)
  HIGHEST WIND SPEED    17   HIGHEST WIND DIRECTION     E (80)
  HIGHEST GUST SPEED    22   HIGHEST GUST DIRECTION     E (80)
  AVERAGE WIND SPEED     4.8


SKY COVER
  POSSIBLE SUNSHINE  MM
  AVERAGE SKY COVER 0.1


WEATHER CONDITIONS
 THE FOLLOWING WEATHER WAS RECORDED YESTERDAY.
  NO SIGNIFICANT WEATHER WAS OBSERVED.


RELATIVE HUMIDITY (PERCENT)
 HIGHEST    85           600 AM
 LOWEST     22           400 PM
 AVERAGE    54

..........................................................


THE BUTTE MT CLIMATE NORMALS FOR TODAY
                         NORMAL    RECORD    YEAR
 MAXIMUM TEMPERATURE (F)   77        91      1981
 MINIMUM TEMPERATURE (F)   42        26      1992


SUNRISE AND SUNSET
AUGUST 26 2016........SUNRISE   644 AM MDT   SUNSET   818 PM MDT
AUGUST 27 2016........SUNRISE   645 AM MDT   SUNSET   816 PM MDT


-  INDICATES NEGATIVE NUMBERS.
R  INDICATES RECORD WAS SET OR TIED.
MM INDICATES DATA IS MISSING.
T  INDICATES TRACE AMOUNT.




$$
