000
CDUS44 KLIX 200703
CLIBTR


CLIMATE REPORT
NATIONAL WEATHER SERVICE NEW ORLEANS
202 AM CDT MON OCT 20 2014


...................................

...THE BATON ROUGE  ASOS CLIMATE SUMMARY FOR OCTOBER 19 2014...

CLIMATE NORMAL PERIOD 1981 TO 2010
CLIMATE RECORD PERIOD 1894 TO 2014


WEATHER ITEM   OBSERVED TIME   RECORD YEAR NORMAL DEPARTURE LAST
                VALUE   (LST)  VALUE       VALUE  FROM      YEAR
                                                  NORMAL
..................................................................
TEMPERATURE (F)
 YESTERDAY
  MAXIMUM         78    237 PM  90    1947  80     -2       74
  MINIMUM         55   1159 PM  36    1948  57     -2       56
  AVERAGE         67                        68     -1       65

PRECIPITATION (IN)
  YESTERDAY        0.00          1.35 1917   0.17  -0.17     1.24
  MONTH TO DATE    2.35                      2.81  -0.46     2.61
  SINCE SEP 1      5.41                      7.35  -1.94     9.51
  SINCE JAN 1     52.53                     49.06   3.47    62.17

SNOWFALL (IN)
  YESTERDAY        0.0
  MONTH TO DATE    0.0
  SINCE SEP 1      0.0
  SINCE JUL 1      0.0
  SNOW DEPTH       0

DEGREE DAYS
 HEATING
  YESTERDAY        0                         2     -2        0
  MONTH TO DATE    3                        15    -12        0
  SINCE SEP 1      3                        17    -14        0
  SINCE JUL 1      3                        17    -14        0

 COOLING
  YESTERDAY        2                         5     -3        0
  MONTH TO DATE  156                       131     25      156
  SINCE SEP 1    602                       541     61      633
  SINCE JAN 1   2630                      2702    -72     2601
..................................................................


WIND (MPH)
  HIGHEST WIND SPEED    16   HIGHEST WIND DIRECTION     E (70)
  HIGHEST GUST SPEED    20   HIGHEST GUST DIRECTION     E (80)
  AVERAGE WIND SPEED     5.5


SKY COVER
  POSSIBLE SUNSHINE  MM
  AVERAGE SKY COVER 0.0


WEATHER CONDITIONS
 THE FOLLOWING WEATHER WAS RECORDED YESTERDAY.
  NO SIGNIFICANT WEATHER WAS OBSERVED.


RELATIVE HUMIDITY (PERCENT)
 HIGHEST    93           400 AM
 LOWEST     40           300 PM
 AVERAGE    67

..........................................................


THE BATON ROUGE  ASOS CLIMATE NORMALS FOR TODAY
                         NORMAL    RECORD    YEAR
 MAXIMUM TEMPERATURE (F)   80        90      2004
                                             1993
                                             1921
 MINIMUM TEMPERATURE (F)   56        35      1989


SUNRISE AND SUNSET
OCTOBER 20 2014.......SUNRISE   710 AM CDT   SUNSET   628 PM CDT
OCTOBER 21 2014.......SUNRISE   711 AM CDT   SUNSET   627 PM CDT


-  INDICATES NEGATIVE NUMBERS.
R  INDICATES RECORD WAS SET OR TIED.
MM INDICATES DATA IS MISSING.
T  INDICATES TRACE AMOUNT.




$$
