000
CDUS44 KLIX 240802
CLIBTR


CLIMATE REPORT
NATIONAL WEATHER SERVICE NEW ORLEANS
201 AM CST FRI FEB 24 2017


...................................

...THE BATON ROUGE  ASOS CLIMATE SUMMARY FOR FEBRUARY 23 2017...

CLIMATE NORMAL PERIOD 1981 TO 2010
CLIMATE RECORD PERIOD 1894 TO 2017


WEATHER ITEM   OBSERVED TIME   RECORD YEAR NORMAL DEPARTURE LAST
                VALUE   (LST)  VALUE       VALUE  FROM      YEAR
                                                  NORMAL
..................................................................
TEMPERATURE (F)
 YESTERDAY
  MAXIMUM         80    411 PM  82    1909  68     12       71
  MINIMUM         52    619 AM  25    1964  46      6       54
                                      1939
  AVERAGE         66                        57      9       63

PRECIPITATION (IN)
  YESTERDAY        0.00          3.03 1979   0.17  -0.17     0.70
  MONTH TO DATE    1.28                      4.21  -2.93     3.58
  SINCE DEC 1     20.67                     15.53   5.14    15.64
  SINCE JAN 1     10.96                      9.93   1.03     9.31

SNOWFALL (IN)
  YESTERDAY        0.0
  MONTH TO DATE    0.0
  SINCE DEC 1      0.0
  SINCE JUL 1      0.0
  SNOW DEPTH       0

DEGREE DAYS
 HEATING
  YESTERDAY        0                         9     -9        2
  MONTH TO DATE   81                       254   -173      195
  SINCE DEC 1    574                      1059   -485      811
  SINCE JUL 1    687                      1294   -607      922

 COOLING
  YESTERDAY        1                         1      0        0
  MONTH TO DATE   65                        21     44       13
  SINCE DEC 1    184                        56    128      104
  SINCE JAN 1    119                        34     85       17
..................................................................


WIND (MPH)
  HIGHEST WIND SPEED    14   HIGHEST WIND DIRECTION     S (190)
  HIGHEST GUST SPEED    21   HIGHEST GUST DIRECTION     S (160)
  AVERAGE WIND SPEED     6.4


SKY COVER
  POSSIBLE SUNSHINE  MM
  AVERAGE SKY COVER 0.0


WEATHER CONDITIONS
 THE FOLLOWING WEATHER WAS RECORDED YESTERDAY.
  FOG
  HAZE


RELATIVE HUMIDITY (PERCENT)
 HIGHEST   100           300 AM
 LOWEST     42           300 PM
 AVERAGE    71

..........................................................


THE BATON ROUGE  ASOS CLIMATE NORMALS FOR TODAY
                         NORMAL    RECORD    YEAR
 MAXIMUM TEMPERATURE (F)   68        83      2011
 MINIMUM TEMPERATURE (F)   46        23      1989


SUNRISE AND SUNSET
FEBRUARY 24 2017......SUNRISE   636 AM CST   SUNSET   600 PM CST
FEBRUARY 25 2017......SUNRISE   635 AM CST   SUNSET   601 PM CST


-  INDICATES NEGATIVE NUMBERS.
R  INDICATES RECORD WAS SET OR TIED.
MM INDICATES DATA IS MISSING.
T  INDICATES TRACE AMOUNT.




$$
