000
CDUS44 KLIX 242120
CLIBTR


CLIMATE REPORT
NATIONAL WEATHER SERVICE NEW ORLEANS
419 PM CDT FRI MAR 24 2017


...................................

...THE BATON ROUGE  ASOS CLIMATE SUMMARY FOR MARCH 24 2017...
VALID TODAY AS OF 0400 PM LOCAL TIME.

CLIMATE NORMAL PERIOD 1981 TO 2010
CLIMATE RECORD PERIOD 1894 TO 2017


WEATHER ITEM   OBSERVED TIME   RECORD YEAR NORMAL DEPARTURE LAST
                VALUE   (LST)  VALUE       VALUE  FROM      YEAR
                                                  NORMAL
..................................................................
TEMPERATURE (F)
 TODAY
  MAXIMUM         82    154 PM  86    1991  75      7       80
                                      1929
                                      1907
  MINIMUM         68    314 AM  31    1968  52     16       54
  AVERAGE         75

PRECIPITATION (IN)
  TODAY            0.00          5.25 1973   0.14  -0.14      T
  MONTH TO DATE    1.53                      3.35  -1.82     8.70
  SINCE MAR 1      1.53                      3.35  -1.82     8.70
  SINCE JAN 1     12.96                     14.11  -1.15    18.01

SNOWFALL (IN)
  TODAY            0.0
  MONTH TO DATE    0.0
  SINCE MAR 1      0.0
  SINCE JUL 1      0.0
  SNOW DEPTH       0

DEGREE DAYS
 HEATING
  TODAY            0                         4     -4        0
  MONTH TO DATE   84                       142    -58       63
  SINCE MAR 1     84                       142    -58       63
  SINCE JUL 1    788                      1477   -689     1054

 COOLING
  TODAY           10                         2      8        2
  MONTH TO DATE   84                        41     43       71
  SINCE MAR 1     84                        41     43       71
  SINCE JAN 1    227                        72    155       88
..................................................................


WIND (MPH)
  HIGHEST WIND SPEED    26   HIGHEST WIND DIRECTION     S (160)
  HIGHEST GUST SPEED    34   HIGHEST GUST DIRECTION     S (180)
  AVERAGE WIND SPEED    12.9


SKY COVER
  POSSIBLE SUNSHINE  MM
  AVERAGE SKY COVER 0.8


WEATHER CONDITIONS
 THE FOLLOWING WEATHER WAS RECORDED TODAY.
  FOG


RELATIVE HUMIDITY (PERCENT)
 HIGHEST    93           200 AM
 LOWEST     47          1200 PM
 AVERAGE    70

..........................................................


THE BATON ROUGE  ASOS CLIMATE NORMALS FOR TOMORROW
                         NORMAL    RECORD    YEAR
 MAXIMUM TEMPERATURE (F)   75        90      1921
 MINIMUM TEMPERATURE (F)   52        33      2006
                                             1966


SUNRISE AND SUNSET
MARCH 24 2017.........SUNRISE   703 AM CDT   SUNSET   719 PM CDT
MARCH 25 2017.........SUNRISE   702 AM CDT   SUNSET   719 PM CDT


-  INDICATES NEGATIVE NUMBERS.
R  INDICATES RECORD WAS SET OR TIED.
MM INDICATES DATA IS MISSING.
T  INDICATES TRACE AMOUNT.




$$
