000
CDUS44 KLIX 012226
CLIBTR


CLIMATE REPORT
NATIONAL WEATHER SERVICE NEW ORLEANS
426 PM CST SUN FEB 1 2015


...................................

...THE BATON ROUGE  ASOS CLIMATE SUMMARY FOR FEBRUARY 1 2015...
VALID TODAY AS OF 0400 PM LOCAL TIME.

CLIMATE NORMAL PERIOD 1981 TO 2010
CLIMATE RECORD PERIOD 1894 TO 2015


WEATHER ITEM   OBSERVED TIME   RECORD YEAR NORMAL DEPARTURE LAST
                VALUE   (LST)  VALUE       VALUE  FROM      YEAR
                                                  NORMAL
..................................................................
TEMPERATURE (F)
 TODAY
  MAXIMUM         68    416 PM  81    1975  63      5       77
  MINIMUM         54   1216 AM  18    1951  42     12       46
  AVERAGE         61

PRECIPITATION (IN)
  TODAY            0.15          4.25 1988   0.20  -0.05     0.00
  MONTH TO DATE    0.15                      0.20  -0.05     0.00
  SINCE DEC 1     12.19                     11.52   0.67     5.81
  SINCE JAN 1      6.52                      5.92   0.60     2.09

SNOWFALL (IN)
  TODAY            0.0
  MONTH TO DATE    0.0
  SINCE DEC 1      T
  SINCE JUL 1      T
  SNOW DEPTH       0

DEGREE DAYS
 HEATING
  TODAY            4                        13     -9        3
  MONTH TO DATE    4                        13     -9        3
  SINCE DEC 1    781                       818    -37     1070
  SINCE JUL 1   1122                      1053     69     1357

 COOLING
  TODAY            0                         0      0        0
  MONTH TO DATE    0                         0      0        0
  SINCE DEC 1     15                        35    -20       44
  SINCE JAN 1      1                        13    -12        0
..................................................................


WIND (MPH)
  HIGHEST WIND SPEED    21   HIGHEST WIND DIRECTION     S (200)
  HIGHEST GUST SPEED    28   HIGHEST GUST DIRECTION     S (200)
  AVERAGE WIND SPEED     8.7


SKY COVER
  POSSIBLE SUNSHINE  MM
  AVERAGE SKY COVER 1.0


WEATHER CONDITIONS
 THE FOLLOWING WEATHER WAS RECORDED TODAY.
  RAIN
  LIGHT RAIN
  FOG


RELATIVE HUMIDITY (PERCENT)
 HIGHEST    93           700 AM
 LOWEST     77           100 AM
 AVERAGE    85

..........................................................


THE BATON ROUGE  ASOS CLIMATE NORMALS FOR TOMORROW
                         NORMAL    RECORD    YEAR
 MAXIMUM TEMPERATURE (F)   63        81      1989
                                             1975
                                             1963
 MINIMUM TEMPERATURE (F)   42        13      1951


SUNRISE AND SUNSET
FEBRUARY  1 2015......SUNRISE   656 AM CST   SUNSET   541 PM CST
FEBRUARY  2 2015......SUNRISE   655 AM CST   SUNSET   542 PM CST


-  INDICATES NEGATIVE NUMBERS.
R  INDICATES RECORD WAS SET OR TIED.
MM INDICATES DATA IS MISSING.
T  INDICATES TRACE AMOUNT.




$$
