000
CDUS44 KLIX 212117
CLIBTR


CLIMATE REPORT
NATIONAL WEATHER SERVICE NEW ORLEANS
417 PM CDT SUN SEP 21 2014


...................................

...THE BATON ROUGE  ASOS CLIMATE SUMMARY FOR SEPTEMBER 21 2014...
VALID TODAY AS OF 0400 PM LOCAL TIME.

CLIMATE NORMAL PERIOD 1981 TO 2010
CLIMATE RECORD PERIOD 1894 TO 2014


WEATHER ITEM   OBSERVED TIME   RECORD YEAR NORMAL DEPARTURE LAST
                VALUE   (LST)  VALUE       VALUE  FROM      YEAR
                                                  NORMAL
..................................................................
TEMPERATURE (F)
 TODAY
  MAXIMUM         90    252 PM 100    1921  88      2       80
  MINIMUM         69    631 AM  44    1897  67      2       69
  AVERAGE         80

PRECIPITATION (IN)
  TODAY            0.00          5.00 1909   0.14  -0.14     4.67
  MONTH TO DATE    3.00                      3.26  -0.26     6.59
  SINCE SEP 1      3.00                      3.26  -0.26     6.59
  SINCE JAN 1     50.12                     44.97   5.15    59.25

SNOWFALL (IN)
  TODAY            0.0
  MONTH TO DATE    0.0
  SINCE SEP 1      0.0
  SINCE JUL 1      0.0
  SNOW DEPTH       0

DEGREE DAYS
 HEATING
  TODAY            0                         0      0        0
  MONTH TO DATE    0                         0      0        0
  SINCE SEP 1      0                         0      0        0
  SINCE JUL 1      0                         0      0        0

 COOLING
  TODAY           15                        12      3       10
  MONTH TO DATE  346                       312     34      366
  SINCE SEP 1    346                       312     34      366
  SINCE JAN 1   2374                      2473    -99     2334
..................................................................


WIND (MPH)
  HIGHEST WIND SPEED    13   HIGHEST WIND DIRECTION    NE (40)
  HIGHEST GUST SPEED    17   HIGHEST GUST DIRECTION    NE (50)
  AVERAGE WIND SPEED     5.3


SKY COVER
  POSSIBLE SUNSHINE  MM
  AVERAGE SKY COVER 0.0


WEATHER CONDITIONS
 THE FOLLOWING WEATHER WAS RECORDED TODAY.
  FOG


RELATIVE HUMIDITY (PERCENT)
 HIGHEST    97           300 AM
 LOWEST     44           200 PM
 AVERAGE    71

..........................................................


THE BATON ROUGE  ASOS CLIMATE NORMALS FOR TOMORROW
                         NORMAL    RECORD    YEAR
 MAXIMUM TEMPERATURE (F)   87        98      1921
 MINIMUM TEMPERATURE (F)   67        46      1983


SUNRISE AND SUNSET
SEPTEMBER 21 2014.....SUNRISE   652 AM CDT   SUNSET   702 PM CDT
SEPTEMBER 22 2014.....SUNRISE   653 AM CDT   SUNSET   701 PM CDT


-  INDICATES NEGATIVE NUMBERS.
R  INDICATES RECORD WAS SET OR TIED.
MM INDICATES DATA IS MISSING.
T  INDICATES TRACE AMOUNT.




$$
