000
CDUS44 KLIX 200802
CLIBTR


CLIMATE REPORT
NATIONAL WEATHER SERVICE NEW ORLEANS
200 AM CST TUE FEB 20 2018


...................................

...THE BATON ROUGE  ASOS CLIMATE SUMMARY FOR FEBRUARY 19 2018...

CLIMATE NORMAL PERIOD 1981 TO 2010
CLIMATE RECORD PERIOD 1894 TO 2018


WEATHER ITEM   OBSERVED TIME   RECORD YEAR NORMAL DEPARTURE LAST
                VALUE   (LST)  VALUE       VALUE  FROM      YEAR
                                                  NORMAL
..................................................................
TEMPERATURE (F)
 YESTERDAY
  MAXIMUM         84    316 PM  88    1922  67     17       80
  MINIMUM         62    543 AM  24    1900  45     17       52
  AVERAGE         73                        56     17       66

PRECIPITATION (IN)
  YESTERDAY        T             2.47 1991   0.18  -0.18     0.00
  MONTH TO DATE    2.76                      3.53  -0.77     0.45
  SINCE DEC 1     15.87                     14.85   1.02    19.84
  SINCE JAN 1      9.93                      9.25   0.68    10.13

SNOWFALL (IN)
  YESTERDAY        0.0
  MONTH TO DATE    0.0
  SINCE DEC 1      4.0
  SINCE JUL 1      4.0
  SNOW DEPTH       0

DEGREE DAYS
 HEATING
  YESTERDAY        0                        10    -10        0
  MONTH TO DATE  108                       218   -110       81
  SINCE DEC 1   1078                      1023     55      574
  SINCE JUL 1   1285                      1258     27      687

 COOLING
  YESTERDAY        8                         1      7        1
  MONTH TO DATE   48                        17     31       56
  SINCE DEC 1     66                        52     14      175
  SINCE JAN 1     48                        30     18      110
..................................................................


WIND (MPH)
  HIGHEST WIND SPEED    23   HIGHEST WIND DIRECTION     S (170)
  HIGHEST GUST SPEED    28   HIGHEST GUST DIRECTION     S (170)
  AVERAGE WIND SPEED    10.4


SKY COVER
  POSSIBLE SUNSHINE  MM
  AVERAGE SKY COVER 0.4


WEATHER CONDITIONS
 THE FOLLOWING WEATHER WAS RECORDED YESTERDAY.
  LIGHT RAIN
  FOG
  FOG W/VISIBILITY <= 1/4 MILE


RELATIVE HUMIDITY (PERCENT)
 HIGHEST   100           600 AM
 LOWEST     50           600 PM
 AVERAGE    75

..........................................................


THE BATON ROUGE  ASOS CLIMATE NORMALS FOR TODAY
                         NORMAL    RECORD    YEAR
 MAXIMUM TEMPERATURE (F)   67        87      1917
 MINIMUM TEMPERATURE (F)   46        25      1908


SUNRISE AND SUNSET
FEBRUARY 20 2018......SUNRISE   640 AM CST   SUNSET   557 PM CST
FEBRUARY 21 2018......SUNRISE   639 AM CST   SUNSET   557 PM CST


-  INDICATES NEGATIVE NUMBERS.
R  INDICATES RECORD WAS SET OR TIED.
MM INDICATES DATA IS MISSING.
T  INDICATES TRACE AMOUNT.




$$
