000
CDUS44 KLIX 030703
CLIBTR


CLIMATE REPORT
NATIONAL WEATHER SERVICE NEW ORLEANS
203 AM CDT MON AUG 3 2015


...................................

...THE BATON ROUGE  ASOS CLIMATE SUMMARY FOR AUGUST 2 2015...

CLIMATE NORMAL PERIOD 1981 TO 2010
CLIMATE RECORD PERIOD 1894 TO 2015


WEATHER ITEM   OBSERVED TIME   RECORD YEAR NORMAL DEPARTURE LAST
                VALUE   (LST)  VALUE       VALUE  FROM      YEAR
                                                  NORMAL
..................................................................
TEMPERATURE (F)
 YESTERDAY
  MAXIMUM         98    412 PM 100    2010  93      5       88
                                      1921
  MINIMUM         69    447 AM  66    1909  74     -5       74
  AVERAGE         84                        83      1       81

PRECIPITATION (IN)
  YESTERDAY        0.00          3.93 1908   0.18  -0.18     0.03
  MONTH TO DATE    0.00                      0.37  -0.37     0.34
  SINCE JUN 1      9.71                     11.74  -2.03    17.48
  SINCE JAN 1     42.09                     36.26   5.83    41.82

SNOWFALL (IN)
  YESTERDAY        0.0
  MONTH TO DATE    0.0
  SINCE JUN 1      0.0
  SINCE JUL 1      0.0
  SNOW DEPTH       0

DEGREE DAYS
 HEATING
  YESTERDAY        0                         0      0        0
  MONTH TO DATE    0                         0      0        0
  SINCE JUN 1      0                         0      0        0
  SINCE JUL 1      0                         0      0        0

 COOLING
  YESTERDAY       19                        18      1       16
  MONTH TO DATE   37                        36      1       30
  SINCE JUN 1   1168                      1076     92     1003
  SINCE JAN 1   1839                      1641    198     1509
..................................................................


WIND (MPH)
  HIGHEST WIND SPEED    13   HIGHEST WIND DIRECTION     E (70)
  HIGHEST GUST SPEED    17   HIGHEST GUST DIRECTION    NE (60)
  AVERAGE WIND SPEED     3.2


SKY COVER
  POSSIBLE SUNSHINE  MM
  AVERAGE SKY COVER 0.0


WEATHER CONDITIONS
 THE FOLLOWING WEATHER WAS RECORDED YESTERDAY.
  NO SIGNIFICANT WEATHER WAS OBSERVED.


RELATIVE HUMIDITY (PERCENT)
 HIGHEST    90           100 AM
 LOWEST     30           300 PM
 AVERAGE    60

..........................................................


THE BATON ROUGE  ASOS CLIMATE NORMALS FOR TODAY
                         NORMAL    RECORD    YEAR
 MAXIMUM TEMPERATURE (F)   93        99      1947
                                             1924
 MINIMUM TEMPERATURE (F)   74        67      1973
                                             1965
                                             1907


SUNRISE AND SUNSET
AUGUST  3 2015........SUNRISE   624 AM CDT   SUNSET   757 PM CDT
AUGUST  4 2015........SUNRISE   624 AM CDT   SUNSET   757 PM CDT


-  INDICATES NEGATIVE NUMBERS.
R  INDICATES RECORD WAS SET OR TIED.
MM INDICATES DATA IS MISSING.
T  INDICATES TRACE AMOUNT.




$$
