000
CDUS44 KLIX 250802
CLIBTR


CLIMATE REPORT
NATIONAL WEATHER SERVICE NEW ORLEANS
201 AM CST THU DEC 25 2014


...................................

...THE BATON ROUGE  ASOS CLIMATE SUMMARY FOR DECEMBER 24 2014...

CLIMATE NORMAL PERIOD 1981 TO 2010
CLIMATE RECORD PERIOD 1894 TO 2014


WEATHER ITEM   OBSERVED TIME   RECORD YEAR NORMAL DEPARTURE LAST
                VALUE   (LST)  VALUE       VALUE  FROM      YEAR
                                                  NORMAL
..................................................................
TEMPERATURE (F)
 YESTERDAY
  MAXIMUM         54    223 PM  82    1926  63     -9       55
  MINIMUM         40   1158 PM  10    1989  42     -2       27
  AVERAGE         47                        52     -5       41

PRECIPITATION (IN)
  YESTERDAY        0.00          3.35 1973   0.20  -0.20     0.00
  MONTH TO DATE    4.36                      4.29   0.07     3.20
  SINCE DEC 1      4.36                      4.29   0.07     3.20
  SINCE JAN 1     60.39                     59.34   1.05    68.34

SNOWFALL (IN)
  YESTERDAY        0.0
  MONTH TO DATE    0.0
  SINCE DEC 1      0.0
  SINCE JUL 1      0.0
  SNOW DEPTH       0

DEGREE DAYS
 HEATING
  YESTERDAY       18                        13      5       24
  MONTH TO DATE  196                       284    -88      308
  SINCE DEC 1    196                       284    -88      308
  SINCE JUL 1    537                       519     18      595

 COOLING
  YESTERDAY        0                         1     -1        0
  MONTH TO DATE   13                        24    -11       44
  SINCE DEC 1     13                        24    -11       44
  SINCE JAN 1   2693                      2825   -132     2710
..................................................................


WIND (MPH)
  HIGHEST WIND SPEED    23   HIGHEST WIND DIRECTION     W (270)
  HIGHEST GUST SPEED    28   HIGHEST GUST DIRECTION     W (270)
  AVERAGE WIND SPEED    10.0


SKY COVER
  POSSIBLE SUNSHINE  MM
  AVERAGE SKY COVER 0.5


WEATHER CONDITIONS
 THE FOLLOWING WEATHER WAS RECORDED YESTERDAY.
  NO SIGNIFICANT WEATHER WAS OBSERVED.


RELATIVE HUMIDITY (PERCENT)
 HIGHEST    89           700 AM
 LOWEST     46           200 PM
 AVERAGE    68

..........................................................


THE BATON ROUGE  ASOS CLIMATE NORMALS FOR TODAY
                         NORMAL    RECORD    YEAR
 MAXIMUM TEMPERATURE (F)   63        85      1903
 MINIMUM TEMPERATURE (F)   42        11      1983


SUNRISE AND SUNSET
DECEMBER 25 2014......SUNRISE   659 AM CST   SUNSET   510 PM CST
DECEMBER 26 2014......SUNRISE   700 AM CST   SUNSET   511 PM CST


-  INDICATES NEGATIVE NUMBERS.
R  INDICATES RECORD WAS SET OR TIED.
MM INDICATES DATA IS MISSING.
T  INDICATES TRACE AMOUNT.




$$
