000
CDUS41 KBTV 220526
CLIBTV


CLIMATE REPORT
NATIONAL WEATHER SERVICE BURLINGTON VT
124 AM EDT SUN OCT 22 2017


...................................

...THE BURLINGTON VT CLIMATE SUMMARY FOR OCTOBER 21 2017...

CLIMATE NORMAL PERIOD 1981 TO 2010
CLIMATE RECORD PERIOD 1884 TO 2017


WEATHER ITEM   OBSERVED TIME   RECORD YEAR NORMAL DEPARTURE LAST
                VALUE   (LST)  VALUE       VALUE  FROM      YEAR
                                                  NORMAL
..................................................................
TEMPERATURE (F)
 YESTERDAY
  MAXIMUM         73    304 PM  76    1995  55     18       64
  MINIMUM         44    632 AM  20    1972  37      7       49
  AVERAGE         59                        46     13       57

PRECIPITATION (IN)
  YESTERDAY        0.00          2.10 1885   0.11  -0.11     0.35
  MONTH TO DATE    1.47                      2.49  -1.02     0.82
  SINCE SEP 1      4.26                      6.13  -1.87     2.21
  SINCE JAN 1     33.96                     30.20   3.76    21.41

SNOWFALL (IN)
  YESTERDAY        0.0           3.6  1926   0.0    0.0      0.0
  MONTH TO DATE    0.0                       0.1   -0.1      0.0
  SINCE SEP 1      0.0                       0.1   -0.1      0.0
  SINCE JUL 1      0.0                       0.1   -0.1      0.0
  SNOW DEPTH       0

DEGREE DAYS
 HEATING
  YESTERDAY        6                        19    -13        8
  MONTH TO DATE  140                       319   -179      175
  SINCE SEP 1    226                       494   -268      254
  SINCE JUL 1    249                       536   -287      259

 COOLING
  YESTERDAY        0                         0      0        0
  MONTH TO DATE   13                         0     13        3
  SINCE SEP 1    127                        41     86      111
  SINCE JAN 1    644                       489    155      855
..................................................................


WIND (MPH)
  HIGHEST WIND SPEED    14   HIGHEST WIND DIRECTION     S (190)
  HIGHEST GUST SPEED    17   HIGHEST GUST DIRECTION     S (190)
  AVERAGE WIND SPEED     3.3


SKY COVER
  POSSIBLE SUNSHINE  MM
  AVERAGE SKY COVER 0.3


WEATHER CONDITIONS
 THE FOLLOWING WEATHER WAS RECORDED YESTERDAY.
  NO SIGNIFICANT WEATHER WAS OBSERVED.


RELATIVE HUMIDITY (PERCENT)
 HIGHEST    83          1200 AM
 LOWEST     32          1100 AM
 AVERAGE    58

..........................................................


THE BURLINGTON VT CLIMATE NORMALS FOR TODAY
                         NORMAL    RECORD    YEAR
 MAXIMUM TEMPERATURE (F)   55        81      1979
 MINIMUM TEMPERATURE (F)   37        23      1959


SUNRISE AND SUNSET
OCTOBER 22 2017.......SUNRISE   717 AM EDT   SUNSET   556 PM EDT
OCTOBER 23 2017.......SUNRISE   718 AM EDT   SUNSET   555 PM EDT


-  INDICATES NEGATIVE NUMBERS.
R  INDICATES RECORD WAS SET OR TIED.
MM INDICATES DATA IS MISSING.
T  INDICATES TRACE AMOUNT.

&&

LAKE CHAMPLAIN DATA:
LEVEL...............94.36 FEET
TEMPERATURE.........55 DEGREES

MOUNT MANSFIELD DATA:
HIGH................59 DEGREES
LOW.................43 DEGREES
PRECIPITATION.......NONE

$$
