000
CDUS41 KBTV 010616
CLIBTV


CLIMATE REPORT
NATIONAL WEATHER SERVICE BURLINGTON VT
114 AM EST WED MAR 1 2017


...................................

...THE BURLINGTON VT CLIMATE SUMMARY FOR FEBRUARY 28 2017...

CLIMATE NORMAL PERIOD 1981 TO 2010
CLIMATE RECORD PERIOD 1884 TO 2017


WEATHER ITEM   OBSERVED TIME   RECORD YEAR NORMAL DEPARTURE LAST
                VALUE   (LST)  VALUE       VALUE  FROM      YEAR
                                                  NORMAL
..................................................................
TEMPERATURE (F)
 YESTERDAY
  MAXIMUM         52    327 PM  55    1903  34     18       38
  MINIMUM         29    658 AM -17    1920  16     13       21
  AVERAGE         41                        25     16       30

PRECIPITATION (IN)
  YESTERDAY        0.00          0.92 1984   0.07  -0.07      T
  MONTH TO DATE    2.67                      1.76   0.91     3.14
  SINCE DEC 1      7.02                      6.20   0.82     8.77
  SINCE JAN 1      4.67                      3.82   0.85     4.33

SNOWFALL (IN)
  YESTERDAY        0.0           5.8  1948   0.6   -0.6       T
  MONTH TO DATE   30.6                      16.4   14.2      8.6
  SINCE DEC 1     54.9                      55.4   -0.5     28.8
  SINCE JUL 1     59.2                      60.8   -1.6     29.0
  SNOW DEPTH       0

DEGREE DAYS
 HEATING
  YESTERDAY       24                        40    -16       35
  MONTH TO DATE  976                      1217   -241     1088
  SINCE DEC 1   3173                      3865   -692     3117
  SINCE JUL 1   4378                      5410  -1032     4356

 COOLING
  YESTERDAY        0                         0      0        0
  MONTH TO DATE    0                         0      0        0
  SINCE DEC 1      0                         0      0        0
  SINCE JAN 1      0                         0      0        0
..................................................................


WIND (MPH)
  HIGHEST WIND SPEED    14   HIGHEST WIND DIRECTION     S (200)
  HIGHEST GUST SPEED    21   HIGHEST GUST DIRECTION    SW (210)
  AVERAGE WIND SPEED     4.3


SKY COVER
  POSSIBLE SUNSHINE  MM
  AVERAGE SKY COVER 0.6


WEATHER CONDITIONS
 THE FOLLOWING WEATHER WAS RECORDED YESTERDAY.
  NO SIGNIFICANT WEATHER WAS OBSERVED.


RELATIVE HUMIDITY (PERCENT)
 HIGHEST    85           400 AM
 LOWEST     39          1200 PM
 AVERAGE    62

..........................................................


THE BURLINGTON VT CLIMATE NORMALS FOR TODAY
                         NORMAL    RECORD    YEAR
 MAXIMUM TEMPERATURE (F)   34        59      1954
 MINIMUM TEMPERATURE (F)   16       -14      1948


SUNRISE AND SUNSET
MARCH  1 2017.........SUNRISE   630 AM EST   SUNSET   541 PM EST
MARCH  2 2017.........SUNRISE   628 AM EST   SUNSET   542 PM EST


-  INDICATES NEGATIVE NUMBERS.
R  INDICATES RECORD WAS SET OR TIED.
MM INDICATES DATA IS MISSING.
T  INDICATES TRACE AMOUNT.







&&

LAKE CHAMPLAIN DATA:
LEVEL...............96.72 FEET
TEMPERATURE.........37 DEGREES

MOUNT MANSFIELD DATA:
HIGH................32 DEGREES
LOW.................10 DEGREES
PRECIPITATION.......NONE
NEW SNOW............NONE
SNOW AT STAKE.......65 INCHES

$$
