000
CDUS41 KBTV 300534
CLIBTV


CLIMATE REPORT
NATIONAL WEATHER SERVICE BURLINGTON VT
133 AM EDT TUE JUN 30 2015


...................................

...THE BURLINGTON VT CLIMATE SUMMARY FOR JUNE 29 2015...

CLIMATE NORMAL PERIOD 1981 TO 2010
CLIMATE RECORD PERIOD 1884 TO 2015


WEATHER ITEM   OBSERVED TIME   RECORD YEAR NORMAL DEPARTURE LAST
                VALUE   (LST)  VALUE       VALUE  FROM      YEAR
                                                  NORMAL
..................................................................
TEMPERATURE (F)
 YESTERDAY
  MAXIMUM         70    200 PM  96    1946  80    -10       88
                                      1944
  MINIMUM         55    251 AM  37    1919  59     -4       61
  AVERAGE         63                        69     -6       75

PRECIPITATION (IN)
  YESTERDAY        0.02          1.67 1922   0.13  -0.11     0.00
  MONTH TO DATE    8.64                      3.57   5.07     4.35
  SINCE JUN 1      8.64                      3.57   5.07     4.35
  SINCE JAN 1     17.48                     15.88   1.60    18.11

SNOWFALL (IN)
  YESTERDAY        0.0           0.0  2002   0.0    0.0      0.0
                                      2001
  MONTH TO DATE    0.0                       0.0    0.0      0.0
  SINCE JUN 1      0.0                       0.0    0.0      0.0
  SINCE JUL 1     83.4                      81.2    2.2     86.5
  SNOW DEPTH       0

DEGREE DAYS
 HEATING
  YESTERDAY        2                         1      1        0
  MONTH TO DATE   71                        72     -1       20
  SINCE JUN 1     71                        72     -1       20
  SINCE JUL 1   7507                      7433     74     7613

 COOLING
  YESTERDAY        0                         5     -5       10
  MONTH TO DATE   73                        92    -19      106
  SINCE JUN 1     73                        92    -19      106
  SINCE JAN 1    166                       111     55      128
..................................................................


WIND (MPH)
  HIGHEST WIND SPEED    12   HIGHEST WIND DIRECTION     S (200)
  HIGHEST GUST SPEED    14   HIGHEST GUST DIRECTION     S (200)
  AVERAGE WIND SPEED     4.0


SKY COVER
  POSSIBLE SUNSHINE  MM
  AVERAGE SKY COVER 0.8


WEATHER CONDITIONS
 THE FOLLOWING WEATHER WAS RECORDED YESTERDAY.
  LIGHT RAIN
  FOG


RELATIVE HUMIDITY (PERCENT)
 HIGHEST    93           400 AM
 LOWEST     59           300 PM
 AVERAGE    76

..........................................................


THE BURLINGTON VT CLIMATE NORMALS FOR TODAY
                         NORMAL    RECORD    YEAR
 MAXIMUM TEMPERATURE (F)   80        93      1964
                                             1946
 MINIMUM TEMPERATURE (F)   59        42      1936


SUNRISE AND SUNSET
JUNE 30 2015..........SUNRISE   511 AM EDT   SUNSET   841 PM EDT
JULY  1 2015..........SUNRISE   512 AM EDT   SUNSET   841 PM EDT


-  INDICATES NEGATIVE NUMBERS.
R  INDICATES RECORD WAS SET OR TIED.
MM INDICATES DATA IS MISSING.
T  INDICATES TRACE AMOUNT.

&&

LAKE CHAMPLAIN DATA:
LEVEL...............98.46 FEET
TEMPERATURE.........64 DEGREES

MOUNT MANSFIELD DATA:
HIGH................49 DEGREES
LOW.................42 DEGREES
PRECIPITATION.......0.67 INCHES

$$
