415
CDUS41 KBTV 120526
CLIBTV


CLIMATE REPORT
NATIONAL WEATHER SERVICE BURLINGTON VT
1223 AM EST FRI FEB 12 2016


...................................

...THE BURLINGTON VT CLIMATE SUMMARY FOR FEBRUARY 11 2016...

CLIMATE NORMAL PERIOD 1981 TO 2010
CLIMATE RECORD PERIOD 1884 TO 2016


WEATHER ITEM   OBSERVED TIME   RECORD YEAR NORMAL DEPARTURE LAST
                VALUE   (LST)  VALUE       VALUE  FROM      YEAR
                                                  NORMAL
..................................................................
TEMPERATURE (F)
 YESTERDAY
  MAXIMUM         23    256 AM  58    1981  30     -7       20
  MINIMUM          3   1132 PM -27    1979  12     -9       -5
  AVERAGE         13                        21     -8        8

PRECIPITATION (IN)
  YESTERDAY        0.01          1.06 1955   0.06  -0.05     0.00
  MONTH TO DATE    0.37                      0.69  -0.32     0.78
  SINCE DEC 1      6.00                      5.13   0.87     4.92
  SINCE JAN 1      1.56                      2.75  -1.19     2.07

SNOWFALL (IN)
  YESTERDAY        0.8           8.6  1955   0.6    0.2      0.0
  MONTH TO DATE    4.0                       6.7   -2.7     14.2
  SINCE DEC 1     24.2                      45.7  -21.5     56.8
  SINCE JUL 1     24.4                      51.1  -26.7     67.4
  SNOW DEPTH       2

DEGREE DAYS
 HEATING
  YESTERDAY       52                        44      8       57
  MONTH TO DATE  380                       498   -118      623
  SINCE DEC 1   2409                      3147   -738     3216
  SINCE JUL 1   3648                      4692  -1044     4541

 COOLING
  YESTERDAY        0                         0      0        0
  MONTH TO DATE    0                         0      0        0
  SINCE DEC 1      0                         0      0        0
  SINCE JAN 1      0                         0      0        0
..................................................................


WIND (MPH)
  HIGHEST WIND SPEED    23   HIGHEST WIND DIRECTION    NW (320)
  HIGHEST GUST SPEED    30   HIGHEST GUST DIRECTION    NW (320)
  AVERAGE WIND SPEED    11.2


SKY COVER
  POSSIBLE SUNSHINE  MM
  AVERAGE SKY COVER 0.8


WEATHER CONDITIONS
 THE FOLLOWING WEATHER WAS RECORDED YESTERDAY.
  LIGHT SNOW
  FOG
  HAZE


RELATIVE HUMIDITY (PERCENT)
 HIGHEST    88           100 AM
 LOWEST     46           300 PM
 AVERAGE    67

..........................................................


THE BURLINGTON VT CLIMATE NORMALS FOR TODAY
                         NORMAL    RECORD    YEAR
 MAXIMUM TEMPERATURE (F)   30        56      1999
 MINIMUM TEMPERATURE (F)   12       -30      1979


SUNRISE AND SUNSET
FEBRUARY 12 2016......SUNRISE   658 AM EST   SUNSET   517 PM EST
FEBRUARY 13 2016......SUNRISE   656 AM EST   SUNSET   518 PM EST


-  INDICATES NEGATIVE NUMBERS.
R  INDICATES RECORD WAS SET OR TIED.
MM INDICATES DATA IS MISSING.
T  INDICATES TRACE AMOUNT.

&&

LAKE CHAMPLAIN DATA:
LEVEL...............96.01 FEET
TEMPERATURE.........37 DEGREES

MOUNT MANSFIELD DATA:
HIGH................20 DEGREES
LOW.................-4 DEGREES
PRECIPITATION.......0.17 INCHES
NEW SNOW............2.4 INCHES
SNOW AT STAKE.......24 INCHES

$$
