000
CDUS41 KBTV 230550
CLIBTV


CLIMATE REPORT
NATIONAL WEATHER SERVICE BURLINGTON VT
150 AM EDT WED APR 23 2014


...................................

...THE BURLINGTON VT CLIMATE SUMMARY FOR APRIL 22 2014...

CLIMATE NORMAL PERIOD 1981 TO 2010
CLIMATE RECORD PERIOD 1884 TO 2014


WEATHER ITEM   OBSERVED TIME   RECORD YEAR NORMAL DEPARTURE LAST
                VALUE   (LST)  VALUE       VALUE  FROM      YEAR
                                                  NORMAL
..................................................................
TEMPERATURE (F)
 YESTERDAY
  MAXIMUM         65   1210 PM  80    1973  58      7       59
                                      1885
  MINIMUM         48   1159 PM  21    1947  37     11       25
  AVERAGE         57                        48      9       42

PRECIPITATION (IN)
  YESTERDAY        0.11          0.91 1927   0.09   0.02     0.00
  MONTH TO DATE    2.70                      2.03   0.67     1.99
  SINCE MAR 1      4.58                      4.25   0.33     4.04
  SINCE JAN 1      8.86                      8.07   0.79     6.47

SNOWFALL (IN)
  YESTERDAY        0.0           0.2  2002   0.1   -0.1      0.0
  MONTH TO DATE    2.8                       4.0   -1.2      1.0
  SINCE MAR 1     28.2                      19.8    8.4     17.2
  SINCE JUL 1     86.5                      80.6    5.9     82.9
  SNOW DEPTH       0

DEGREE DAYS
 HEATING
  YESTERDAY        8                        17     -9       23
  MONTH TO DATE  449                       486    -37      501
  SINCE MAR 1   1771                      1540    231     1489
  SINCE JUL 1   7236                      6950    286     6367

 COOLING
  YESTERDAY        0                         0      0        0
  MONTH TO DATE    0                         0      0        0
  SINCE MAR 1      0                         0      0        0
  SINCE JAN 1      0                         0      0        0
..................................................................


WIND (MPH)
  HIGHEST WIND SPEED    18   HIGHEST WIND DIRECTION     S (160)
  HIGHEST GUST SPEED    27   HIGHEST GUST DIRECTION     S (190)
  AVERAGE WIND SPEED     8.3


SKY COVER
  POSSIBLE SUNSHINE  MM
  AVERAGE SKY COVER 0.9


WEATHER CONDITIONS
 THE FOLLOWING WEATHER WAS RECORDED YESTERDAY.
  LIGHT RAIN
  FOG


RELATIVE HUMIDITY (PERCENT)
 HIGHEST    89          1000 PM
 LOWEST     25           900 AM
 AVERAGE    57

..........................................................


THE BURLINGTON VT CLIMATE NORMALS FOR TODAY
                         NORMAL    RECORD    YEAR
 MAXIMUM TEMPERATURE (F)   59        85      1885
 MINIMUM TEMPERATURE (F)   38        23      1930


SUNRISE AND SUNSET
APRIL 23 2014.........SUNRISE   556 AM EDT   SUNSET   747 PM EDT
APRIL 24 2014.........SUNRISE   554 AM EDT   SUNSET   748 PM EDT


-  INDICATES NEGATIVE NUMBERS.
R  INDICATES RECORD WAS SET OR TIED.
MM INDICATES DATA IS MISSING.
T  INDICATES TRACE AMOUNT.

&&

LAKE CHAMPLAIN DATA:
LAKE LEVEL..........100.38 FEET
WATER TEMPERATURE...38 DEGREES

MOUNT MANSFIELD DATA:
HIGH TEMPERATURE...55 DEGREES
LOW TEMPERATURE....42 DEGREES
PRECIPITATION......0.15 INCHES
NEW SNOW...........NONE
SNOW AT STAKE......56 INCHES

$$
