000
CDUS41 KBTV 300708
CLIBTV


CLIMATE REPORT
NATIONAL WEATHER SERVICE BURLINGTON VT
306 AM EDT SAT JUL 30 2016


...................................

...THE BURLINGTON VT CLIMATE SUMMARY FOR JULY 29 2016...

CLIMATE NORMAL PERIOD 1981 TO 2010
CLIMATE RECORD PERIOD 1884 TO 2016


WEATHER ITEM   OBSERVED TIME   RECORD YEAR NORMAL DEPARTURE LAST
                VALUE   (LST)  VALUE       VALUE  FROM      YEAR
                                                  NORMAL
..................................................................
TEMPERATURE (F)
 YESTERDAY
  MAXIMUM         84    141 PM  98    1949  81      3       93
  MINIMUM         66   1159 PM  45    1987  60      6       67
  AVERAGE         75                        71      4       80

PRECIPITATION (IN)
  YESTERDAY        0.00          1.91 1892   0.14  -0.14     0.11
  MONTH TO DATE    3.05                      3.89  -0.84     4.59
  SINCE JUN 1      6.10                      7.58  -1.48    13.26
  SINCE JAN 1     16.95                     19.89  -2.94    22.10

SNOWFALL (IN)
  YESTERDAY        0.0           0.0  2002   0.0    0.0      0.0
                                      2001
  MONTH TO DATE    0.0                       0.0    0.0      0.0
  SINCE JUN 1      0.0                       0.0    0.0      0.0
  SINCE JUL 1      0.0                       0.0    0.0      0.0
  SNOW DEPTH       0

DEGREE DAYS
 HEATING
  YESTERDAY        0                         0      0        0
  MONTH TO DATE    3                         8     -5        5
  SINCE JUN 1     51                        81    -30       76
  SINCE JUL 1      3                         8     -5        5

 COOLING
  YESTERDAY       10                         6      4       15
  MONTH TO DATE  246                       174     72      199
  SINCE JUN 1    379                       271    108      274
  SINCE JAN 1    451                       290    161      367
..................................................................


WIND (MPH)
  HIGHEST WIND SPEED    20   HIGHEST WIND DIRECTION    NW (330)
  HIGHEST GUST SPEED    22   HIGHEST GUST DIRECTION    NW (330)
  AVERAGE WIND SPEED     6.4


SKY COVER
  POSSIBLE SUNSHINE  MM
  AVERAGE SKY COVER 0.6


WEATHER CONDITIONS
 THE FOLLOWING WEATHER WAS RECORDED YESTERDAY.
  NO SIGNIFICANT WEATHER WAS OBSERVED.


RELATIVE HUMIDITY (PERCENT)
 HIGHEST    90          1200 AM
 LOWEST     40           200 PM
 AVERAGE    65

..........................................................


THE BURLINGTON VT CLIMATE NORMALS FOR TODAY
                         NORMAL    RECORD    YEAR
 MAXIMUM TEMPERATURE (F)   81        96      1959
 MINIMUM TEMPERATURE (F)   60        45      1968
                                             1952


SUNRISE AND SUNSET
JULY 30 2016..........SUNRISE   538 AM EDT   SUNSET   820 PM EDT
JULY 31 2016..........SUNRISE   539 AM EDT   SUNSET   818 PM EDT


-  INDICATES NEGATIVE NUMBERS.
R  INDICATES RECORD WAS SET OR TIED.
MM INDICATES DATA IS MISSING.
T  INDICATES TRACE AMOUNT.







&&

LAKE CHAMPLAIN DATA:
LEVEL...............94.72 FEET
TEMPERATURE.........74 DEGREES

MOUNT MANSFIELD DATA:
HIGH................68 DEGREES
LOW.................58 DEGREES
PRECIPITATION.......NONE

$$
