000
CDUS41 KBTV 140523
CLIBTV


CLIMATE REPORT
NATIONAL WEATHER SERVICE BURLINGTON VT
121 AM EDT MON JUL 14 2014


...................................

...THE BURLINGTON VT CLIMATE SUMMARY FOR JULY 13 2014...

CLIMATE NORMAL PERIOD 1981 TO 2010
CLIMATE RECORD PERIOD 1884 TO 2014


WEATHER ITEM   OBSERVED TIME   RECORD YEAR NORMAL DEPARTURE LAST
                VALUE   (LST)  VALUE       VALUE  FROM      YEAR
                                                  NORMAL
..................................................................
TEMPERATURE (F)
 YESTERDAY
  MAXIMUM         78    105 PM  96    1995  81     -3       83
  MINIMUM         72   1159 PM  45    1940  61     11       61
  AVERAGE         75                        71      4       72

PRECIPITATION (IN)
  YESTERDAY        T             1.27 1934   0.13  -0.13     0.00
  MONTH TO DATE    2.07                      1.73   0.34     3.29
  SINCE JUN 1      6.42                      5.42   1.00    13.15
  SINCE JAN 1     20.18                     17.73   2.45    28.42

SNOWFALL (IN)
  YESTERDAY        0.0           0.0  2002   0.0    0.0      0.0
                                      2001
  MONTH TO DATE    0.0                       0.0    0.0      0.0
  SINCE JUN 1      0.0                       0.0    0.0      0.0
  SINCE JUL 1      0.0                       0.0    0.0      0.0
  SNOW DEPTH       0

DEGREE DAYS
 HEATING
  YESTERDAY        0                         0      0        0
  MONTH TO DATE    0                         8     -8        0
  SINCE JUN 1     20                        81    -61       65
  SINCE JUL 1      0                         8     -8        0

 COOLING
  YESTERDAY       10                         6      4        7
  MONTH TO DATE  114                        78     36      123
  SINCE JUN 1    234                       175     59      238
  SINCE JAN 1    256                       194     62      285
..................................................................


WIND (MPH)
  HIGHEST WIND SPEED    23   HIGHEST WIND DIRECTION     S (180)
  HIGHEST GUST SPEED    34   HIGHEST GUST DIRECTION     S (180)
  AVERAGE WIND SPEED    14.7


SKY COVER
  POSSIBLE SUNSHINE  MM
  AVERAGE SKY COVER 0.7


WEATHER CONDITIONS
 THE FOLLOWING WEATHER WAS RECORDED YESTERDAY.
  LIGHT RAIN
  FOG


RELATIVE HUMIDITY (PERCENT)
 HIGHEST    87          1000 PM
 LOWEST     64           400 AM
 AVERAGE    76

..........................................................


THE BURLINGTON VT CLIMATE NORMALS FOR TODAY
                         NORMAL    RECORD    YEAR
 MAXIMUM TEMPERATURE (F)   81       100      1995
 MINIMUM TEMPERATURE (F)   61        48      1940


SUNRISE AND SUNSET
JULY 14 2014..........SUNRISE   521 AM EDT   SUNSET   835 PM EDT
JULY 15 2014..........SUNRISE   522 AM EDT   SUNSET   835 PM EDT


-  INDICATES NEGATIVE NUMBERS.
R  INDICATES RECORD WAS SET OR TIED.
MM INDICATES DATA IS MISSING.
T  INDICATES TRACE AMOUNT.







&&

LAKE CHAMPLAIN DATA:
LEVEL...............96.72 FEET
TEMPERATURE.........71 DEGREES

MOUNT MANSFIELD DATA:
HIGH................70 DEGREES
LOW.................59 DEGREES
PRECIPITATION.......0.12 INCHES

$$
