000
CDUS41 KBTV 300541
CLIBTV


CLIMATE REPORT
NATIONAL WEATHER SERVICE BURLINGTON VT
135 AM EDT MON MAR 30 2015


...................................

...THE BURLINGTON VT CLIMATE SUMMARY FOR MARCH 29 2015...

CLIMATE NORMAL PERIOD 1981 TO 2010
CLIMATE RECORD PERIOD 1884 TO 2015


WEATHER ITEM   OBSERVED TIME   RECORD YEAR NORMAL DEPARTURE LAST
                VALUE   (LST)  VALUE       VALUE  FROM      YEAR
                                                  NORMAL
..................................................................
TEMPERATURE (F)
 YESTERDAY
  MAXIMUM         41    444 PM  84    1946  46     -5       42
  MINIMUM         13    550 AM  -8    1923  28    -15       33
  AVERAGE         27                        37    -10       38

PRECIPITATION (IN)
  YESTERDAY        0.00          0.82 1888   0.08  -0.08     0.10
  MONTH TO DATE    0.90                      2.07  -1.17     1.26
  SINCE MAR 1      0.90                      2.07  -1.17     1.26
  SINCE JAN 1      3.28                      5.89  -2.61     5.54

SNOWFALL (IN)
  YESTERDAY        0.0           7.0  1954   0.3   -0.3       T
  MONTH TO DATE    4.4                      15.2  -10.8     25.4
  SINCE MAR 1      4.4                      15.2  -10.8     25.4
  SINCE JUL 1     80.3                      76.0    4.3     83.7
  SNOW DEPTH       0

DEGREE DAYS
 HEATING
  YESTERDAY       38                        28     10       27
  MONTH TO DATE 1131                       998    133     1260
  SINCE MAR 1   1131                       998    133     1260
  SINCE JUL 1   6648                      6408    240     6725

 COOLING
  YESTERDAY        0                         0      0        0
  MONTH TO DATE    0                         0      0        0
  SINCE MAR 1      0                         0      0        0
  SINCE JAN 1      0                         0      0        0
..................................................................


WIND (MPH)
  HIGHEST WIND SPEED    18   HIGHEST WIND DIRECTION     S (180)
  HIGHEST GUST SPEED    26   HIGHEST GUST DIRECTION     S (190)
  AVERAGE WIND SPEED     6.8


SKY COVER
  POSSIBLE SUNSHINE  MM
  AVERAGE SKY COVER 0.1


WEATHER CONDITIONS
 THE FOLLOWING WEATHER WAS RECORDED YESTERDAY.
  NO SIGNIFICANT WEATHER WAS OBSERVED.


RELATIVE HUMIDITY (PERCENT)
 HIGHEST    80           400 AM
 LOWEST     21          1200 PM
 AVERAGE    51

..........................................................


THE BURLINGTON VT CLIMATE NORMALS FOR TODAY
                         NORMAL    RECORD    YEAR
 MAXIMUM TEMPERATURE (F)   46        80      1998
                                             1977
 MINIMUM TEMPERATURE (F)   28         6      1884


SUNRISE AND SUNSET
MARCH 30 2015.........SUNRISE   638 AM EDT   SUNSET   717 PM EDT
MARCH 31 2015.........SUNRISE   636 AM EDT   SUNSET   718 PM EDT


-  INDICATES NEGATIVE NUMBERS.
R  INDICATES RECORD WAS SET OR TIED.
MM INDICATES DATA IS MISSING.
T  INDICATES TRACE AMOUNT.


&&

LAKE CHAMPLAIN DATA:
LEVEL...............94.70 FEET
TEMPERATURE.........36 DEGREES

MOUNT MANSFIELD DATA:
HIGH................14 DEGREES
LOW.................3 DEGREES
PRECIPITATION.......NONE
NEW SNOW............NONE
SNOW AT STAKE.......87 INCHES

$$
