000
CDUS46 KLOX 220140
CLIBUR


CLIMATE REPORT
NATIONAL WEATHER SERVICE LOS ANGELES/OXNARD CA
640 PM PDT MON AUG 21 2017


...................................

...THE BOB HOPE AIRPORT (BURBANK) CA CLIMATE SUMMARY FOR AUGUST 21 2017...
VALID TODAY AS OF 0600 PM LOCAL TIME.

CLIMATE NORMAL PERIOD 1981 TO 2010
CLIMATE RECORD PERIOD 1939 TO 2017


WEATHER ITEM   OBSERVED TIME   RECORD YEAR NORMAL DEPARTURE LAST
                VALUE   (LST)  VALUE       VALUE  FROM      YEAR
                                                  NORMAL
..................................................................
TEMPERATURE (F)
 TODAY
  MAXIMUM         83    215 PM 109    1969  88     -5       90
  MINIMUM         65    512 AM  53    1979  62      3       65
  AVERAGE         74                        75     -1       78

PRECIPITATION (IN)
  TODAY            0.00          T    1954   0.00   0.00     0.00
                                      1940
  MONTH TO DATE    T                         0.05  -0.05     0.00
  SINCE OCT 1     13.83                     17.06  -3.23     7.66
  SINCE JAN 1      9.57                     12.62  -3.05     6.56

SNOWFALL (IN)
  TODAY            0.0
  MONTH TO DATE    0.0
  SINCE JUN 1      0.0
  SINCE JUL 1      0.0

DEGREE DAYS
 HEATING
  TODAY            0                         0      0        0
  MONTH TO DATE    0                         0      0        0
  SINCE JUN 1      4                        13     -9        2
  SINCE JUL 1      0                         0      0        0

 COOLING
  TODAY            9                        10     -1       13
  MONTH TO DATE  254                       210     44      257
  SINCE JUN 1    923                       650    273      925
  SINCE JAN 1   1168                       774    394     1102
..................................................................


WIND (MPH)
  HIGHEST WIND SPEED    12   HIGHEST WIND DIRECTION     S (170)
  HIGHEST GUST SPEED    15   HIGHEST GUST DIRECTION     S (190)
  AVERAGE WIND SPEED     4.5


SKY COVER
  POSSIBLE SUNSHINE  MM
  AVERAGE SKY COVER 0.5


WEATHER CONDITIONS
 THE FOLLOWING WEATHER WAS RECORDED TODAY.
  HAZE


RELATIVE HUMIDITY (PERCENT)
 HIGHEST    78          1200 AM
 LOWEST     42           400 PM
 AVERAGE    60

..........................................................


THE BOB HOPE AIRPORT (BURBANK) CA CLIMATE NORMALS FOR TOMORROW
                         NORMAL    RECORD    YEAR
 MAXIMUM TEMPERATURE (F)   88       105      1972
                                             1969
 MINIMUM TEMPERATURE (F)   62        52      1974
                                             1947


SUNRISE AND SUNSET
AUGUST 21 2017........SUNRISE   619 AM PDT   SUNSET   733 PM PDT
AUGUST 22 2017........SUNRISE   620 AM PDT   SUNSET   732 PM PDT


-  INDICATES NEGATIVE NUMBERS.
R  INDICATES RECORD WAS SET OR TIED.
MM INDICATES DATA IS MISSING.
T  INDICATES TRACE AMOUNT.




$$
