780
CDUS46 KLOX 030115
CLIBUR


CLIMATE REPORT
NATIONAL WEATHER SERVICE LOS ANGELES/OXNARD CA
615 PM PDT MON MAY 2 2016


...................................

...THE BOB HOPE AIRPORT (BURBANK) CA CLIMATE SUMMARY FOR MAY 2 2016...
VALID TODAY AS OF 0600 PM LOCAL TIME.

CLIMATE NORMAL PERIOD 1981 TO 2010
CLIMATE RECORD PERIOD 1939 TO 2016


WEATHER ITEM   OBSERVED TIME   RECORD YEAR NORMAL DEPARTURE LAST
                VALUE   (LST)  VALUE       VALUE  FROM      YEAR
                                                  NORMAL
..................................................................
TEMPERATURE (F)
 TODAY
  MAXIMUM         82    300 PM 101    1947  75      7       87
  MINIMUM         54    522 AM  42    1942  53      1       59
  AVERAGE         68                        64      4       73

PRECIPITATION (IN)
  TODAY            0.00          0.23 2003   0.03  -0.03     0.00
  MONTH TO DATE    0.00                      0.05  -0.05     0.00
  SINCE OCT 1      7.64                     16.58  -8.94     7.28
  SINCE JAN 1      6.54                     12.14  -5.60     2.78

SNOWFALL (IN)
  TODAY            0.0
  MONTH TO DATE    0.0
  SINCE MAR 1      0.0
  SINCE JUL 1      0.0

DEGREE DAYS
 HEATING
  TODAY            0                         3     -3        0
  MONTH TO DATE    2                         6     -4        0
  SINCE MAR 1    174                       362   -188      112
  SINCE JUL 1   1081                      1503   -422      669

 COOLING
  TODAY            3                         2      1        8
  MONTH TO DATE    3                         4     -1       20
  SINCE MAR 1     92                        49     43      215
  SINCE JAN 1    147                        55     92      241
..................................................................


WIND (MPH)
  HIGHEST WIND SPEED    13   HIGHEST WIND DIRECTION    SE (140)
  HIGHEST GUST SPEED    23   HIGHEST GUST DIRECTION    SW (220)
  AVERAGE WIND SPEED     3.5


SKY COVER
  POSSIBLE SUNSHINE  MM
  AVERAGE SKY COVER 0.1


WEATHER CONDITIONS
 THE FOLLOWING WEATHER WAS RECORDED TODAY.
  NO SIGNIFICANT WEATHER WAS OBSERVED.


RELATIVE HUMIDITY (PERCENT)
 HIGHEST    86           400 AM
 LOWEST     25           300 PM
 AVERAGE    56

..........................................................


THE BOB HOPE AIRPORT (BURBANK) CA CLIMATE NORMALS FOR TOMORROW
                         NORMAL    RECORD    YEAR
 MAXIMUM TEMPERATURE (F)   75       102      2004
 MINIMUM TEMPERATURE (F)   53        42      1964


SUNRISE AND SUNSET
MAY  2 2016...........SUNRISE   602 AM PDT   SUNSET   739 PM PDT
MAY  3 2016...........SUNRISE   601 AM PDT   SUNSET   740 PM PDT


-  INDICATES NEGATIVE NUMBERS.
R  INDICATES RECORD WAS SET OR TIED.
MM INDICATES DATA IS MISSING.
T  INDICATES TRACE AMOUNT.




$$
