000
CDUS46 KLOX 130912
CLIBUR


CLIMATE REPORT
NATIONAL WEATHER SERVICE LOS ANGELES/OXNARD CA
112 AM PST SAT FEB 13 2016


...................................

...THE BOB HOPE AIRPORT (BURBANK) CA CLIMATE SUMMARY FOR FEBRUARY 12 2016...

CLIMATE NORMAL PERIOD 1981 TO 2010
CLIMATE RECORD PERIOD 1939 TO 2016


WEATHER ITEM   OBSERVED TIME   RECORD YEAR NORMAL DEPARTURE LAST
                VALUE   (LST)  VALUE       VALUE  FROM      YEAR
                                                  NORMAL
..................................................................
TEMPERATURE (F)
 YESTERDAY
  MAXIMUM         86    301 PM  89    1971  68     18       84
  MINIMUM         51    657 AM  29    1978  44      7       52
  AVERAGE         69                        56     13       68

PRECIPITATION (IN)
  YESTERDAY        0.00          4.16 2003   0.16  -0.16     0.00
  MONTH TO DATE    T                         1.79  -1.79     0.01
  SINCE OCT 1      4.84                      9.76  -4.92     5.62
  SINCE JAN 1      3.74                      5.32  -1.58     1.12

SNOWFALL (IN)
  YESTERDAY        0.0
  MONTH TO DATE    0.0
  SINCE DEC 1      0.0
  SINCE JUL 1      0.0

DEGREE DAYS
 HEATING
  YESTERDAY        0                         9     -9        0
  MONTH TO DATE   65                       118    -53       22
  SINCE DEC 1    705                       773    -68      429
  SINCE JUL 1    881                      1001   -120      489

 COOLING
  YESTERDAY        4                         0      4        3
  MONTH TO DATE   27                         0     27       11
  SINCE DEC 1     31                         3     28       20
  SINCE JAN 1     27                         2     25       17
..................................................................


WIND (MPH)
  HIGHEST WIND SPEED    12   HIGHEST WIND DIRECTION     S (160)
  HIGHEST GUST SPEED    13   HIGHEST GUST DIRECTION     S (170)
  AVERAGE WIND SPEED     1.2


SKY COVER
  POSSIBLE SUNSHINE  MM
  AVERAGE SKY COVER 0.0


WEATHER CONDITIONS
 THE FOLLOWING WEATHER WAS RECORDED YESTERDAY.
  NO SIGNIFICANT WEATHER WAS OBSERVED.


RELATIVE HUMIDITY (PERCENT)
 HIGHEST    50           400 AM
 LOWEST     13           200 PM
 AVERAGE    32

..........................................................


THE BOB HOPE AIRPORT (BURBANK) CA CLIMATE NORMALS FOR TODAY
                         NORMAL    RECORD    YEAR
 MAXIMUM TEMPERATURE (F)   68        88      1957
 MINIMUM TEMPERATURE (F)   44        11      2013


SUNRISE AND SUNSET
FEBRUARY 13 2016......SUNRISE   641 AM PST   SUNSET   535 PM PST
FEBRUARY 14 2016......SUNRISE   640 AM PST   SUNSET   536 PM PST


-  INDICATES NEGATIVE NUMBERS.
R  INDICATES RECORD WAS SET OR TIED.
MM INDICATES DATA IS MISSING.
T  INDICATES TRACE AMOUNT.




$$
