000
CDUS46 KLOX 150111
CLIBUR


CLIMATE REPORT
NATIONAL WEATHER SERVICE LOS ANGELES/OXNARD CA
511 PM PST THU DEC 14 2017


...................................

...THE BOB HOPE AIRPORT (BURBANK) CA CLIMATE SUMMARY FOR DECEMBER 14 2017...
VALID TODAY AS OF 0500 PM LOCAL TIME.

CLIMATE NORMAL PERIOD 1981 TO 2010
CLIMATE RECORD PERIOD 1939 TO 2017


WEATHER ITEM   OBSERVED TIME   RECORD YEAR NORMAL DEPARTURE LAST
                VALUE   (LST)  VALUE       VALUE  FROM      YEAR
                                                  NORMAL
..................................................................
TEMPERATURE (F)
 TODAY
  MAXIMUM         79    404 PM  84    1953  67     12       71
  MINIMUM         45    506 AM  30    1972  41      4       47
  AVERAGE         62                        54      8       59

PRECIPITATION (IN)
  TODAY            0.00          0.29 1965   0.08  -0.08     0.00
  MONTH TO DATE    0.00                      0.87  -0.87     0.00
  SINCE OCT 1      0.08                      2.91  -2.83     1.34
  SINCE JAN 1      9.70                     15.78  -6.08     7.90

SNOWFALL (IN)
  TODAY            0.0
  MONTH TO DATE    0.0
  SINCE DEC 1      0.0
  SINCE JUL 1      0.0

DEGREE DAYS
 HEATING
  TODAY            3                        11     -8        6
  MONTH TO DATE   15                       148   -133      111
  SINCE DEC 1     15                       148   -133      111
  SINCE JUL 1     54                       376   -322      229

 COOLING
  TODAY            0                         0      0        0
  MONTH TO DATE    7                         0      7        0
  SINCE DEC 1      7                         0      7        0
  SINCE JAN 1   1939                      1245    694     1730
..................................................................


WIND (MPH)
  HIGHEST WIND SPEED    14   HIGHEST WIND DIRECTION    SE (130)
  HIGHEST GUST SPEED    22   HIGHEST GUST DIRECTION    SE (120)
  AVERAGE WIND SPEED     4.5


SKY COVER
  POSSIBLE SUNSHINE  MM
  AVERAGE SKY COVER 0.0


WEATHER CONDITIONS
 THE FOLLOWING WEATHER WAS RECORDED TODAY.
  NO SIGNIFICANT WEATHER WAS OBSERVED.


RELATIVE HUMIDITY (PERCENT)
 HIGHEST    40           400 AM
 LOWEST     10           300 PM
 AVERAGE    25

..........................................................


THE BOB HOPE AIRPORT (BURBANK) CA CLIMATE NORMALS FOR TOMORROW
                         NORMAL    RECORD    YEAR
 MAXIMUM TEMPERATURE (F)   67        84      1942
                                             1939
 MINIMUM TEMPERATURE (F)   41        28      1975


SUNRISE AND SUNSET
DECEMBER 14 2017......SUNRISE   652 AM PST   SUNSET   445 PM PST
DECEMBER 15 2017......SUNRISE   652 AM PST   SUNSET   445 PM PST


-  INDICATES NEGATIVE NUMBERS.
R  INDICATES RECORD WAS SET OR TIED.
MM INDICATES DATA IS MISSING.
T  INDICATES TRACE AMOUNT.




$$
