000
CDUS46 KLOX 180902
CLIBUR


CLIMATE REPORT
NATIONAL WEATHER SERVICE LOS ANGELES/OXNARD CA
202 AM PDT FRI APR 18 2014


...................................

...THE BOB HOPE AIRPORT (BURBANK) CA CLIMATE SUMMARY FOR APRIL 17 2014...

CLIMATE NORMAL PERIOD 1981 TO 2010
CLIMATE RECORD PERIOD 1939 TO 2014


WEATHER ITEM   OBSERVED TIME   RECORD YEAR NORMAL DEPARTURE LAST
                VALUE   (LST)  VALUE       VALUE  FROM      YEAR
                                                  NORMAL
..................................................................
TEMPERATURE (F)
 YESTERDAY
  MAXIMUM         71    313 PM  93    1980  73     -2       76
  MINIMUM         56    628 AM  37    1976  50      6       55
  AVERAGE         64                        62      2       66

PRECIPITATION (IN)
  YESTERDAY        0.00          1.57 2000   0.03  -0.03     0.00
  MONTH TO DATE    0.04                      0.74  -0.70      T
  SINCE JUL 1      5.34                     16.48 -11.14     4.70
  SINCE JAN 1      4.91                     11.72  -6.81     1.90

SNOWFALL (IN)
  YESTERDAY        0.0
  MONTH TO DATE    0.0
  SINCE MAR 1      0.0
  SINCE JUL 1      0.0

DEGREE DAYS
 HEATING
  YESTERDAY        1                         4     -3        0
  MONTH TO DATE   54                        91    -37       18
  SINCE MAR 1    142                       309   -167       87
  SINCE JUL 1    619                      1450   -831     1098

 COOLING
  YESTERDAY        0                         1     -1        1
  MONTH TO DATE   42                        17     25       26
  SINCE MAR 1     62                        27     35       74
  SINCE JAN 1    122                        33     89       76
..................................................................


WIND (MPH)
  HIGHEST WIND SPEED    14   HIGHEST WIND DIRECTION     S (180)
  HIGHEST GUST SPEED    17   HIGHEST GUST DIRECTION     S (180)
  AVERAGE WIND SPEED     6.9


SKY COVER
  POSSIBLE SUNSHINE  MM
  AVERAGE SKY COVER 0.5


WEATHER CONDITIONS
 THE FOLLOWING WEATHER WAS RECORDED YESTERDAY.
  FOG
  HAZE


RELATIVE HUMIDITY (PERCENT)
 HIGHEST    86           200 AM
 LOWEST     53          1200 PM
 AVERAGE    70

..........................................................


THE BOB HOPE AIRPORT (BURBANK) CA CLIMATE NORMALS FOR TODAY
                         NORMAL    RECORD    YEAR
 MAXIMUM TEMPERATURE (F)   74        92      1980
 MINIMUM TEMPERATURE (F)   50        39      1976


SUNRISE AND SUNSET
APRIL 18 2014.........SUNRISE   619 AM PDT   SUNSET   727 PM PDT
APRIL 19 2014.........SUNRISE   617 AM PDT   SUNSET   728 PM PDT


-  INDICATES NEGATIVE NUMBERS.
R  INDICATES RECORD WAS SET OR TIED.
MM INDICATES DATA IS MISSING.
T  INDICATES TRACE AMOUNT.




$$
