000
CDUS43 KLMK 290627
CLIBWG


CLIMATE REPORT
NATIONAL WEATHER SERVICE LOUISVILLE KY
126 AM EST MON DEC 29 2014


...................................

...THE BOWLING GREEN KY CLIMATE SUMMARY FOR DECEMBER 28 2014...

CLIMATE NORMAL PERIOD 1981 TO 2010
CLIMATE RECORD PERIOD 1870 TO 2014


WEATHER ITEM   OBSERVED TIME   RECORD YEAR NORMAL DEPARTURE LAST
                VALUE   (LST)  VALUE       VALUE  FROM      YEAR
                                                  NORMAL
..................................................................
TEMPERATURE (F)
 YESTERDAY
  MAXIMUM         49    136 AM  69    1946  45      4       47
  MINIMUM         37   1159 PM  -1    1894  27     10       21
  AVERAGE         43                        36      7       34

PRECIPITATION (IN)
  YESTERDAY        0.04          1.25 1916   0.13  -0.09     0.14
  MONTH TO DATE    1.69                      4.40  -2.71     4.68
  SINCE DEC 1      1.69                      4.40  -2.71     4.68
  SINCE JAN 1     46.12                     49.49  -3.37    59.33

SNOWFALL (IN)
  YESTERDAY        0.0           3.0  1967   0.1   -0.1      0.0
  MONTH TO DATE    T                         1.0   -1.0      0.1
  SINCE DEC 1      T                         1.0   -1.0      0.1
  SINCE JUL 1      0.3                       1.0   -0.7      1.2
  SNOW DEPTH       0

DEGREE DAYS
 HEATING
  YESTERDAY       22                        29     -7       31
  MONTH TO DATE  619                       732   -113      712
  SINCE DEC 1    619                       732   -113      712
  SINCE JUL 1   1516                      1495     21     1592

 COOLING
  YESTERDAY        0                         0      0        0
  MONTH TO DATE    0                         0      0        2
  SINCE DEC 1      0                         0      0        2
  SINCE JAN 1   1488                      1491     -3     1501
..................................................................


WIND (MPH)
  HIGHEST WIND SPEED    14   HIGHEST WIND DIRECTION    NW (320)
  HIGHEST GUST SPEED    21   HIGHEST GUST DIRECTION    NW (320)
  AVERAGE WIND SPEED     4.8


SKY COVER
  POSSIBLE SUNSHINE  MM
  AVERAGE SKY COVER 0.9


WEATHER CONDITIONS
 THE FOLLOWING WEATHER WAS RECORDED YESTERDAY.
  LIGHT RAIN
  FOG


RELATIVE HUMIDITY (PERCENT)
 HIGHEST    93           200 AM
 LOWEST     79           100 PM
 AVERAGE    86

..........................................................


THE BOWLING GREEN KY CLIMATE NORMALS FOR TODAY
                         NORMAL    RECORD    YEAR
 MAXIMUM TEMPERATURE (F)   45        69      1907
 MINIMUM TEMPERATURE (F)   27        -5      1880


SUNRISE AND SUNSET
DECEMBER 29 2014......SUNRISE   658 AM CST   SUNSET   437 PM CST
DECEMBER 30 2014......SUNRISE   658 AM CST   SUNSET   438 PM CST


-  INDICATES NEGATIVE NUMBERS.
R  INDICATES RECORD WAS SET OR TIED.
MM INDICATES DATA IS MISSING.
T  INDICATES TRACE AMOUNT.




$$
