000
CDUS43 KLMK 240626
CLIBWG


CLIMATE REPORT
NATIONAL WEATHER SERVICE LOUISVILLE KY
226 AM EDT THU APR 24 2014


...................................

...THE BOWLING GREEN KY CLIMATE SUMMARY FOR APRIL 23 2014...

CLIMATE NORMAL PERIOD 1981 TO 2010
CLIMATE RECORD PERIOD 1870 TO 2014


WEATHER ITEM   OBSERVED TIME   RECORD YEAR NORMAL DEPARTURE LAST
                VALUE   (LST)  VALUE       VALUE  FROM      YEAR
                                                  NORMAL
..................................................................
TEMPERATURE (F)
 YESTERDAY
  MAXIMUM         68    423 PM  95    1925  72     -4       75
  MINIMUM         41    528 AM  29    1986  48     -7       46
  AVERAGE         55                        60     -5       61

PRECIPITATION (IN)
  YESTERDAY        0.00          1.80 1983   0.16  -0.16     0.00
  MONTH TO DATE    3.05                      3.22  -0.17     3.29
  SINCE MAR 1      6.78                      7.63  -0.85     8.50
  SINCE JAN 1     13.95                     15.20  -1.25    16.19

SNOWFALL (IN)
  YESTERDAY        0.0           0.0    MM   0.0    0.0      0.0
  MONTH TO DATE    T                         0.2   -0.2      0.0
  SINCE MAR 1      5.1                       1.3    3.8      2.5
  SINCE JUL 1     10.4                       9.1    1.3      3.8
  SNOW DEPTH       0

DEGREE DAYS
 HEATING
  YESTERDAY       10                         6      4        4
  MONTH TO DATE  175                       213    -38      192
  SINCE MAR 1    828                       733     95      869
  SINCE JUL 1   4437                      3931    506     3764

 COOLING
  YESTERDAY        0                         1     -1        0
  MONTH TO DATE   12                        22    -10       53
  SINCE MAR 1     12                        27    -15       53
  SINCE JAN 1     12                        27    -15       53
..................................................................


WIND (MPH)
  HIGHEST WIND SPEED    14   HIGHEST WIND DIRECTION    NE (50)
  HIGHEST GUST SPEED    18   HIGHEST GUST DIRECTION    NE (40)
  AVERAGE WIND SPEED     4.7


SKY COVER
  POSSIBLE SUNSHINE  MM
  AVERAGE SKY COVER 0.0


WEATHER CONDITIONS
 THE FOLLOWING WEATHER WAS RECORDED YESTERDAY.
  NO SIGNIFICANT WEATHER WAS OBSERVED.


RELATIVE HUMIDITY (PERCENT)
 HIGHEST    66          1200 AM
 LOWEST     20           200 PM
 AVERAGE    43

..........................................................


THE BOWLING GREEN KY CLIMATE NORMALS FOR TODAY
                         NORMAL    RECORD    YEAR
 MAXIMUM TEMPERATURE (F)   72        96      1925
 MINIMUM TEMPERATURE (F)   48        28      1887


SUNRISE AND SUNSET
APRIL 24 2014.........SUNRISE   600 AM CDT   SUNSET   728 PM CDT
APRIL 25 2014.........SUNRISE   559 AM CDT   SUNSET   729 PM CDT


-  INDICATES NEGATIVE NUMBERS.
R  INDICATES RECORD WAS SET OR TIED.
MM INDICATES DATA IS MISSING.
T  INDICATES TRACE AMOUNT.




$$
