000
CDUS43 KLMK 252031
CLIBWG


CLIMATE REPORT
NATIONAL WEATHER SERVICE LOUISVILLE KY
431 PM EDT SUN JUN 25 2017


...................................

...THE BOWLING GREEN CLIMATE SUMMARY FOR JUNE 25 2017...
VALID TODAY AS OF 0400 PM LOCAL TIME.

CLIMATE NORMAL PERIOD 1981 TO 2010
CLIMATE RECORD PERIOD 1870 TO 2017


WEATHER ITEM   OBSERVED TIME   RECORD YEAR NORMAL DEPARTURE LAST
                VALUE   (LST)  VALUE       VALUE  FROM      YEAR
                                                  NORMAL
..................................................................
TEMPERATURE (F)
 TODAY
  MAXIMUM         82    151 PM 104    1914  88     -6       92
  MINIMUM         56    431 AM  50    1979  66    -10       67
                                      1915
  AVERAGE         69                        77     -8       80

PRECIPITATION (IN)
  TODAY            0.00          1.48 1991   0.14  -0.14     0.00
  MONTH TO DATE    7.90                      3.55   4.35     2.38
  SINCE JUN 1      7.90                      3.55   4.35     2.38
  SINCE JAN 1     28.20                     25.48   2.72    21.55

SNOWFALL (IN)
  TODAY            0.0           0.0    MM   0.0    0.0      0.0
  MONTH TO DATE    0.0                       0.0    0.0      0.0
  SINCE JUN 1      0.0                       0.0    0.0      0.0
  SINCE JUL 1      0.7                       9.1   -8.4     24.0
  SNOW DEPTH       0

DEGREE DAYS
 HEATING
  TODAY            0                         0      0        0
  MONTH TO DATE    0                         3     -3        0
  SINCE JUN 1      0                         3     -3        0
  SINCE JUL 1   2989                      4046  -1057     3230

 COOLING
  TODAY            4                        12     -8       15
  MONTH TO DATE  241                       241      0      333
  SINCE JUN 1    241                       241      0      333
  SINCE JAN 1    490                       394     96      499
..................................................................


WIND (MPH)
  HIGHEST WIND SPEED    14   HIGHEST WIND DIRECTION     W (260)
  HIGHEST GUST SPEED    17   HIGHEST GUST DIRECTION     W (260)
  AVERAGE WIND SPEED     2.6


SKY COVER
  POSSIBLE SUNSHINE  MM
  AVERAGE SKY COVER 0.0


WEATHER CONDITIONS
 THE FOLLOWING WEATHER WAS RECORDED TODAY.
  NO SIGNIFICANT WEATHER WAS OBSERVED.


RELATIVE HUMIDITY (PERCENT)
 HIGHEST   100           300 AM
 LOWEST     33          1200 PM
 AVERAGE    67

..........................................................


THE BOWLING GREEN CLIMATE NORMALS FOR TOMORROW
                         NORMAL    RECORD    YEAR
 MAXIMUM TEMPERATURE (F)   88       105      1914
 MINIMUM TEMPERATURE (F)   67        51      1974


SUNRISE AND SUNSET
JUNE 25 2017..........SUNRISE   528 AM CDT   SUNSET   809 PM CDT
JUNE 26 2017..........SUNRISE   528 AM CDT   SUNSET   809 PM CDT


-  INDICATES NEGATIVE NUMBERS.
R  INDICATES RECORD WAS SET OR TIED.
MM INDICATES DATA IS MISSING.
T  INDICATES TRACE AMOUNT.




$$
