000
CDUS43 KLMK 012036
CLIBWG


CLIMATE REPORT
NATIONAL WEATHER SERVICE LOUISVILLE KY
435 PM EDT WED OCT 1 2014


...................................

...THE BOWLING GREEN CLIMATE SUMMARY FOR OCTOBER 1 2014...
VALID TODAY AS OF 0400 PM LOCAL TIME.

CLIMATE NORMAL PERIOD 1981 TO 2010
CLIMATE RECORD PERIOD 1870 TO 2014


WEATHER ITEM   OBSERVED TIME   RECORD YEAR NORMAL DEPARTURE LAST
                VALUE   (LST)  VALUE       VALUE  FROM      YEAR
                                                  NORMAL
..................................................................
TEMPERATURE (F)
 TODAY
  MAXIMUM         87    158 PM  93    1926  76     11       82
  MINIMUM         54    551 AM  32    1924  51      3       60
  AVERAGE         71                        64      7       71

PRECIPITATION (IN)
  TODAY            0.00          2.90 1915   0.11  -0.11     0.00
  MONTH TO DATE    0.00                      0.11  -0.11     0.00
  SINCE SEP 1      0.37                      4.04  -3.67     5.09
  SINCE JAN 1     36.53                     37.60  -1.07    47.79

SNOWFALL (IN)
  TODAY            0.0           0.0    MM   0.0    0.0      0.0
  MONTH TO DATE    0.0                       0.0    0.0      0.0
  SINCE SEP 1      0.0                       0.0    0.0      0.0
  SINCE JUL 1      0.0                       0.0    0.0      0.0
  SNOW DEPTH       0

DEGREE DAYS
 HEATING
  TODAY            0                         4     -4        0
  MONTH TO DATE    0                         4     -4        0
  SINCE SEP 1     24                        39    -15       12
  SINCE JUL 1     24                        40    -16       12

 COOLING
  TODAY            6                         3      3        6
  MONTH TO DATE    6                         3      3        6
  SINCE SEP 1    185                       189     -4      198
  SINCE JAN 1   1462                      1458      4     1458
..................................................................


WIND (MPH)
  HIGHEST WIND SPEED    10   HIGHEST WIND DIRECTION    SE (130)
  HIGHEST GUST SPEED    14   HIGHEST GUST DIRECTION    SE (130)
  AVERAGE WIND SPEED     2.2


SKY COVER
  POSSIBLE SUNSHINE  MM
  AVERAGE SKY COVER 0.1


WEATHER CONDITIONS
 THE FOLLOWING WEATHER WAS RECORDED TODAY.
  FOG
  FOG W/VISIBILITY <= 1/4 MILE


RELATIVE HUMIDITY (PERCENT)
 HIGHEST    93           300 AM
 LOWEST     30           200 PM
 AVERAGE    62

..........................................................


THE BOWLING GREEN CLIMATE NORMALS FOR TOMORROW
                         NORMAL    RECORD    YEAR
 MAXIMUM TEMPERATURE (F)   76        93      1919
 MINIMUM TEMPERATURE (F)   51        29      1886


SUNRISE AND SUNSET
OCTOBER  1 2014.......SUNRISE   641 AM CDT   SUNSET   629 PM CDT
OCTOBER  2 2014.......SUNRISE   642 AM CDT   SUNSET   628 PM CDT


-  INDICATES NEGATIVE NUMBERS.
R  INDICATES RECORD WAS SET OR TIED.
MM INDICATES DATA IS MISSING.
T  INDICATES TRACE AMOUNT.




$$
