667
CDUS43 KLMK 090632
CLIBWG


CLIMATE REPORT
NATIONAL WEATHER SERVICE LOUISVILLE KY
132 AM EST TUE FEB 9 2016


...................................

...THE BOWLING GREEN KY CLIMATE SUMMARY FOR FEBRUARY 8 2016...

CLIMATE NORMAL PERIOD 1981 TO 2010
CLIMATE RECORD PERIOD 1870 TO 2016


WEATHER ITEM   OBSERVED TIME   RECORD YEAR NORMAL DEPARTURE LAST
                VALUE   (LST)  VALUE       VALUE  FROM      YEAR
                                                  NORMAL
..................................................................
TEMPERATURE (F)
 YESTERDAY
  MAXIMUM         48   1242 AM  75    1937  48      0       58
  MINIMUM         24   1159 PM  -5    1895  28     -4       45
  AVERAGE         36                        38     -2       52

PRECIPITATION (IN)
  YESTERDAY        0.05          1.24 1982   0.15  -0.10     0.00
  MONTH TO DATE    1.82                      1.17   0.65     1.00
  SINCE DEC 1      8.86                      9.58  -0.72     4.57
  SINCE JAN 1      3.63                      4.78  -1.15     2.88

SNOWFALL (IN)
  YESTERDAY        1.3           5.3  1971   0.2    1.1      0.0
  MONTH TO DATE    1.3                       1.2    0.1       T
  SINCE DEC 1     16.1                       5.7   10.4      3.4
  SINCE JUL 1     16.1                       5.7   10.4      3.7
  SNOW DEPTH       0

DEGREE DAYS
 HEATING
  YESTERDAY       29                        27      2       13
  MONTH TO DATE  178                       220    -42      207
  SINCE DEC 1   1563                      1949   -386     1855
  SINCE JUL 1   2101                      2712   -611     2752

 COOLING
  YESTERDAY        0                         0      0        0
  MONTH TO DATE    0                         0      0        0
  SINCE DEC 1      2                         1      1        0
  SINCE JAN 1      0                         0      0        0
..................................................................


WIND (MPH)
  HIGHEST WIND SPEED    20   HIGHEST WIND DIRECTION     W (290)
  HIGHEST GUST SPEED    25   HIGHEST GUST DIRECTION     W (290)
  AVERAGE WIND SPEED     8.1


SKY COVER
  POSSIBLE SUNSHINE  MM
  AVERAGE SKY COVER 1.0


WEATHER CONDITIONS
 THE FOLLOWING WEATHER WAS RECORDED YESTERDAY.
  LIGHT RAIN
  SNOW
  LIGHT SNOW
  FOG


RELATIVE HUMIDITY (PERCENT)
 HIGHEST    92           400 AM
 LOWEST     46          1200 AM
 AVERAGE    69

..........................................................


THE BOWLING GREEN KY CLIMATE NORMALS FOR TODAY
                         NORMAL    RECORD    YEAR
 MAXIMUM TEMPERATURE (F)   48        74      1894
 MINIMUM TEMPERATURE (F)   28       -11      1899


SUNRISE AND SUNSET
FEBRUARY  9 2016......SUNRISE   641 AM CST   SUNSET   519 PM CST
FEBRUARY 10 2016......SUNRISE   640 AM CST   SUNSET   520 PM CST


-  INDICATES NEGATIVE NUMBERS.
R  INDICATES RECORD WAS SET OR TIED.
MM INDICATES DATA IS MISSING.
T  INDICATES TRACE AMOUNT.




$$
