000
CDUS41 KLWX 312129
CLIBWI


CLIMATE REPORT
NATIONAL WEATHER SERVICE BALTIMORE MD/WASHINGTON DC
529 PM EDT FRI JUL 31 2015


...................................

...THE BALTIMORE MD CLIMATE SUMMARY FOR JULY 31 2015...
VALID TODAY AS OF 0500 PM LOCAL TIME.

CLIMATE NORMAL PERIOD 1981 TO 2010
CLIMATE RECORD PERIOD 1870 TO 2015


WEATHER ITEM   OBSERVED TIME   RECORD YEAR NORMAL DEPARTURE LAST
                VALUE   (LST)  VALUE       VALUE  FROM      YEAR
                                                  NORMAL
..................................................................
TEMPERATURE (F)
 TODAY
  MAXIMUM         90    236 PM 102    1954  87      3       87
  MINIMUM         64    514 AM  54    1997  67     -3       59
                                      1956
  AVERAGE         77                        77      0       73

PRECIPITATION (IN)
  TODAY            0.00          3.65 1889   0.13  -0.13     0.00
  MONTH TO DATE    3.49                      4.07  -0.58     2.80
  SINCE JUN 1     16.58                      7.53   9.05     6.75
  SINCE JAN 1     33.78                     24.56   9.22    30.37

SNOWFALL (IN)
  TODAY            0.0          MM      MM   0.0    0.0
  MONTH TO DATE    0.0                       0.0    0.0
  SINCE JUL 1      0.0                       0.0    0.0
  SNOW DEPTH       0

DEGREE DAYS
 HEATING
  TODAY            0                         0      0        0
  MONTH TO DATE    0                         0      0        0
  SINCE JUN 1     14                        15     -1        2
  SINCE JUL 1      0                         0      0        0

 COOLING
  TODAY           12                        12      0        8
  MONTH TO DATE  382                       372     10      335
  SINCE JUN 1    678                       610     68      591
  SINCE JAN 1    867                       694    173      676
..................................................................


WIND (MPH)
  HIGHEST WIND SPEED    14   HIGHEST WIND DIRECTION     W (290)
  HIGHEST GUST SPEED    33   HIGHEST GUST DIRECTION     E (70)
  AVERAGE WIND SPEED     5.7


SKY COVER
  POSSIBLE SUNSHINE  MM
  AVERAGE SKY COVER 0.3


WEATHER CONDITIONS
 THE FOLLOWING WEATHER WAS RECORDED TODAY.
  NO SIGNIFICANT WEATHER WAS OBSERVED.


RELATIVE HUMIDITY (PERCENT)
 HIGHEST    93          1200 AM
 LOWEST     31          1200 PM
 AVERAGE    62

..........................................................


THE BALTIMORE MD CLIMATE NORMALS FOR TOMORROW
                         NORMAL    RECORD    YEAR
 MAXIMUM TEMPERATURE (F)   87       100      2006
 MINIMUM TEMPERATURE (F)   67        57      1895


SUNRISE AND SUNSET
JULY 31 2015..........SUNRISE   606 AM EDT   SUNSET   820 PM EDT
AUGUST  1 2015........SUNRISE   607 AM EDT   SUNSET   819 PM EDT


-  INDICATES NEGATIVE NUMBERS.
R  INDICATES RECORD WAS SET OR TIED.
MM INDICATES DATA IS MISSING.
T  INDICATES TRACE AMOUNT.




$$
