000
CDUS41 KLWX 272147
CLIBWI


CLIMATE REPORT
NATIONAL WEATHER SERVICE BALTIMORE MD/WASHINGTON DC
545 PM EDT WED MAY 27 2015


...................................

...THE BALTIMORE MD CLIMATE SUMMARY FOR MAY 27 2015...
VALID TODAY AS OF 0500 PM LOCAL TIME.

CLIMATE NORMAL PERIOD 1981 TO 2010
CLIMATE RECORD PERIOD 1870 TO 2015


WEATHER ITEM   OBSERVED TIME   RECORD YEAR NORMAL DEPARTURE LAST
                VALUE   (LST)  VALUE       VALUE  FROM      YEAR
                                                  NORMAL
..................................................................
TEMPERATURE (F)
 TODAY
  MAXIMUM         88    218 PM  95    1965  77     11       90
                                      1941
  MINIMUM         70    341 AM  43    1961  56     14       63
                                      1915
  AVERAGE         79                        66     13       77

PRECIPITATION (IN)
  TODAY            T             1.50 1909   0.13  -0.13     0.30
  MONTH TO DATE    2.08                      3.46  -1.38     2.98
  SINCE MAR 1     11.05                     10.55   0.50    15.96
  SINCE JAN 1     17.18                     16.50   0.68    23.25

SNOWFALL (IN)
  TODAY            0.0          MM      MM   0.0    0.0
  MONTH TO DATE    0.0                       0.0    0.0
  SINCE JUL 1     28.7                      20.1    8.6
  SNOW DEPTH       0

DEGREE DAYS
 HEATING
  TODAY            0                         2     -2        0
  MONTH TO DATE   48                       126    -78       65
  SINCE MAR 1   1135                      1146    -11     1238
  SINCE JUL 1   4950                      4741    209     4995

 COOLING
  TODAY           14                         4     10       12
  MONTH TO DATE  130                        54     76       70
  SINCE MAR 1    135                        68     67       77
  SINCE JAN 1    135                        68     67       77
..................................................................


WIND (MPH)
  HIGHEST WIND SPEED    23   HIGHEST WIND DIRECTION     W (270)
  HIGHEST GUST SPEED    32   HIGHEST GUST DIRECTION     W (270)
  AVERAGE WIND SPEED     6.3


SKY COVER
  POSSIBLE SUNSHINE  MM
  AVERAGE SKY COVER 0.7


WEATHER CONDITIONS
 THE FOLLOWING WEATHER WAS RECORDED TODAY.
  NO SIGNIFICANT WEATHER WAS OBSERVED.


RELATIVE HUMIDITY (PERCENT)
 HIGHEST    90           100 AM
 LOWEST     51           200 PM
 AVERAGE    71

..........................................................


THE BALTIMORE MD CLIMATE NORMALS FOR TOMORROW
                         NORMAL    RECORD    YEAR
 MAXIMUM TEMPERATURE (F)   77        97      1941
 MINIMUM TEMPERATURE (F)   56        38      1961


SUNRISE AND SUNSET
MAY 27 2015...........SUNRISE   545 AM EDT   SUNSET   823 PM EDT
MAY 28 2015...........SUNRISE   544 AM EDT   SUNSET   824 PM EDT


-  INDICATES NEGATIVE NUMBERS.
R  INDICATES RECORD WAS SET OR TIED.
MM INDICATES DATA IS MISSING.
T  INDICATES TRACE AMOUNT.




$$
