000
CDUS41 KLWX 250521
CLIBWI


CLIMATE REPORT
NATIONAL WEATHER SERVICE BALTIMORE MD/WASHINGTON DC
121 AM EDT FRI JUL 25 2014


...................................

...THE BALTIMORE MD CLIMATE SUMMARY FOR JULY 24 2014...

CLIMATE NORMAL PERIOD 1981 TO 2010
CLIMATE RECORD PERIOD 1870 TO 2014


WEATHER ITEM   OBSERVED TIME   RECORD YEAR NORMAL DEPARTURE LAST
                VALUE   (LST)  VALUE       VALUE  FROM      YEAR
                                                  NORMAL
..................................................................
TEMPERATURE (F)
 YESTERDAY
  MAXIMUM         81    352 PM 101    2010  87     -6       85
  MINIMUM         61   1156 PM  55    1985  67     -6       70
  AVERAGE         71                        77     -6       78

PRECIPITATION (IN)
  YESTERDAY        T             1.73 1961   0.14  -0.14     0.00
  MONTH TO DATE    2.69                      3.13  -0.44     2.72
  SINCE JUN 1      6.64                      6.59   0.05    10.53
  SINCE JAN 1     30.26                     23.62   6.64    24.39

SNOWFALL (IN)
  YESTERDAY        0.0          MM      MM   0.0    0.0
  MONTH TO DATE    0.0                       0.0    0.0
  SINCE JUL 1      0.0                       0.0    0.0
  SNOW DEPTH       0

DEGREE DAYS
 HEATING
  YESTERDAY        0                         0      0        0
  MONTH TO DATE    0                         0      0        0
  SINCE JUN 1      2                        15    -13        0
  SINCE JUL 1      0                         0      0        0

 COOLING
  YESTERDAY        6                        12     -6       13
  MONTH TO DATE  278                       286     -8      380
  SINCE JUN 1    534                       524     10      657
  SINCE JAN 1    619                       608     11      788
..................................................................


WIND (MPH)
  HIGHEST WIND SPEED    10   HIGHEST WIND DIRECTION     W (290)
  HIGHEST GUST SPEED    18   HIGHEST GUST DIRECTION     N (360)
  AVERAGE WIND SPEED     4.4


SKY COVER
  POSSIBLE SUNSHINE  MM
  AVERAGE SKY COVER 0.8


WEATHER CONDITIONS
 THE FOLLOWING WEATHER WAS RECORDED YESTERDAY.
  LIGHT RAIN
  FOG


RELATIVE HUMIDITY (PERCENT)
 HIGHEST    93          1200 AM
 LOWEST     45           400 PM
 AVERAGE    69

..........................................................


THE BALTIMORE MD CLIMATE NORMALS FOR TODAY
                         NORMAL    RECORD    YEAR
 MAXIMUM TEMPERATURE (F)   87       100      2010
 MINIMUM TEMPERATURE (F)   67        59      2008
                                             1976
                                             1973


SUNRISE AND SUNSET
JULY 25 2014..........SUNRISE   601 AM EDT   SUNSET   825 PM EDT
JULY 26 2014..........SUNRISE   602 AM EDT   SUNSET   824 PM EDT


-  INDICATES NEGATIVE NUMBERS.
R  INDICATES RECORD WAS SET OR TIED.
MM INDICATES DATA IS MISSING.
T  INDICATES TRACE AMOUNT.




$$
