000
CDUS41 KLWX 180524
CLIBWI


CLIMATE REPORT
NATIONAL WEATHER SERVICE BALTIMORE MD/WASHINGTON DC
124 AM EDT FRI APR 18 2014


...................................

...THE BALTIMORE MD CLIMATE SUMMARY FOR APRIL 17 2014...

CLIMATE NORMAL PERIOD 1981 TO 2010
CLIMATE RECORD PERIOD 1870 TO 2014


WEATHER ITEM   OBSERVED TIME   RECORD YEAR NORMAL DEPARTURE LAST
                VALUE   (LST)  VALUE       VALUE  FROM      YEAR
                                                  NORMAL
..................................................................
TEMPERATURE (F)
 YESTERDAY
  MAXIMUM         52    310 PM  93    2002  65    -13       74
  MINIMUM         30    508 AM  26    1962  43    -13       58
  AVERAGE         41                        54    -13       66

PRECIPITATION (IN)
  YESTERDAY        0.00          3.39 1910   0.10  -0.10      T
  MONTH TO DATE    3.09                      1.85   1.24     0.82
  SINCE MAR 1      7.47                      5.75   1.72     3.46
  SINCE JAN 1     14.76                     11.70   3.06     9.05

SNOWFALL (IN)
  YESTERDAY        0.0           T    2001   0.0    0.0
                                      1905
  MONTH TO DATE    T                         0.0    0.0
  SINCE JUL 1     39.0                      20.1   18.9
  SNOW DEPTH       0

DEGREE DAYS
 HEATING
  YESTERDAY       24                        11     13        0
  MONTH TO DATE  210                       233    -23      180
  SINCE MAR 1   1023                       899    124      929
  SINCE JUL 1   4780                      4494    286     4221

 COOLING
  YESTERDAY        0                         0      0        1
  MONTH TO DATE    7                         0      7       25
  SINCE MAR 1      7                         1      6       25
  SINCE JAN 1      7                         1      6       25
..................................................................


WIND (MPH)
  HIGHEST WIND SPEED    17   HIGHEST WIND DIRECTION     E (110)
  HIGHEST GUST SPEED    22   HIGHEST GUST DIRECTION     E (70)
  AVERAGE WIND SPEED     7.8


SKY COVER
  POSSIBLE SUNSHINE  MM
  AVERAGE SKY COVER 0.5


WEATHER CONDITIONS
 THE FOLLOWING WEATHER WAS RECORDED YESTERDAY.
  NO SIGNIFICANT WEATHER WAS OBSERVED.


RELATIVE HUMIDITY (PERCENT)
 HIGHEST    85           500 AM
 LOWEST     44           100 PM
 AVERAGE    65

..........................................................


THE BALTIMORE MD CLIMATE NORMALS FOR TODAY
                         NORMAL    RECORD    YEAR
 MAXIMUM TEMPERATURE (F)   66        94      1896
 MINIMUM TEMPERATURE (F)   44        26      1875


SUNRISE AND SUNSET
APRIL 18 2014.........SUNRISE   626 AM EDT   SUNSET   747 PM EDT
APRIL 19 2014.........SUNRISE   624 AM EDT   SUNSET   748 PM EDT


-  INDICATES NEGATIVE NUMBERS.
R  INDICATES RECORD WAS SET OR TIED.
MM INDICATES DATA IS MISSING.
T  INDICATES TRACE AMOUNT.




$$
