000
CDUS41 KLWX 220523
CLIBWI


CLIMATE REPORT
NATIONAL WEATHER SERVICE BALTIMORE MD/WASHINGTON DC
123 AM EDT WED OCT 22 2014


...................................

...THE BALTIMORE MD CLIMATE SUMMARY FOR OCTOBER 21 2014...

CLIMATE NORMAL PERIOD 1981 TO 2010
CLIMATE RECORD PERIOD 1870 TO 2014


WEATHER ITEM   OBSERVED TIME   RECORD YEAR NORMAL DEPARTURE LAST
                VALUE   (LST)  VALUE       VALUE  FROM      YEAR
                                                  NORMAL
..................................................................
TEMPERATURE (F)
 YESTERDAY
  MAXIMUM         70    154 PM  90    1947  65      5       67
  MINIMUM         46    659 AM  26    1952  44      2       38
  AVERAGE         58                        54      4       53

PRECIPITATION (IN)
  YESTERDAY        0.72          2.39 1961   0.10   0.62     0.00
  MONTH TO DATE    3.16                      2.27   0.89     7.50
  SINCE SEP 1      6.37                      6.30   0.07     9.15
  SINCE JAN 1     44.64                     34.15  10.49    34.72

SNOWFALL (IN)
  YESTERDAY        0.0          MM      MM   0.0    0.0
  MONTH TO DATE    0.0                       0.0    0.0
  SINCE JUL 1      0.0                       0.0    0.0
  SNOW DEPTH       0

DEGREE DAYS
 HEATING
  YESTERDAY        7                        11     -4       12
  MONTH TO DATE  127                       170    -43       87
  SINCE SEP 1    164                       222    -58      139
  SINCE JUL 1    164                       223    -59      139

 COOLING
  YESTERDAY        0                         0      0        0
  MONTH TO DATE   12                        15     -3       51
  SINCE SEP 1    167                       150     17      194
  SINCE JAN 1   1084                      1160    -76     1339
..................................................................


WIND (MPH)
  HIGHEST WIND SPEED    21   HIGHEST WIND DIRECTION     W (250)
  HIGHEST GUST SPEED    26   HIGHEST GUST DIRECTION     W (250)
  AVERAGE WIND SPEED     4.1


SKY COVER
  POSSIBLE SUNSHINE  MM
  AVERAGE SKY COVER 0.6


WEATHER CONDITIONS
 THE FOLLOWING WEATHER WAS RECORDED YESTERDAY.
  THUNDERSTORM
  HEAVY RAIN
  RAIN
  LIGHT RAIN
  FOG


RELATIVE HUMIDITY (PERCENT)
 HIGHEST   100           500 AM
 LOWEST     44           200 PM
 AVERAGE    72

..........................................................


THE BALTIMORE MD CLIMATE NORMALS FOR TODAY
                         NORMAL    RECORD    YEAR
 MAXIMUM TEMPERATURE (F)   65        85      1979
                                             1920
 MINIMUM TEMPERATURE (F)   43        31      1952


SUNRISE AND SUNSET
OCTOBER 22 2014.......SUNRISE   724 AM EDT   SUNSET   618 PM EDT
OCTOBER 23 2014.......SUNRISE   725 AM EDT   SUNSET   617 PM EDT


-  INDICATES NEGATIVE NUMBERS.
R  INDICATES RECORD WAS SET OR TIED.
MM INDICATES DATA IS MISSING.
T  INDICATES TRACE AMOUNT.




$$
