000
CDUS45 KRIW 200734
CLIBYG


CLIMATE REPORT
NATIONAL WEATHER SERVICE RIVERTON WY
1232 AM MST MON FEB 20 2017


...................................

...THE BUFFALO WY CLIMATE SUMMARY FOR FEBRUARY 19 2017...

CLIMATE NORMAL PERIOD 1981 TO 2010
CLIMATE RECORD PERIOD 1998 TO 2017


WEATHER ITEM   OBSERVED TIME   RECORD YEAR NORMAL DEPARTURE LAST
                VALUE   (LST)  VALUE       VALUE  FROM      YEAR
                                                  NORMAL
..................................................................
TEMPERATURE (F)
 YESTERDAY
  MAXIMUM         64R  1248 PM  56    2016  39     25       56
  MINIMUM         37   1154 PM  -5    2006  18     19       36
  AVERAGE         51                        28     23       46

PRECIPITATION (IN)
  YESTERDAY        T             0.14 2011   0.02  -0.02     0.00
  MONTH TO DATE    0.16                      0.24  -0.08     0.45
  SINCE DEC 1      0.51                      1.06  -0.55     0.68
  SINCE JAN 1      0.26                      0.66  -0.40     0.58

DEGREE DAYS
 HEATING
  YESTERDAY       14                        37    -23       19
  MONTH TO DATE  603                       714   -111      540
  SINCE DEC 1   3348                      3087    261     2697
  SINCE JUL 1   4530                      4921   -391     4126

 COOLING
  YESTERDAY        0                         0      0        0
  MONTH TO DATE    0                         0      0        0
  SINCE DEC 1      0                         0      0        0
  SINCE JAN 1      0                         0      0        0
..................................................................


WIND (MPH)
  HIGHEST WIND SPEED    25   HIGHEST WIND DIRECTION     S (190)
  HIGHEST GUST SPEED    30   HIGHEST GUST DIRECTION     S (200)
  AVERAGE WIND SPEED    13.0


SKY COVER
  POSSIBLE SUNSHINE  MM
  AVERAGE SKY COVER 0.2


WEATHER CONDITIONS
 THE FOLLOWING WEATHER WAS RECORDED YESTERDAY.
  LIGHT RAIN


RELATIVE HUMIDITY (PERCENT)
 HIGHEST    79          1000 PM
 LOWEST     25           100 PM
 AVERAGE    52

..........................................................


THE BUFFALO WY CLIMATE NORMALS FOR TODAY
                         NORMAL    RECORD    YEAR
 MAXIMUM TEMPERATURE (F)   39        52      2000
 MINIMUM TEMPERATURE (F)   18        -3      2011


SUNRISE AND SUNSET
FEBRUARY 20 2017......SUNRISE   658 AM MST   SUNSET   543 PM MST
FEBRUARY 21 2017......SUNRISE   657 AM MST   SUNSET   545 PM MST


-  INDICATES NEGATIVE NUMBERS.
R  INDICATES RECORD WAS SET OR TIED.
MM INDICATES DATA IS MISSING.
T  INDICATES TRACE AMOUNT.




$$
