000
CDUS45 KRIW 230746
CLIBYG


CLIMATE REPORT
NATIONAL WEATHER SERVICE RIVERTON WY
1246 AM MST SUN NOV 23 2014


...................................

...THE BUFFALO WY CLIMATE SUMMARY FOR NOVEMBER 22 2014...

CLIMATE NORMAL PERIOD 1981 TO 2010
CLIMATE RECORD PERIOD 1998 TO 2014


WEATHER ITEM   OBSERVED TIME   RECORD YEAR NORMAL DEPARTURE LAST
                VALUE   (LST)  VALUE       VALUE  FROM      YEAR
                                                  NORMAL
..................................................................
TEMPERATURE (F)
 YESTERDAY
  MAXIMUM         54    110 PM  61    2005  41     13       34
  MINIMUM         27   1216 AM  -4    2003  20      7        8
  AVERAGE         41                        31     10       21

PRECIPITATION (IN)
  YESTERDAY        T             0.15 2001   0.02  -0.02     0.00
  MONTH TO DATE    0.13                      0.39  -0.26     0.12
  SINCE SEP 1      1.44                      2.63  -1.19     5.71
  SINCE JAN 1     11.65                     12.90  -1.25    10.13

DEGREE DAYS
 HEATING
  YESTERDAY       24                        34    -10       44
  MONTH TO DATE  776                       640    136      643
  SINCE SEP 1   1419                      1481    -62     1481
  SINCE JUL 1   1478                      1546    -68     1482

 COOLING
  YESTERDAY        0                         0      0        0
  MONTH TO DATE    0                         0      0        0
  SINCE SEP 1     53                        46      7       95
  SINCE JAN 1    387                       492   -105      709
..................................................................


WIND (MPH)
  HIGHEST WIND SPEED    40   HIGHEST WIND DIRECTION     N (340)
  HIGHEST GUST SPEED    55   HIGHEST GUST DIRECTION     N (340)
  AVERAGE WIND SPEED    14.4


SKY COVER
  POSSIBLE SUNSHINE  MM
  AVERAGE SKY COVER 0.1


WEATHER CONDITIONS
 THE FOLLOWING WEATHER WAS RECORDED YESTERDAY.
  LIGHT SNOW
  FOG


RELATIVE HUMIDITY (PERCENT)
 HIGHEST    89           800 PM
 LOWEST     27          1100 PM
 AVERAGE    58

..........................................................


THE BUFFALO WY CLIMATE NORMALS FOR TODAY
                         NORMAL    RECORD    YEAR
 MAXIMUM TEMPERATURE (F)   41        60      2006
 MINIMUM TEMPERATURE (F)   20        -7      2010


SUNRISE AND SUNSET
NOVEMBER 23 2014......SUNRISE   713 AM MST   SUNSET   433 PM MST
NOVEMBER 24 2014......SUNRISE   715 AM MST   SUNSET   432 PM MST


-  INDICATES NEGATIVE NUMBERS.
R  INDICATES RECORD WAS SET OR TIED.
MM INDICATES DATA IS MISSING.
T  INDICATES TRACE AMOUNT.




$$
