000
CDUS45 KRIW 260728
CLIBYG


CLIMATE REPORT
NATIONAL WEATHER SERVICE RIVERTON WY
127 AM MDT MON JUN 26 2017


...................................

...THE BUFFALO WY CLIMATE SUMMARY FOR JUNE 25 2017...

CLIMATE NORMAL PERIOD 1981 TO 2010
CLIMATE RECORD PERIOD 1998 TO 2017


WEATHER ITEM   OBSERVED TIME   RECORD YEAR NORMAL DEPARTURE LAST
                VALUE   (LST)  VALUE       VALUE  FROM      YEAR
                                                  NORMAL
..................................................................
TEMPERATURE (F)
 YESTERDAY
  MAXIMUM         75    322 PM 100    2012  78     -3       78
  MINIMUM         45    437 AM  40    2003  52     -7       46
  AVERAGE         60                        65     -5       62

PRECIPITATION (IN)
  YESTERDAY        0.00          0.15 2015   0.08  -0.08     0.00
  MONTH TO DATE    1.14                      2.00  -0.86     0.20
  SINCE JUN 1      1.14                      2.00  -0.86     0.20
  SINCE JAN 1      9.42                      7.52   1.90     5.12

DEGREE DAYS
 HEATING
  YESTERDAY        5                         3      2        3
  MONTH TO DATE   83                       150    -67       15
  SINCE JUN 1     83                       150    -67       15
  SINCE JUL 1   6522                      7404   -882     5914

 COOLING
  YESTERDAY        0                         3     -3        0
  MONTH TO DATE   42                        35      7      103
  SINCE JUN 1     42                        35      7      103
  SINCE JAN 1     53                        42     11      108
..................................................................


WIND (MPH)
  HIGHEST WIND SPEED    14   HIGHEST WIND DIRECTION     N (10)
  HIGHEST GUST SPEED    23   HIGHEST GUST DIRECTION     N (350)
  AVERAGE WIND SPEED     6.9


SKY COVER
  POSSIBLE SUNSHINE  MM
  AVERAGE SKY COVER 0.1


WEATHER CONDITIONS
 THE FOLLOWING WEATHER WAS RECORDED YESTERDAY.
  NO SIGNIFICANT WEATHER WAS OBSERVED.


RELATIVE HUMIDITY (PERCENT)
 HIGHEST    66           200 AM
 LOWEST     27          1200 PM
 AVERAGE    47

..........................................................


THE BUFFALO WY CLIMATE NORMALS FOR TODAY
                         NORMAL    RECORD    YEAR
 MAXIMUM TEMPERATURE (F)   79        99      2012
 MINIMUM TEMPERATURE (F)   52        40      2000


SUNRISE AND SUNSET
JUNE 26 2017..........SUNRISE   524 AM MDT   SUNSET   855 PM MDT
JUNE 27 2017..........SUNRISE   525 AM MDT   SUNSET   855 PM MDT


-  INDICATES NEGATIVE NUMBERS.
R  INDICATES RECORD WAS SET OR TIED.
MM INDICATES DATA IS MISSING.
T  INDICATES TRACE AMOUNT.




$$
