000
CDUS45 KRIW 040744
CLIBYG


CLIMATE REPORT
NATIONAL WEATHER SERVICE RIVERTON WY
1244 AM MST WED MAR 4 2015


...................................

...THE BUFFALO WY CLIMATE SUMMARY FOR MARCH 3 2015...

CLIMATE NORMAL PERIOD 1981 TO 2010
CLIMATE RECORD PERIOD 1998 TO 2015


WEATHER ITEM   OBSERVED TIME   RECORD YEAR NORMAL DEPARTURE LAST
                VALUE   (LST)  VALUE       VALUE  FROM      YEAR
                                                  NORMAL
..................................................................
TEMPERATURE (F)
 YESTERDAY
  MAXIMUM         18   1214 AM  63    2009  42    -24       45
  MINIMUM          0   1116 PM  -1    2002  20    -20        7
  AVERAGE          9                        31    -22       26

PRECIPITATION (IN)
  YESTERDAY        T             0.07 2011   0.02  -0.02     0.00
  MONTH TO DATE    T                         0.06  -0.06     0.08
  SINCE MAR 1      T                         0.06  -0.06     0.08
  SINCE JAN 1      0.64                      0.83  -0.19     0.44

DEGREE DAYS
 HEATING
  YESTERDAY       56                        34     22       39
  MONTH TO DATE  147                       103     44      174
  SINCE MAR 1    147                       103     44      174
  SINCE JUL 1   4843                      5343   -500     5418

 COOLING
  YESTERDAY        0                         0      0        0
  MONTH TO DATE    0                         0      0        0
  SINCE MAR 1      0                         0      0        0
  SINCE JAN 1      0                         0      0        0
..................................................................


WIND (MPH)
  HIGHEST WIND SPEED    37   HIGHEST WIND DIRECTION    NW (330)
  HIGHEST GUST SPEED    47   HIGHEST GUST DIRECTION     N (340)
  AVERAGE WIND SPEED    17.4


SKY COVER
  POSSIBLE SUNSHINE  MM
  AVERAGE SKY COVER 0.7


WEATHER CONDITIONS
 THE FOLLOWING WEATHER WAS RECORDED YESTERDAY.
  SNOW
  LIGHT SNOW
  FOG
  HAZE
  BLOWING SNOW


RELATIVE HUMIDITY (PERCENT)
 HIGHEST    91           700 AM
 LOWEST     62          1100 PM
 AVERAGE    77

..........................................................


THE BUFFALO WY CLIMATE NORMALS FOR TODAY
                         NORMAL    RECORD    YEAR
 MAXIMUM TEMPERATURE (F)   42        68      2000
 MINIMUM TEMPERATURE (F)   20         2      2003


SUNRISE AND SUNSET
MARCH  4 2015.........SUNRISE   639 AM MST   SUNSET   559 PM MST
MARCH  5 2015.........SUNRISE   637 AM MST   SUNSET   600 PM MST


-  INDICATES NEGATIVE NUMBERS.
R  INDICATES RECORD WAS SET OR TIED.
MM INDICATES DATA IS MISSING.
T  INDICATES TRACE AMOUNT.




$$
