000
CDUS45 KRIW 280739
CLIBYG


CLIMATE REPORT
NATIONAL WEATHER SERVICE RIVERTON WY
129 AM MDT FRI AUG 28 2015


...................................

...THE BUFFALO WY CLIMATE SUMMARY FOR AUGUST 27 2015...

CLIMATE NORMAL PERIOD 1981 TO 2010
CLIMATE RECORD PERIOD 1998 TO 2015


WEATHER ITEM   OBSERVED TIME   RECORD YEAR NORMAL DEPARTURE LAST
                VALUE   (LST)  VALUE       VALUE  FROM      YEAR
                                                  NORMAL
..................................................................
TEMPERATURE (F)
 YESTERDAY
  MAXIMUM         86    241 PM  96    2012  81      5       78
                                      2011
  MINIMUM         61    656 AM  41    2004  53      8       53
  AVERAGE         74                        67      7       66

PRECIPITATION (IN)
  YESTERDAY        0.01          0.92 2002   0.01   0.00     0.15
  MONTH TO DATE    1.15                      0.74   0.41     2.24
  SINCE JUN 1      5.15                      4.68   0.47     6.09
  SINCE JAN 1     12.41                     10.20   2.21     9.85

DEGREE DAYS
 HEATING
  YESTERDAY        0                         2     -2        0
  MONTH TO DATE   49                        31     18       42
  SINCE JUN 1    133                       219    -86      259
  SINCE JUL 1     79                        56     23       53

 COOLING
  YESTERDAY        9                         4      5        1
  MONTH TO DATE  183                       168     15      123
  SINCE JUN 1    401                       422    -21      317
  SINCE JAN 1    401                       429    -28      328
..................................................................


WIND (MPH)
  HIGHEST WIND SPEED    25   HIGHEST WIND DIRECTION     N (20)
  HIGHEST GUST SPEED    31   HIGHEST GUST DIRECTION     N (20)
  AVERAGE WIND SPEED     9.8


SKY COVER
  POSSIBLE SUNSHINE  MM
  AVERAGE SKY COVER 0.2


WEATHER CONDITIONS
 THE FOLLOWING WEATHER WAS RECORDED YESTERDAY.
  THUNDERSTORM
  LIGHT RAIN
  HAZE


RELATIVE HUMIDITY (PERCENT)
 HIGHEST    72           600 AM
 LOWEST     23           200 PM
 AVERAGE    48

..........................................................


THE BUFFALO WY CLIMATE NORMALS FOR TODAY
                         NORMAL    RECORD    YEAR
 MAXIMUM TEMPERATURE (F)   81        97      2012
 MINIMUM TEMPERATURE (F)   53        44      2008


SUNRISE AND SUNSET
AUGUST 28 2015........SUNRISE   625 AM MDT   SUNSET   751 PM MDT
AUGUST 29 2015........SUNRISE   626 AM MDT   SUNSET   749 PM MDT


-  INDICATES NEGATIVE NUMBERS.
R  INDICATES RECORD WAS SET OR TIED.
MM INDICATES DATA IS MISSING.
T  INDICATES TRACE AMOUNT.




$$
