000
CDUS45 KRIW 290050
CLIBYG


CLIMATE REPORT
NATIONAL WEATHER SERVICE RIVERTON WY
648 PM MDT THU APR 28 2016


...................................

...THE BUFFALO WY CLIMATE SUMMARY FOR APRIL 28 2016...
VALID TODAY AS OF 0500 PM LOCAL TIME.

CLIMATE NORMAL PERIOD 1981 TO 2010
CLIMATE RECORD PERIOD 1998 TO 2016


WEATHER ITEM   OBSERVED TIME   RECORD YEAR NORMAL DEPARTURE LAST
                VALUE   (LST)  VALUE       VALUE  FROM      YEAR
                                                  NORMAL
..................................................................
TEMPERATURE (F)
 TODAY
  MAXIMUM         37        MM  79    2007  58    -21       64
                                      2001
  MINIMUM         29        MM  19    2005  37     -8       35
  AVERAGE         33

PRECIPITATION (IN)
  TODAY            0.01          0.57 2012   0.09  -0.08     0.00
  MONTH TO DATE    2.16                      1.13   1.03     0.73
  SINCE MAR 1      2.81                      2.05   0.76     0.81
  SINCE JAN 1      3.40                      2.82   0.58     1.45

DEGREE DAYS
 HEATING
  TODAY           32                        18     14       15
  MONTH TO DATE  480                       619   -139      560
  SINCE MAR 1   1154                      1569   -415     1233
  SINCE JUL 1   5545                      6809  -1264     5929

 COOLING
  TODAY            0                         0      0        0
  MONTH TO DATE    1                         0      1        0
  SINCE MAR 1      1                         0      1        0
  SINCE JAN 1      1                         0      1        0
..................................................................


WIND (MPH)
  HIGHEST WIND SPEED    10   HIGHEST WIND DIRECTION     N (360)
  HIGHEST GUST SPEED    20   HIGHEST GUST DIRECTION     N (360)
  AVERAGE WIND SPEED     7.8


SKY COVER
  POSSIBLE SUNSHINE  MM
  AVERAGE SKY COVER 1.0


WEATHER CONDITIONS
 THE FOLLOWING WEATHER WAS RECORDED TODAY.
  LIGHT SNOW
  FOG


RELATIVE HUMIDITY (PERCENT)
 HIGHEST    92          1200 AM
 LOWEST     70           300 PM
 AVERAGE    81

..........................................................


THE BUFFALO WY CLIMATE NORMALS FOR TOMORROW
                         NORMAL    RECORD    YEAR
 MAXIMUM TEMPERATURE (F)   58        80      2007
 MINIMUM TEMPERATURE (F)   37        20      2005


SUNRISE AND SUNSET
APRIL 28 2016.........SUNRISE   601 AM MDT   SUNSET   808 PM MDT
APRIL 29 2016.........SUNRISE   600 AM MDT   SUNSET   809 PM MDT


-  INDICATES NEGATIVE NUMBERS.
R  INDICATES RECORD WAS SET OR TIED.
MM INDICATES DATA IS MISSING.
T  INDICATES TRACE AMOUNT.




$$
