000
CDUS45 KRIW 270037
CLIBYG


CLIMATE REPORT
NATIONAL WEATHER SERVICE RIVERTON WY
535 PM MST FRI DEC 26 2014


...................................

...THE BUFFALO WY CLIMATE SUMMARY FOR DECEMBER 26 2014...
VALID TODAY AS OF 0500 PM LOCAL TIME.

CLIMATE NORMAL PERIOD 1981 TO 2010
CLIMATE RECORD PERIOD 1998 TO 2014


WEATHER ITEM   OBSERVED TIME   RECORD YEAR NORMAL DEPARTURE LAST
                VALUE   (LST)  VALUE       VALUE  FROM      YEAR
                                                  NORMAL
..................................................................
TEMPERATURE (F)
 TODAY
  MAXIMUM         22        MM  49    2013  37    -15       49
                                      1999
  MINIMUM          9        MM   5    2007  15     -6       29
  AVERAGE         16

PRECIPITATION (IN)
  TODAY            0.00          0.16 2003   0.01  -0.01     0.00
  MONTH TO DATE    0.07                      0.34  -0.27     0.21
  SINCE DEC 1      0.07                      0.34  -0.27     0.21
  SINCE JAN 1     11.93                     13.39  -1.46    10.34

DEGREE DAYS
 HEATING
  TODAY           49                        39     10       26
  MONTH TO DATE  636                      1022   -386      928
  SINCE DEC 1    636                      1022   -386      928
  SINCE JUL 1   2392                      2856   -464     2636

 COOLING
  TODAY            0                         0      0        0
  MONTH TO DATE    0                         0      0        0
  SINCE DEC 1      0                         0      0        0
  SINCE JAN 1    387                       492   -105      709
..................................................................


WIND (MPH)
  HIGHEST WIND SPEED     7   HIGHEST WIND DIRECTION    SW (220)
  HIGHEST GUST SPEED    MM   HIGHEST GUST DIRECTION    MM
  AVERAGE WIND SPEED     1.8


SKY COVER
  POSSIBLE SUNSHINE  MM
  AVERAGE SKY COVER 0.6


WEATHER CONDITIONS
 THE FOLLOWING WEATHER WAS RECORDED TODAY.
  NO SIGNIFICANT WEATHER WAS OBSERVED.


RELATIVE HUMIDITY (PERCENT)
 HIGHEST   100           400 AM
 LOWEST     62           200 PM
 AVERAGE    81

..........................................................


THE BUFFALO WY CLIMATE NORMALS FOR TOMORROW
                         NORMAL    RECORD    YEAR
 MAXIMUM TEMPERATURE (F)   37        60      2004
 MINIMUM TEMPERATURE (F)   15         4      2009


SUNRISE AND SUNSET
DECEMBER 26 2014......SUNRISE   742 AM MST   SUNSET   433 PM MST
DECEMBER 27 2014......SUNRISE   742 AM MST   SUNSET   434 PM MST


-  INDICATES NEGATIVE NUMBERS.
R  INDICATES RECORD WAS SET OR TIED.
MM INDICATES DATA IS MISSING.
T  INDICATES TRACE AMOUNT.




$$
