000
CDUS45 KPIH 232323
CLIBYI


CLIMATE REPORT
NATIONAL WEATHER SERVICE POCATELLO ID
421 PM MST THU NOV 23 2017


...................................

...THE BURLEY ID CLIMATE SUMMARY FOR NOVEMBER 23 2017...
VALID TODAY AS OF 0400 PM LOCAL TIME.

CLIMATE NORMAL PERIOD 1981 TO 2010
CLIMATE RECORD PERIOD 1948 TO 2017


WEATHER ITEM   OBSERVED TIME   RECORD YEAR NORMAL DEPARTURE LAST
                VALUE   (LST)  VALUE       VALUE  FROM      YEAR
                                                  NORMAL
..................................................................
TEMPERATURE (F)
 TODAY
  MAXIMUM         65R   312 PM  60    1995  42     23       44
  MINIMUM         39    403 AM  -6    1985  23     16       30
  AVERAGE         52                        32     20       37

PRECIPITATION (IN)
  TODAY            0.00          0.39 1979   0.04  -0.04     0.11
  MONTH TO DATE    0.70                      0.70   0.00     0.18
  SINCE OCT 1      0.83                      1.46  -0.63     3.13
  SINCE JAN 1     11.02                      8.77   2.25    11.83

SNOWFALL (IN)
  TODAY           MM
  MONTH TO DATE   MM
  SINCE SEP 1     MM
  SINCE JUL 1     MM
  SNOW DEPTH      MM

DEGREE DAYS
 HEATING
  TODAY           13                        33    -20       28
  MONTH TO DATE  530                       641   -111      478
  SINCE SEP 1   1375                      1392    -17     1138
  SINCE JUL 1   1381                      1449    -68     1194

 COOLING
  TODAY            0                         0      0        0
  MONTH TO DATE    0                         0      0        0
  SINCE SEP 1     68                        21     47       10
  SINCE JAN 1    601                       365    236      353
..................................................................


WIND (MPH)
  HIGHEST WIND SPEED    22   HIGHEST WIND DIRECTION    SW (220)
  HIGHEST GUST SPEED    29   HIGHEST GUST DIRECTION    SW (220)
  AVERAGE WIND SPEED     9.8


SKY COVER
  POSSIBLE SUNSHINE  MM
  AVERAGE SKY COVER 0.1


WEATHER CONDITIONS
 THE FOLLOWING WEATHER WAS RECORDED TODAY.
  NO SIGNIFICANT WEATHER WAS OBSERVED.


RELATIVE HUMIDITY (PERCENT)
 HIGHEST    92           200 AM
 LOWEST     40           300 PM
 AVERAGE    66

..........................................................


THE BURLEY ID CLIMATE NORMALS FOR TOMORROW
                         NORMAL    RECORD    YEAR
 MAXIMUM TEMPERATURE (F)   41        66      1995
 MINIMUM TEMPERATURE (F)   23         3      2010


SUNRISE AND SUNSET
NOVEMBER 23 2017......SUNRISE   736 AM MST   SUNSET   506 PM MST
NOVEMBER 24 2017......SUNRISE   738 AM MST   SUNSET   506 PM MST


-  INDICATES NEGATIVE NUMBERS.
R  INDICATES RECORD WAS SET OR TIED.
MM INDICATES DATA IS MISSING.
T  INDICATES TRACE AMOUNT.




$$
