000
CDUS45 KPIH 300730
CLIBYI


CLIMATE REPORT
NATIONAL WEATHER SERVICE POCATELLO ID
128 AM MDT TUE SEP 30 2014


...................................

...THE BURLEY ID CLIMATE SUMMARY FOR SEPTEMBER 29 2014...

CLIMATE NORMAL PERIOD 1981 TO 2010
CLIMATE RECORD PERIOD 1948 TO 2014


WEATHER ITEM   OBSERVED TIME   RECORD YEAR NORMAL DEPARTURE LAST
                VALUE   (LST)  VALUE       VALUE  FROM      YEAR
                                                  NORMAL
..................................................................
TEMPERATURE (F)
 YESTERDAY
  MAXIMUM         57    356 PM  89    1992  68    -11       67
  MINIMUM         45    702 AM  23    1984  39      6       56
  AVERAGE         51                        54     -3       62

PRECIPITATION (IN)
  YESTERDAY        0.04          0.30 1977   0.02   0.02      T
  MONTH TO DATE    0.39                      0.53  -0.14     1.37
  SINCE OCT 1     10.48                     10.12   0.36     7.67
  SINCE JAN 1      9.87                      7.29   2.58     4.07

SNOWFALL (IN)
  YESTERDAY       MM
  MONTH TO DATE   MM
  SINCE SEP 1     MM
  SINCE JUL 1     MM
  SNOW DEPTH      MM

DEGREE DAYS
 HEATING
  YESTERDAY       14                        12      2        3
  MONTH TO DATE  112                       200    -88      134
  SINCE SEP 1    112                       200    -88      134
  SINCE JUL 1    142                       257   -115      134

 COOLING
  YESTERDAY        0                         0      0        0
  MONTH TO DATE   27                        19      8       54
  SINCE SEP 1     27                        19      8       54
  SINCE JAN 1    428                       363     65      642
..................................................................


WIND (MPH)
  HIGHEST WIND SPEED    14   HIGHEST WIND DIRECTION     W (250)
  HIGHEST GUST SPEED    17   HIGHEST GUST DIRECTION     W (250)
  AVERAGE WIND SPEED     3.5


SKY COVER
  POSSIBLE SUNSHINE  MM
  AVERAGE SKY COVER 0.9


WEATHER CONDITIONS
 THE FOLLOWING WEATHER WAS RECORDED YESTERDAY.
  LIGHT RAIN
  FOG


RELATIVE HUMIDITY (PERCENT)
 HIGHEST    93          1200 AM
 LOWEST     66           400 PM
 AVERAGE    80

..........................................................


THE BURLEY ID CLIMATE NORMALS FOR TODAY
                         NORMAL    RECORD    YEAR
 MAXIMUM TEMPERATURE (F)   68        92      1992
 MINIMUM TEMPERATURE (F)   39        23      1950


SUNRISE AND SUNSET
SEPTEMBER 30 2014.....SUNRISE   731 AM MDT   SUNSET   718 PM MDT
OCTOBER  1 2014.......SUNRISE   732 AM MDT   SUNSET   716 PM MDT


-  INDICATES NEGATIVE NUMBERS.
R  INDICATES RECORD WAS SET OR TIED.
MM INDICATES DATA IS MISSING.
T  INDICATES TRACE AMOUNT.




$$
