000
CDUS45 KPIH 200733
CLIBYI


CLIMATE REPORT
NATIONAL WEATHER SERVICE POCATELLO ID
133 AM MDT SAT SEP 20 2014


...................................

...THE BURLEY ID CLIMATE SUMMARY FOR SEPTEMBER 19 2014...

CLIMATE NORMAL PERIOD 1981 TO 2010
CLIMATE RECORD PERIOD 1948 TO 2014


WEATHER ITEM   OBSERVED TIME   RECORD YEAR NORMAL DEPARTURE LAST
                VALUE   (LST)  VALUE       VALUE  FROM      YEAR
                                                  NORMAL
..................................................................
TEMPERATURE (F)
 YESTERDAY
  MAXIMUM         76    402 PM  90    1956  73      3       67
  MINIMUM         51   1130 PM  18    1965  42      9       34
  AVERAGE         64                        57      7       51

PRECIPITATION (IN)
  YESTERDAY        0.00          0.29 1970   0.02  -0.02     0.00
  MONTH TO DATE    T                         0.32  -0.32     1.22
  SINCE OCT 1     10.09                      9.91   0.18     7.52
  SINCE JAN 1      9.48                      7.08   2.40     3.92

SNOWFALL (IN)
  YESTERDAY       MM
  MONTH TO DATE   MM
  SINCE SEP 1     MM
  SINCE JUL 1     MM
  SNOW DEPTH      MM

DEGREE DAYS
 HEATING
  YESTERDAY        1                         8     -7       14
  MONTH TO DATE   66                       101    -35       30
  SINCE SEP 1     66                       101    -35       30
  SINCE JUL 1     96                       158    -62       30

 COOLING
  YESTERDAY        0                         0      0        0
  MONTH TO DATE   19                        19      0       53
  SINCE SEP 1     19                        19      0       53
  SINCE JAN 1    420                       363     57      641
..................................................................


WIND (MPH)
  HIGHEST WIND SPEED    20   HIGHEST WIND DIRECTION     W (260)
  HIGHEST GUST SPEED    25   HIGHEST GUST DIRECTION     W (260)
  AVERAGE WIND SPEED     7.8


SKY COVER
  POSSIBLE SUNSHINE  MM
  AVERAGE SKY COVER 0.0


WEATHER CONDITIONS
 THE FOLLOWING WEATHER WAS RECORDED YESTERDAY.
  LIGHT RAIN
  HAZE


RELATIVE HUMIDITY (PERCENT)
 HIGHEST    77          1100 PM
 LOWEST     36           300 PM
 AVERAGE    57

..........................................................


THE BURLEY ID CLIMATE NORMALS FOR TODAY
                         NORMAL    RECORD    YEAR
 MAXIMUM TEMPERATURE (F)   72        89      1991
 MINIMUM TEMPERATURE (F)   42        27      1983


SUNRISE AND SUNSET
SEPTEMBER 20 2014.....SUNRISE   720 AM MDT   SUNSET   736 PM MDT
SEPTEMBER 21 2014.....SUNRISE   721 AM MDT   SUNSET   734 PM MDT


-  INDICATES NEGATIVE NUMBERS.
R  INDICATES RECORD WAS SET OR TIED.
MM INDICATES DATA IS MISSING.
T  INDICATES TRACE AMOUNT.




$$
