669
CDUS45 KPIH 190729
CLIBYI


CLIMATE REPORT
NATIONAL WEATHER SERVICE POCATELLO ID
1228 AM MST SUN FEB 19 2017


...................................

...THE BURLEY ID CLIMATE SUMMARY FOR FEBRUARY 18 2017...

CLIMATE NORMAL PERIOD 1981 TO 2010
CLIMATE RECORD PERIOD 1948 TO 2017


WEATHER ITEM   OBSERVED TIME   RECORD YEAR NORMAL DEPARTURE LAST
                VALUE   (LST)  VALUE       VALUE  FROM      YEAR
                                                  NORMAL
..................................................................
TEMPERATURE (F)
 YESTERDAY
  MAXIMUM         52    119 PM  62    1958  41     11       52
  MINIMUM         39   1203 AM   4    1984  22     17       36
  AVERAGE         46                        32     14       44

PRECIPITATION (IN)
  YESTERDAY        0.09          0.32 1980   0.03   0.06     0.12
  MONTH TO DATE    1.35                      0.47   0.88     0.25
  SINCE OCT 1      8.19                      4.21   3.98     4.13
  SINCE JAN 1      3.40                      1.38   2.02     1.33

SNOWFALL (IN)
  YESTERDAY       MM
  MONTH TO DATE   MM
  SINCE DEC 1     MM
  SINCE JUL 1     MM
  SNOW DEPTH      MM

DEGREE DAYS
 HEATING
  YESTERDAY       19                        33    -14       21
  MONTH TO DATE  497                       638   -141      542
  SINCE DEC 1   3096                      3016     80     2803
  SINCE JUL 1   4494                      4704   -210     4224

 COOLING
  YESTERDAY        0                         0      0        0
  MONTH TO DATE    0                         0      0        0
  SINCE DEC 1      0                         0      0        0
  SINCE JAN 1      0                         0      0        0
..................................................................


WIND (MPH)
  HIGHEST WIND SPEED    21   HIGHEST WIND DIRECTION     S (190)
  HIGHEST GUST SPEED    25   HIGHEST GUST DIRECTION     S (190)
  AVERAGE WIND SPEED     7.7


SKY COVER
  POSSIBLE SUNSHINE  MM
  AVERAGE SKY COVER 1.0


WEATHER CONDITIONS
 THE FOLLOWING WEATHER WAS RECORDED YESTERDAY.
  RAIN
  LIGHT RAIN
  FOG


RELATIVE HUMIDITY (PERCENT)
 HIGHEST    79          1200 AM
 LOWEST     50           100 PM
 AVERAGE    65

..........................................................


THE BURLEY ID CLIMATE NORMALS FOR TODAY
                         NORMAL    RECORD    YEAR
 MAXIMUM TEMPERATURE (F)   41        64      1995
 MINIMUM TEMPERATURE (F)   22        -3      1984


SUNRISE AND SUNSET
FEBRUARY 19 2017......SUNRISE   726 AM MST   SUNSET   613 PM MST
FEBRUARY 20 2017......SUNRISE   724 AM MST   SUNSET   614 PM MST


-  INDICATES NEGATIVE NUMBERS.
R  INDICATES RECORD WAS SET OR TIED.
MM INDICATES DATA IS MISSING.
T  INDICATES TRACE AMOUNT.




$$
