000
CDUS45 KPIH 220730
CLIBYI


CLIMATE REPORT
NATIONAL WEATHER SERVICE POCATELLO ID
1229 AM MST SUN JAN 22 2017


...................................

...THE BURLEY ID CLIMATE SUMMARY FOR JANUARY 21 2017...

CLIMATE NORMAL PERIOD 1981 TO 2010
CLIMATE RECORD PERIOD 1948 TO 2017


WEATHER ITEM   OBSERVED TIME   RECORD YEAR NORMAL DEPARTURE LAST
                VALUE   (LST)  VALUE       VALUE  FROM      YEAR
                                                  NORMAL
..................................................................
TEMPERATURE (F)
 YESTERDAY
  MAXIMUM         37    344 PM  53    1994  35      2       40
  MINIMUM         29    152 AM -24    1962  19     10       22
  AVERAGE         33                        27      6       31

PRECIPITATION (IN)
  YESTERDAY        T             0.65 2012   0.02  -0.02     0.00
  MONTH TO DATE    1.77                      0.65   1.12     0.54
  SINCE OCT 1      6.56                      3.48   3.08     3.34
  SINCE JAN 1      1.77                      0.65   1.12     0.54

SNOWFALL (IN)
  YESTERDAY       MM
  MONTH TO DATE   MM
  SINCE DEC 1     MM
  SINCE JUL 1     MM
  SNOW DEPTH      MM

DEGREE DAYS
 HEATING
  YESTERDAY       32                        38     -6       34
  MONTH TO DATE  916                       810    106      772
  SINCE DEC 1   2163                      2002    161     1935
  SINCE JUL 1   3561                      3690   -129     3356

 COOLING
  YESTERDAY        0                         0      0        0
  MONTH TO DATE    0                         0      0        0
  SINCE DEC 1      0                         0      0        0
  SINCE JAN 1      0                         0      0        0
..................................................................


WIND (MPH)
  HIGHEST WIND SPEED    17   HIGHEST WIND DIRECTION     S (200)
  HIGHEST GUST SPEED    22   HIGHEST GUST DIRECTION     S (200)
  AVERAGE WIND SPEED     7.9


SKY COVER
  POSSIBLE SUNSHINE  MM
  AVERAGE SKY COVER 0.8


WEATHER CONDITIONS
 THE FOLLOWING WEATHER WAS RECORDED YESTERDAY.
  LIGHT SNOW
  FOG


RELATIVE HUMIDITY (PERCENT)
 HIGHEST    85           200 AM
 LOWEST     64          1000 PM
 AVERAGE    75

..........................................................


THE BURLEY ID CLIMATE NORMALS FOR TODAY
                         NORMAL    RECORD    YEAR
 MAXIMUM TEMPERATURE (F)   35        54      1994
 MINIMUM TEMPERATURE (F)   19       -30      1962


SUNRISE AND SUNSET
JANUARY 22 2017.......SUNRISE   758 AM MST   SUNSET   536 PM MST
JANUARY 23 2017.......SUNRISE   757 AM MST   SUNSET   538 PM MST


-  INDICATES NEGATIVE NUMBERS.
R  INDICATES RECORD WAS SET OR TIED.
MM INDICATES DATA IS MISSING.
T  INDICATES TRACE AMOUNT.




$$
