000
CDUS45 KPIH 300732
CLIBYI


CLIMATE REPORT
NATIONAL WEATHER SERVICE POCATELLO ID
132 AM MDT WED JUL 30 2014


...................................

...THE BURLEY ID CLIMATE SUMMARY FOR JULY 29 2014...

CLIMATE NORMAL PERIOD 1981 TO 2010
CLIMATE RECORD PERIOD 1948 TO 2014


WEATHER ITEM   OBSERVED TIME   RECORD YEAR NORMAL DEPARTURE LAST
                VALUE   (LST)  VALUE       VALUE  FROM      YEAR
                                                  NORMAL
..................................................................
TEMPERATURE (F)
 YESTERDAY
  MAXIMUM         85    150 PM 101    2000  87     -2       85
  MINIMUM         61    608 AM  41    1959  55      6       59
  AVERAGE         73                        71      2       72

PRECIPITATION (IN)
  YESTERDAY        0.00          0.84 1975   0.01  -0.01      T
  MONTH TO DATE    0.01                      0.28  -0.27     0.04
  SINCE OCT 1      7.38                      9.17  -1.79     5.93
  SINCE JAN 1      6.77                      6.34   0.43     2.33

SNOWFALL (IN)
  YESTERDAY       MM
  MONTH TO DATE   MM
  SINCE JUN 1     MM
  SINCE JUL 1     MM
  SNOW DEPTH      MM

DEGREE DAYS
 HEATING
  YESTERDAY        0                         0      0        0
  MONTH TO DATE    3                        20    -17        0
  SINCE JUN 1    107                       154    -47      101
  SINCE JUL 1      3                        20    -17        0

 COOLING
  YESTERDAY        8                         6      2        7
  MONTH TO DATE  239                       148     91      256
  SINCE JUN 1    258                       195     63      342
  SINCE JAN 1    259                       201     58      352
..................................................................


WIND (MPH)
  HIGHEST WIND SPEED    22   HIGHEST WIND DIRECTION     N (340)
  HIGHEST GUST SPEED    31   HIGHEST GUST DIRECTION    NW (320)
  AVERAGE WIND SPEED     7.4


SKY COVER
  POSSIBLE SUNSHINE  MM
  AVERAGE SKY COVER 0.1


WEATHER CONDITIONS
 THE FOLLOWING WEATHER WAS RECORDED YESTERDAY.
  NO SIGNIFICANT WEATHER WAS OBSERVED.


RELATIVE HUMIDITY (PERCENT)
 HIGHEST    84           400 AM
 LOWEST     34           200 PM
 AVERAGE    59

..........................................................


THE BURLEY ID CLIMATE NORMALS FOR TODAY
                         NORMAL    RECORD    YEAR
 MAXIMUM TEMPERATURE (F)   87       107      2000
 MINIMUM TEMPERATURE (F)   55        46      1950


SUNRISE AND SUNSET
JULY 30 2014..........SUNRISE   625 AM MDT   SUNSET   857 PM MDT
JULY 31 2014..........SUNRISE   626 AM MDT   SUNSET   856 PM MDT


-  INDICATES NEGATIVE NUMBERS.
R  INDICATES RECORD WAS SET OR TIED.
MM INDICATES DATA IS MISSING.
T  INDICATES TRACE AMOUNT.




$$
