000
CDUS45 KPIH 280740
CLIBYI


CLIMATE REPORT
NATIONAL WEATHER SERVICE POCATELLO ID
1235 AM MST WED JAN 28 2015


...................................

...THE BURLEY ID CLIMATE SUMMARY FOR JANUARY 27 2015...

CLIMATE NORMAL PERIOD 1981 TO 2010
CLIMATE RECORD PERIOD 1948 TO 2015


WEATHER ITEM   OBSERVED TIME   RECORD YEAR NORMAL DEPARTURE LAST
                VALUE   (LST)  VALUE       VALUE  FROM      YEAR
                                                  NORMAL
..................................................................
TEMPERATURE (F)
 YESTERDAY
  MAXIMUM         52    419 PM  56    1992  36     16       26
  MINIMUM         33    812 AM  -7    1957  19     14       19
  AVERAGE         43                        28     15       23

PRECIPITATION (IN)
  YESTERDAY        0.05          0.84 1968   0.02   0.03     0.00
  MONTH TO DATE    0.61                      0.81  -0.20     0.32
  SINCE OCT 1      2.66                      3.64  -0.98     0.93
  SINCE JAN 1      0.61                      0.81  -0.20     0.32

SNOWFALL (IN)
  YESTERDAY       MM
  MONTH TO DATE   MM
  SINCE DEC 1     MM
  SINCE JUL 1     MM
  SNOW DEPTH      MM

DEGREE DAYS
 HEATING
  YESTERDAY       22                        37    -15       42
  MONTH TO DATE  931                      1037   -106      926
  SINCE DEC 1   1808                      2229   -421     2197
  SINCE JUL 1   3189                      3917   -728     3765

 COOLING
  YESTERDAY        0                         0      0        0
  MONTH TO DATE    0                         0      0        0
  SINCE DEC 1      0                         0      0        0
  SINCE JAN 1      0                         0      0        0
..................................................................


WIND (MPH)
  HIGHEST WIND SPEED    25   HIGHEST WIND DIRECTION    SW (210)
  HIGHEST GUST SPEED    32   HIGHEST GUST DIRECTION     S (200)
  AVERAGE WIND SPEED     8.0


SKY COVER
  POSSIBLE SUNSHINE  MM
  AVERAGE SKY COVER 0.5


WEATHER CONDITIONS
 THE FOLLOWING WEATHER WAS RECORDED YESTERDAY.
  LIGHT RAIN
  FOG


RELATIVE HUMIDITY (PERCENT)
 HIGHEST    89           100 AM
 LOWEST     56          1200 PM
 AVERAGE    73

..........................................................


THE BURLEY ID CLIMATE NORMALS FOR TODAY
                         NORMAL    RECORD    YEAR
 MAXIMUM TEMPERATURE (F)   36        55      1998
 MINIMUM TEMPERATURE (F)   20       -25      1949


SUNRISE AND SUNSET
JANUARY 28 2015.......SUNRISE   753 AM MST   SUNSET   543 PM MST
JANUARY 29 2015.......SUNRISE   752 AM MST   SUNSET   545 PM MST


-  INDICATES NEGATIVE NUMBERS.
R  INDICATES RECORD WAS SET OR TIED.
MM INDICATES DATA IS MISSING.
T  INDICATES TRACE AMOUNT.




$$
