000
CDUS45 KTFX 281008
CLIBZN


CLIMATE REPORT
NATIONAL WEATHER SERVICE GREAT FALLS MT
407 AM MDT TUE JUL 28 2015


...................................

...THE BOZEMAN/GALLATIN FIELD MT CLIMATE SUMMARY FOR JULY 27 2015...

CLIMATE NORMAL PERIOD 1981 TO 2010
CLIMATE RECORD PERIOD 1935 TO 2015


WEATHER ITEM   OBSERVED TIME   RECORD YEAR NORMAL DEPARTURE LAST
                VALUE   (LST)  VALUE       VALUE  FROM      YEAR
                                                  NORMAL
..................................................................
TEMPERATURE (F)
 YESTERDAY
  MAXIMUM         62    819 AM  97    2006  90    -28       90
  MINIMUM         48   1159 PM  41    2005  52     -4       44
  AVERAGE         55                        71    -16       67

PRECIPITATION (IN)
  YESTERDAY        0.57R         0.15 1956   0.03   0.54     0.00
  MONTH TO DATE    1.78                      1.01   0.77     0.38
  SINCE OCT 1     10.27                     11.69  -1.42    10.43
  SINCE JAN 1      8.34                      9.31  -0.97     9.38

SNOWFALL (IN)
  YESTERDAY        0.0           0.0  1998   0.0    0.0      0.0
                                      1994
  MONTH TO DATE    0.0                       0.0    0.0      0.0
  SINCE JUN 1      0.0                       0.0    0.0      0.0
  SINCE JUL 1      0.0                       0.0    0.0      0.0
  SNOW DEPTH       0

DEGREE DAYS
 HEATING
  YESTERDAY       10                         0     10        0
  MONTH TO DATE   19                        27     -8       13
  SINCE JUN 1     91                       168    -77      249
  SINCE JUL 1     19                        27     -8       13

 COOLING
  YESTERDAY        0                         6     -6        2
  MONTH TO DATE   73                       138    -65      106
  SINCE JUN 1    143                       176    -33      106
  SINCE JAN 1    143                       180    -37      106
..................................................................


WIND (MPH)
  HIGHEST WIND SPEED    29   HIGHEST WIND DIRECTION    NW (310)
  HIGHEST GUST SPEED    36   HIGHEST GUST DIRECTION     W (260)
  AVERAGE WIND SPEED     9.1


SKY COVER
  AVERAGE SKY COVER 0.7


WEATHER CONDITIONS
 THE FOLLOWING WEATHER WAS RECORDED YESTERDAY.
  THUNDERSTORM
  HEAVY RAIN
  RAIN
  LIGHT RAIN
  FOG
  HAZE


RELATIVE HUMIDITY (PERCENT)
 HIGHEST    93
 LOWEST     64
 AVERAGE    79

..........................................................


THE BOZEMAN/GALLATIN FIELD MT CLIMATE NORMALS FOR TODAY
                         NORMAL    RECORD    YEAR
 MAXIMUM TEMPERATURE (F)   90       101      2006
 MINIMUM TEMPERATURE (F)   52        34      1949


SUNRISE AND SUNSET
JULY 28 2015..........SUNRISE   603 AM MDT   SUNSET   859 PM MDT
JULY 29 2015..........SUNRISE   604 AM MDT   SUNSET   857 PM MDT


-  INDICATES NEGATIVE NUMBERS.
R  INDICATES RECORD WAS SET OR TIED.
MM INDICATES DATA IS MISSING.
T  INDICATES TRACE AMOUNT.




$$
