430
CDUS45 KTFX 290751
CLIBZN


CLIMATE REPORT
NATIONAL WEATHER SERVICE GREAT FALLS MT
151 AM MDT FRI APR 29 2016


...................................

...THE BOZEMAN/GALLATIN FIELD MT CLIMATE SUMMARY FOR APRIL 28 2016...

CLIMATE NORMAL PERIOD 1981 TO 2010
CLIMATE RECORD PERIOD 1935 TO 2016


WEATHER ITEM   OBSERVED TIME   RECORD YEAR NORMAL DEPARTURE LAST
                VALUE   (LST)  VALUE       VALUE  FROM      YEAR
                                                  NORMAL
..................................................................
TEMPERATURE (F)
 YESTERDAY
  MAXIMUM         47    214 PM  83    2007  63    -16       73
  MINIMUM         33    704 AM  17    1984  34     -1       29
  AVERAGE         40                        48     -8       51

PRECIPITATION (IN)
  YESTERDAY        0.10          0.66 1990   0.06   0.04     0.00
  MONTH TO DATE    0.84                      1.47  -0.63     1.71
  SINCE OCT 1      5.24                      5.70  -0.46     4.48
  SINCE JAN 1      2.39                      3.32  -0.93     2.55

SNOWFALL (IN)
  YESTERDAY        T             3.8  1990   0.2   -0.2      0.0
  MONTH TO DATE    T                         7.2   -7.2      5.0
  SINCE MAR 1      2.1                      14.9  -12.8      7.0
  SINCE JUL 1     25.7                      37.2  -11.5     37.4
  SNOW DEPTH       0

DEGREE DAYS
 HEATING
  YESTERDAY       25                        17      8       14
  MONTH TO DATE  506                       566    -60      662
  SINCE MAR 1   1331                      1450   -119     1418
  SINCE JUL 1   7016                      7030    -14     7000

 COOLING
  YESTERDAY        0                         0      0        0
  MONTH TO DATE    0                         0      0        0
  SINCE MAR 1      0                         0      0        0
  SINCE JAN 1      0                         0      0        0
..................................................................


WIND (MPH)
  HIGHEST WIND SPEED    17   HIGHEST WIND DIRECTION     E (80)
  HIGHEST GUST SPEED    22   HIGHEST GUST DIRECTION     E (70)
  AVERAGE WIND SPEED     5.0


SKY COVER
  AVERAGE SKY COVER 1.0


WEATHER CONDITIONS
 THE FOLLOWING WEATHER WAS RECORDED YESTERDAY.
  LIGHT RAIN
  LIGHT SNOW
  FOG


RELATIVE HUMIDITY (PERCENT)
 HIGHEST    96
 LOWEST     45
 AVERAGE    71

..........................................................


THE BOZEMAN/GALLATIN FIELD MT CLIMATE NORMALS FOR TODAY
                         NORMAL    RECORD    YEAR
 MAXIMUM TEMPERATURE (F)   63        82      2007
                                             1992
 MINIMUM TEMPERATURE (F)   34        15      2005


SUNRISE AND SUNSET
APRIL 29 2016.........SUNRISE   614 AM MDT   SUNSET   830 PM MDT
APRIL 30 2016.........SUNRISE   613 AM MDT   SUNSET   832 PM MDT


-  INDICATES NEGATIVE NUMBERS.
R  INDICATES RECORD WAS SET OR TIED.
MM INDICATES DATA IS MISSING.
T  INDICATES TRACE AMOUNT.




$$
