000
CDUS45 KTFX 012223
CLIBZN


CLIMATE REPORT
NATIONAL WEATHER SERVICE GREAT FALLS MT
421 PM MDT FRI AUG 1 2014


...................................

...THE BOZEMAN/GALLATIN FIELD MT CLIMATE SUMMARY FOR AUGUST 1 2014...
VALID TODAY AS OF 0400 PM LOCAL TIME.

CLIMATE NORMAL PERIOD 1981 TO 2010
CLIMATE RECORD PERIOD 1935 TO 2014


WEATHER ITEM   OBSERVED TIME   RECORD YEAR NORMAL DEPARTURE LAST
                VALUE   (LST)  VALUE       VALUE  FROM      YEAR
                                                  NORMAL
..................................................................
TEMPERATURE (F)
 TODAY
  MAXIMUM         90    259 PM  99    2008  90      0       86
  MINIMUM         48    457 AM  37    2002  52     -4       53
                                      2001
  AVERAGE         69                        71     -2       70

PRECIPITATION (IN)
  TODAY            0.00          1.76 1948   0.03  -0.03     0.53
  MONTH TO DATE    0.00                      0.03  -0.03     0.53
  SINCE OCT 1     10.43                     11.83  -1.40    10.14
  SINCE JAN 1      9.38                      9.45  -0.07     7.83

SNOWFALL (IN)
  TODAY            0.0           T    1991   0.0    0.0      0.0
                                      2001
                                      1994
  MONTH TO DATE    0.0                       0.0    0.0      0.0
  SINCE JUN 1      0.0                       0.0    0.0      0.0
  SINCE JUL 1      0.0                       0.0    0.0      0.0
  SNOW DEPTH       0

DEGREE DAYS
 HEATING
  TODAY            0                         0      0        0
  MONTH TO DATE    0                         0      0        0
  SINCE JUN 1    249                       169     80      169
  SINCE JUL 1     13                        28    -15        2

 COOLING
  TODAY            4                         6     -2        5
  MONTH TO DATE    4                         6     -2        5
  SINCE JUN 1    127                       210    -83      167
  SINCE JAN 1    127                       214    -87      169
..................................................................


WIND (MPH)
  HIGHEST WIND SPEED    10   HIGHEST WIND DIRECTION     S (160)
  HIGHEST GUST SPEED    12   HIGHEST GUST DIRECTION    NW (330)
  AVERAGE WIND SPEED     4.2


SKY COVER
  AVERAGE SKY COVER 0.0


WEATHER CONDITIONS
 THE FOLLOWING WEATHER WAS RECORDED TODAY.
  NO SIGNIFICANT WEATHER WAS OBSERVED.


RELATIVE HUMIDITY (PERCENT)
 HIGHEST    80           500 AM
 LOWEST     17           200 PM
 AVERAGE    49

..........................................................


THE BOZEMAN/GALLATIN FIELD MT CLIMATE NORMALS FOR TOMORROW
                         NORMAL    RECORD    YEAR
 MAXIMUM TEMPERATURE (F)   90        99      1961
 MINIMUM TEMPERATURE (F)   52        37      1937


SUNRISE AND SUNSET
AUGUST  1 2014........SUNRISE   608 AM MDT   SUNSET   853 PM MDT
AUGUST  2 2014........SUNRISE   609 AM MDT   SUNSET   852 PM MDT


-  INDICATES NEGATIVE NUMBERS.
R  INDICATES RECORD WAS SET OR TIED.
MM INDICATES DATA IS MISSING.
T  INDICATES TRACE AMOUNT.




$$
