000
CDUS45 KTFX 240747
CLIBZN


CLIMATE REPORT
NATIONAL WEATHER SERVICE GREAT FALLS MT
146 AM MDT TUE MAY 24 2016


...................................

...THE BOZEMAN/GALLATIN FIELD MT CLIMATE SUMMARY FOR MAY 23 2016...

CLIMATE NORMAL PERIOD 1981 TO 2010
CLIMATE RECORD PERIOD 1935 TO 2016


WEATHER ITEM   OBSERVED TIME   RECORD YEAR NORMAL DEPARTURE LAST
                VALUE   (LST)  VALUE       VALUE  FROM      YEAR
                                                  NORMAL
..................................................................
TEMPERATURE (F)
 YESTERDAY
  MAXIMUM         55   1100 AM  85    1985  70    -15       58
  MINIMUM         40    104 AM  26    1986  41     -1       47
  AVERAGE         48                        56     -8       53

PRECIPITATION (IN)
  YESTERDAY        0.30          0.63 1965   0.09   0.21     0.18
  MONTH TO DATE    2.14                      1.70   0.44     2.00
  SINCE OCT 1      7.38                      7.53  -0.15     6.56
  SINCE JAN 1      4.53                      5.15  -0.62     4.63

SNOWFALL (IN)
  YESTERDAY        0.0           0.3  1964   0.0    0.0      0.0
  MONTH TO DATE    T                         2.1   -2.1      0.0
  SINCE MAR 1      2.1                      17.3  -15.2      7.0
  SINCE JUL 1     25.7                      39.6  -13.9     37.4
  SNOW DEPTH       0

DEGREE DAYS
 HEATING
  YESTERDAY       17                        10      7       12
  MONTH TO DATE  337                       288     49      373
  SINCE MAR 1   1711                      1769    -58     1815
  SINCE JUL 1   7396                      7349     47     7397

 COOLING
  YESTERDAY        0                         0      0        0
  MONTH TO DATE    0                         0      0        0
  SINCE MAR 1      0                         0      0        0
  SINCE JAN 1      0                         0      0        0
..................................................................


WIND (MPH)
  HIGHEST WIND SPEED    21   HIGHEST WIND DIRECTION    SW (240)
  HIGHEST GUST SPEED    27   HIGHEST GUST DIRECTION     W (280)
  AVERAGE WIND SPEED     9.2


SKY COVER
  AVERAGE SKY COVER 0.9


WEATHER CONDITIONS
 THE FOLLOWING WEATHER WAS RECORDED YESTERDAY.
  RAIN
  LIGHT RAIN
  FOG


RELATIVE HUMIDITY (PERCENT)
 HIGHEST    89
 LOWEST     38
 AVERAGE    64

..........................................................


THE BOZEMAN/GALLATIN FIELD MT CLIMATE NORMALS FOR TODAY
                         NORMAL    RECORD    YEAR
 MAXIMUM TEMPERATURE (F)   71        87      1988
 MINIMUM TEMPERATURE (F)   41        28      1989


SUNRISE AND SUNSET
MAY 24 2016...........SUNRISE   544 AM MDT   SUNSET   900 PM MDT
MAY 25 2016...........SUNRISE   543 AM MDT   SUNSET   901 PM MDT


-  INDICATES NEGATIVE NUMBERS.
R  INDICATES RECORD WAS SET OR TIED.
MM INDICATES DATA IS MISSING.
T  INDICATES TRACE AMOUNT.




$$
