000
CDUS45 KTFX 250735
CLIBZN


CLIMATE REPORT
NATIONAL WEATHER SERVICE GREAT FALLS MT
1233 AM MST SUN JAN 25 2015


...................................

...THE BOZEMAN/GALLATIN FIELD MT CLIMATE SUMMARY FOR JANUARY 24 2015...

CLIMATE NORMAL PERIOD 1981 TO 2010
CLIMATE RECORD PERIOD 1935 TO 2015


WEATHER ITEM   OBSERVED TIME   RECORD YEAR NORMAL DEPARTURE
                VALUE   (LST)  VALUE       VALUE  FROM
                                                  NORMAL
...............................................................
TEMPERATURE (F)
 YESTERDAY
  MAXIMUM         43    429 PM  60    1953  37      6
  MINIMUM         29   1251 AM -44    1969  12     17
  AVERAGE         36                        24     12

PRECIPITATION (IN)
  YESTERDAY        T             0.39 1948   0.02  -0.02
  MONTH TO DATE    0.22                      0.38  -0.16
  SINCE OCT 1      2.15                      2.76  -0.61
  SINCE JAN 1      0.22                      0.38  -0.16

SNOWFALL (IN)
  YESTERDAY        T             8.2  1948   0.1   -0.1
  MONTH TO DATE    4.8                       3.0    1.8
  SINCE DEC 1     12.9                       9.0    3.9
  SINCE JUL 1     28.5                      16.4   12.1
  SNOW DEPTH       2

DEGREE DAYS
 HEATING
  YESTERDAY       29                              -12
  MONTH TO DATE 1038                               32
  SINCE DEC 1   2327                              -33
  SINCE JUL 1   4454                              213

 COOLING
  YESTERDAY        0                                0
  MONTH TO DATE    0                                0
  SINCE DEC 1      0                                0
  SINCE JAN 1      0                                0
...............................................................


WIND (MPH)
  HIGHEST WIND SPEED    13   HIGHEST WIND DIRECTION    NE (50)
  HIGHEST GUST SPEED    14   HIGHEST GUST DIRECTION    SW (240)
  AVERAGE WIND SPEED     4.9



WEATHER CONDITIONS
 THE FOLLOWING WEATHER WAS RECORDED YESTERDAY.
  MIXED PRECIP
  LIGHT RAIN


RELATIVE HUMIDITY (PERCENT)
 HIGHEST    89
 LOWEST     65
 AVERAGE    77

..........................................................


THE BOZEMAN/GALLATIN FIELD MT CLIMATE NORMALS FOR TODAY
                         NORMAL    RECORD    YEAR
 MAXIMUM TEMPERATURE (F)   37        52      1953
 MINIMUM TEMPERATURE (F)   12       -43      1949


SUNRISE AND SUNSET
JANUARY 25 2015.......SUNRISE   754 AM MST   SUNSET   520 PM MST
JANUARY 26 2015.......SUNRISE   753 AM MST   SUNSET   522 PM MST


-  INDICATES NEGATIVE NUMBERS.
R  INDICATES RECORD WAS SET OR TIED.
MM INDICATES DATA IS MISSING.
T  INDICATES TRACE AMOUNT.




$$
