000
CDUS42 KCAE 310540
CLICAE


CLIMATE REPORT
NATIONAL WEATHER SERVICE COLUMBIA SC
140 AM EDT FRI OCT 31 2014


...................................

...THE COLUMBIA METRO AIRPORT SC CLIMATE SUMMARY FOR OCTOBER 30 2014...

CLIMATE NORMAL PERIOD 1981 TO 2010
CLIMATE RECORD PERIOD 1887 TO 2014


WEATHER ITEM   OBSERVED TIME   RECORD YEAR NORMAL DEPARTURE LAST
                VALUE   (LST)  VALUE       VALUE  FROM      YEAR
                                                  NORMAL
..................................................................
TEMPERATURE (F)
 YESTERDAY
  MAXIMUM         73    320 PM  88    1984  72      1       82
  MINIMUM         48   1159 PM  23    1952  47      1       50
  AVERAGE         61                        60      1       66

PRECIPITATION (IN)
  YESTERDAY        0.00          2.87 1970   0.09  -0.09     0.00
  MONTH TO DATE    3.04                      3.08  -0.04     1.98
  SINCE SEP 1      5.85                      6.62  -0.77     4.02
  SINCE JAN 1     33.93                     38.54  -4.61    47.53

SNOWFALL (IN)
  YESTERDAY        0.0          MM      MM   0.0             0.0
  MONTH TO DATE    0.0                       0.0             0.0
  SINCE SEP 1      0.0                       0.0             0.0
  SINCE JUL 1      0.0                       0.0             0.0

DEGREE DAYS
 HEATING
  YESTERDAY        4                         6     -2        0
  MONTH TO DATE   57                       105    -48       71
  SINCE SEP 1     61                       113    -52       71
  SINCE JUL 1     61                       113    -52       71

 COOLING
  YESTERDAY        0                         1     -1        1
  MONTH TO DATE  131                        84     47      118
  SINCE SEP 1    493                       383    110      463
  SINCE JAN 1   2527                      2151    376     2156
..................................................................


WIND (MPH)
  HIGHEST WIND SPEED    15   HIGHEST WIND DIRECTION    NE (30)
  HIGHEST GUST SPEED    20   HIGHEST GUST DIRECTION    NE (30)
  AVERAGE WIND SPEED     5.2


SKY COVER
  AVERAGE SKY COVER 0.3


WEATHER CONDITIONS
 THE FOLLOWING WEATHER WAS RECORDED YESTERDAY.
  NO SIGNIFICANT WEATHER WAS OBSERVED.


RELATIVE HUMIDITY (PERCENT)
 HIGHEST    86          1100 PM
 LOWEST     31           300 PM
 AVERAGE    59

..........................................................


THE COLUMBIA METRO AIRPORT SC CLIMATE NORMALS FOR TODAY
                         NORMAL    RECORD    YEAR
 MAXIMUM TEMPERATURE (F)   72        88      1950
 MINIMUM TEMPERATURE (F)   47        31      2008
                                             1952


SUNRISE AND SUNSET
OCTOBER 31 2014.......SUNRISE   743 AM EDT   SUNSET   633 PM EDT
NOVEMBER  1 2014......SUNRISE   744 AM EDT   SUNSET   632 PM EDT


-  INDICATES NEGATIVE NUMBERS.
R  INDICATES RECORD WAS SET OR TIED.
MM INDICATES DATA IS MISSING.
T  INDICATES TRACE AMOUNT.




$$
