000
CDUS42 KCAE 310555
CLICAE


CLIMATE REPORT
NATIONAL WEATHER SERVICE COLUMBIA SC
155 AM EDT THU JUL 31 2014


...................................

...THE COLUMBIA METRO AIRPORT SC CLIMATE SUMMARY FOR JULY 30 2014...

CLIMATE NORMAL PERIOD 1981 TO 2010
CLIMATE RECORD PERIOD 1887 TO 2014


WEATHER ITEM   OBSERVED TIME   RECORD YEAR NORMAL DEPARTURE LAST
                VALUE   (LST)  VALUE       VALUE  FROM      YEAR
                                                  NORMAL
..................................................................
TEMPERATURE (F)
 YESTERDAY
  MAXIMUM         92    307 PM 103    1952  92      0       90
  MINIMUM         70    216 AM  62    1983  72     -2       72
                                      1914
  AVERAGE         81                        82     -1       81

PRECIPITATION (IN)
  YESTERDAY        0.00          3.38 1889   0.19  -0.19     0.00
  MONTH TO DATE    2.53                      5.26  -2.73    11.21
  SINCE JUN 1      3.94                      9.95  -6.01    17.38
  SINCE JAN 1     22.90                     26.46  -3.56    36.00

SNOWFALL (IN)
  YESTERDAY        0.0          MM      MM   0.0             0.0
  MONTH TO DATE    0.0                       0.0             0.0
  SINCE JUN 1      0.0                       0.0             0.0
  SINCE JUL 1      0.0                       0.0             0.0

DEGREE DAYS
 HEATING
  YESTERDAY        0                         0      0        0
  MONTH TO DATE    0                         0      0        0
  SINCE JUN 1      0                         1     -1        0
  SINCE JUL 1      0                         0      0        0

 COOLING
  YESTERDAY       16                        17     -1       16
  MONTH TO DATE  552                       510     42      473
  SINCE JUN 1   1072                       934    138      907
  SINCE JAN 1   1486                      1255    231     1227
..................................................................


WIND (MPH)
  HIGHEST WIND SPEED    20   HIGHEST WIND DIRECTION     S (160)
  HIGHEST GUST SPEED    25   HIGHEST GUST DIRECTION     S (160)
  AVERAGE WIND SPEED     4.7


SKY COVER
  AVERAGE SKY COVER 0.5


WEATHER CONDITIONS
 THE FOLLOWING WEATHER WAS RECORDED YESTERDAY.
  NO SIGNIFICANT WEATHER WAS OBSERVED.


RELATIVE HUMIDITY (PERCENT)
 HIGHEST    74          1000 PM
 LOWEST     37           400 PM
 AVERAGE    56

..........................................................


THE COLUMBIA METRO AIRPORT SC CLIMATE NORMALS FOR TODAY
                         NORMAL    RECORD    YEAR
 MAXIMUM TEMPERATURE (F)   92       103      1999
 MINIMUM TEMPERATURE (F)   72        58      1936


SUNRISE AND SUNSET
JULY 31 2014..........SUNRISE   635 AM EDT   SUNSET   826 PM EDT
AUGUST  1 2014........SUNRISE   636 AM EDT   SUNSET   825 PM EDT


-  INDICATES NEGATIVE NUMBERS.
R  INDICATES RECORD WAS SET OR TIED.
MM INDICATES DATA IS MISSING.
T  INDICATES TRACE AMOUNT.




$$
