000
CDUS42 KCAE 210551
CLICAE


CLIMATE REPORT
NATIONAL WEATHER SERVICE COLUMBIA SC
1250 AM EST SAT JAN 21 2017


...................................

...THE COLUMBIA METRO AIRPORT SC CLIMATE SUMMARY FOR JANUARY 20 2017...

CLIMATE NORMAL PERIOD 1981 TO 2010
CLIMATE RECORD PERIOD 1887 TO 2017


WEATHER ITEM   OBSERVED TIME   RECORD YEAR NORMAL DEPARTURE LAST
                VALUE   (LST)  VALUE       VALUE  FROM      YEAR
                                                  NORMAL
..................................................................
TEMPERATURE (F)
 YESTERDAY
  MAXIMUM         79R   341 PM  76    1890  56     23       49
  MINIMUM         55    246 AM   5    1985  34     21       25
  AVERAGE         67                        45     22       37

PRECIPITATION (IN)
  YESTERDAY        T             1.62 1969   0.12  -0.12      T
  MONTH TO DATE    4.53                      2.28   2.25     1.08
  SINCE DEC 1      7.88                      5.50   2.38     7.53
  SINCE JAN 1      4.53                      2.28   2.25     1.08

SNOWFALL (IN)
  YESTERDAY        0.0          MM      MM   0.0              T
  MONTH TO DATE    0.1                       0.5              T
  SINCE DEC 1      0.1                       0.6              T
  SINCE JUL 1      0.1                       0.6              T

DEGREE DAYS
 HEATING
  YESTERDAY        0                        20    -20       28
  MONTH TO DATE  219                       413   -194      416
  SINCE DEC 1    688                       982   -294      616
  SINCE JUL 1    990                      1423   -433      886

 COOLING
  YESTERDAY        2                         0      2        0
  MONTH TO DATE    4                         0      4        0
  SINCE DEC 1      7                         3      4       59
  SINCE JAN 1      4                         0      4        0
..................................................................


WIND (MPH)
  HIGHEST WIND SPEED    17   HIGHEST WIND DIRECTION     W (250)
  HIGHEST GUST SPEED    22   HIGHEST GUST DIRECTION     W (250)
  AVERAGE WIND SPEED     5.0


SKY COVER
  AVERAGE SKY COVER 0.6


WEATHER CONDITIONS
 THE FOLLOWING WEATHER WAS RECORDED YESTERDAY.
  LIGHT RAIN
  FOG


RELATIVE HUMIDITY (PERCENT)
 HIGHEST    93           700 AM
 LOWEST     42           400 PM
 AVERAGE    68

..........................................................


THE COLUMBIA METRO AIRPORT SC CLIMATE NORMALS FOR TODAY
                         NORMAL    RECORD    YEAR
 MAXIMUM TEMPERATURE (F)   56        78      1959
                                             1922
 MINIMUM TEMPERATURE (F)   34        -1      1985


SUNRISE AND SUNSET
JANUARY 21 2017.......SUNRISE   727 AM EST   SUNSET   545 PM EST
JANUARY 22 2017.......SUNRISE   727 AM EST   SUNSET   546 PM EST


-  INDICATES NEGATIVE NUMBERS.
R  INDICATES RECORD WAS SET OR TIED.
MM INDICATES DATA IS MISSING.
T  INDICATES TRACE AMOUNT.




$$
