000
CDUS42 KCAE 202140
CLICAE


CLIMATE REPORT
NATIONAL WEATHER SERVICE COLUMBIA SC
540 PM EDT FRI OCT 20 2017


...................................

...THE COLUMBIA METRO AIRPORT SC CLIMATE SUMMARY FOR OCTOBER 20 2017...
VALID TODAY AS OF 0500 PM LOCAL TIME.

CLIMATE NORMAL PERIOD 1981 TO 2010
CLIMATE RECORD PERIOD 1887 TO 2017


WEATHER ITEM   OBSERVED TIME   RECORD YEAR NORMAL DEPARTURE LAST
                VALUE   (LST)  VALUE       VALUE  FROM      YEAR
                                                  NORMAL
..................................................................
TEMPERATURE (F)
 TODAY
  MAXIMUM         82    336 PM  89    1984  75      7       87
  MINIMUM         43    653 AM  31    1992  50     -7       62
                                      1981
  AVERAGE         63                        63      0       75

PRECIPITATION (IN)
  TODAY            0.00          2.17 1970   0.10  -0.10     0.00
  MONTH TO DATE    1.01                      2.16  -1.15     4.45
  SINCE SEP 1      5.56                      5.70  -0.14    11.26
  SINCE JAN 1     42.31                     37.62   4.69    34.19

SNOWFALL (IN)
  TODAY            0.0          MM      MM   0.0             0.0
  MONTH TO DATE    0.0                       0.0             0.0
  SINCE SEP 1      0.0                       0.0             0.0
  SINCE JUL 1      0.0                       0.0             0.0

DEGREE DAYS
 HEATING
  TODAY            2                         4     -2        0
  MONTH TO DATE   20                        51    -31        8
  SINCE SEP 1     20                        59    -39        8
  SINCE JUL 1     20                        59    -39        8

 COOLING
  TODAY            0                         2     -2       10
  MONTH TO DATE  171                        70    101      115
  SINCE SEP 1    541                       369    172      555
  SINCE JAN 1   2649                      2137    512     2842
..................................................................


WIND (MPH)
  HIGHEST WIND SPEED     6   HIGHEST WIND DIRECTION     W (260)
  HIGHEST GUST SPEED    11   HIGHEST GUST DIRECTION    NE (50)
  AVERAGE WIND SPEED     1.5


SKY COVER
  AVERAGE SKY COVER 0.0


WEATHER CONDITIONS
 THE FOLLOWING WEATHER WAS RECORDED TODAY.
  NO SIGNIFICANT WEATHER WAS OBSERVED.


RELATIVE HUMIDITY (PERCENT)
 HIGHEST   100           800 AM
 LOWEST     28           200 PM
 AVERAGE    64

..........................................................


THE COLUMBIA METRO AIRPORT SC CLIMATE NORMALS FOR TOMORROW
                         NORMAL    RECORD    YEAR
 MAXIMUM TEMPERATURE (F)   75        89      1943
 MINIMUM TEMPERATURE (F)   50        29      1974


SUNRISE AND SUNSET
OCTOBER 20 2017.......SUNRISE   734 AM EDT   SUNSET   644 PM EDT
OCTOBER 21 2017.......SUNRISE   735 AM EDT   SUNSET   643 PM EDT


-  INDICATES NEGATIVE NUMBERS.
R  INDICATES RECORD WAS SET OR TIED.
MM INDICATES DATA IS MISSING.
T  INDICATES TRACE AMOUNT.




$$
