000
CDUS42 KCAE 210620
CLICAE


CLIMATE REPORT
NATIONAL WEATHER SERVICE COLUMBIA SC
119 AM EST TUE FEB 21 2017


...................................

...THE COLUMBIA METRO AIRPORT SC CLIMATE SUMMARY FOR FEBRUARY 20 2017...

CLIMATE NORMAL PERIOD 1981 TO 2010
CLIMATE RECORD PERIOD 1887 TO 2017


WEATHER ITEM   OBSERVED TIME   RECORD YEAR NORMAL DEPARTURE LAST
                VALUE   (LST)  VALUE       VALUE  FROM      YEAR
                                                  NORMAL
..................................................................
TEMPERATURE (F)
 YESTERDAY
  MAXIMUM         76    331 PM  84    2014  62     14       68
  MINIMUM         40    647 AM  12    2015  38      2       44
  AVERAGE         58                        50      8       56

PRECIPITATION (IN)
  YESTERDAY        0.00          1.05 1913   0.13  -0.13      T
  MONTH TO DATE    1.60                      2.54  -0.94     2.51
  SINCE DEC 1     11.99                      9.34   2.65    10.90
  SINCE JAN 1      8.64                      6.12   2.52     4.45

SNOWFALL (IN)
  YESTERDAY        0.0          MM      MM   0.0             0.0
  MONTH TO DATE    0.0                       0.4              T
  SINCE DEC 1      0.1                       1.3              T
  SINCE JUL 1      0.1                       1.3              T

DEGREE DAYS
 HEATING
  YESTERDAY        7                        16     -9        9
  MONTH TO DATE  193                       348   -155      367
  SINCE DEC 1   1007                      1543   -536     1199
  SINCE JUL 1   1309                      1984   -675     1469

 COOLING
  YESTERDAY        0                         0      0        0
  MONTH TO DATE    5                         0      5        4
  SINCE DEC 1     12                         4      8       63
  SINCE JAN 1      9                         1      8        4
..................................................................


WIND (MPH)
  HIGHEST WIND SPEED     9   HIGHEST WIND DIRECTION    NE (60)
  HIGHEST GUST SPEED    13   HIGHEST GUST DIRECTION    NE (60)
  AVERAGE WIND SPEED     2.3


SKY COVER
  AVERAGE SKY COVER 0.3


WEATHER CONDITIONS
 THE FOLLOWING WEATHER WAS RECORDED YESTERDAY.
  NO SIGNIFICANT WEATHER WAS OBSERVED.


RELATIVE HUMIDITY (PERCENT)
 HIGHEST    89           700 AM
 LOWEST     29           200 PM
 AVERAGE    59

..........................................................


THE COLUMBIA METRO AIRPORT SC CLIMATE NORMALS FOR TODAY
                         NORMAL    RECORD    YEAR
 MAXIMUM TEMPERATURE (F)   62        81      1997
                                             1976
 MINIMUM TEMPERATURE (F)   38        10      1896


SUNRISE AND SUNSET
FEBRUARY 21 2017......SUNRISE   702 AM EST   SUNSET   614 PM EST
FEBRUARY 22 2017......SUNRISE   701 AM EST   SUNSET   615 PM EST


-  INDICATES NEGATIVE NUMBERS.
R  INDICATES RECORD WAS SET OR TIED.
MM INDICATES DATA IS MISSING.
T  INDICATES TRACE AMOUNT.




$$
