267
CDUS45 KGJT 300734
CLICAG


CLIMATE REPORT
NATIONAL WEATHER SERVICE GRAND JUNCTION CO
131 AM MDT SUN APR 30 2017


...................................

...THE CRAIG CO CLIMATE SUMMARY FOR APRIL 29 2017...

CLIMATE NORMAL PERIOD 1981 TO 2010
CLIMATE RECORD PERIOD 9999 TO 9999


WEATHER ITEM   OBSERVED TIME   RECORD YEAR NORMAL DEPARTURE LAST
                VALUE   (LST)  VALUE       VALUE  FROM      YEAR
                                                  NORMAL
..................................................................
TEMPERATURE (F)
 YESTERDAY
  MAXIMUM         48    251 PM  MM      MM  62    -14       49
  MINIMUM         24   1159 PM  MM      MM  30     -6       34
  AVERAGE         36                        46    -10       42

PRECIPITATION (IN)
  YESTERDAY        0.00         MM      MM   0.07  -0.07     0.07
  MONTH TO DATE    2.11                      1.59   0.52     1.76
  SINCE MAR 1      2.89                      2.88   0.01     2.67
  SINCE JAN 1      6.32                      4.58   1.74     4.41

SNOWFALL (IN)
  YESTERDAY       MM            MM      MM  MM     MM       MM
  MONTH TO DATE   MM                        MM     MM       MM
  SINCE MAR 1     MM                        MM     MM       MM
  SINCE JUL 1     MM                        MM     MM       MM
  SNOW DEPTH      MM

DEGREE DAYS
 HEATING
  YESTERDAY       29                        19     10       23
  MONTH TO DATE  640                       654    -14      607
  SINCE MAR 1   1404                      1666   -262     1546
  SINCE JUL 1   6924                      7992  -1068     7825

 COOLING
  YESTERDAY        0                         0      0        0
  MONTH TO DATE    0                         0      0        0
  SINCE MAR 1      0                         0      0        0
  SINCE JAN 1      0                         0      0        0
..................................................................


WIND (MPH)
  HIGHEST WIND SPEED    24   HIGHEST WIND DIRECTION     N (350)
  HIGHEST GUST SPEED    30   HIGHEST GUST DIRECTION     N (340)
  AVERAGE WIND SPEED     8.6


SKY COVER
  POSSIBLE SUNSHINE  MM
  AVERAGE SKY COVER 0.7


WEATHER CONDITIONS
 THE FOLLOWING WEATHER WAS RECORDED YESTERDAY.
  NO SIGNIFICANT WEATHER WAS OBSERVED.


RELATIVE HUMIDITY (PERCENT)
 HIGHEST    75          1200 AM
 LOWEST     31           300 PM
 AVERAGE    53

..........................................................


THE CRAIG CO CLIMATE NORMALS FOR TODAY
                         NORMAL    RECORD    YEAR
 MAXIMUM TEMPERATURE (F)   62        MM        MM
 MINIMUM TEMPERATURE (F)   30        MM        MM


SUNRISE AND SUNSET
APRIL 30 2017.........SUNRISE   610 AM MDT   SUNSET   805 PM MDT
MAY  1 2017...........SUNRISE   609 AM MDT   SUNSET   806 PM MDT


-  INDICATES NEGATIVE NUMBERS.
R  INDICATES RECORD WAS SET OR TIED.
MM INDICATES DATA IS MISSING.
T  INDICATES TRACE AMOUNT.




$$
