000
CDUS45 KABQ 270828
CLICAO


CLIMATE REPORT
NATIONAL WEATHER SERVICE ALBUQUERQUE NM
228 AM MDT SAT AUG 27 2016


...................................

...THE CLAYTON  NM CLIMATE SUMMARY FOR AUGUST 26 2016...

CLIMATE NORMAL PERIOD 1981 TO 2010
CLIMATE RECORD PERIOD 1896 TO 2016


WEATHER ITEM   OBSERVED TIME   RECORD YEAR NORMAL DEPARTURE
                VALUE   (LST)  VALUE       VALUE  FROM
                                                  NORMAL
...............................................................
TEMPERATURE (F)
 YESTERDAY
  MAXIMUM         80    132 PM  99    2002  85     -5
  MINIMUM         56    245 AM  48    1914  59     -3
  AVERAGE         68                        72     -4

PRECIPITATION (IN)
  YESTERDAY        0.20          1.15 2014   0.08   0.12
  MONTH TO DATE    5.76                      2.57   3.19
  SINCE JUN 1     11.38                      7.36   4.02
  SINCE JAN 1     15.02                     11.83   3.19

SNOWFALL (IN)
  YESTERDAY        0.0
  MONTH TO DATE    0.0
  SINCE JUN 1      0.0
  SINCE JUL 1      0.0

DEGREE DAYS
 HEATING
  YESTERDAY        0                         0      0
  MONTH TO DATE    1                         0      1
  SINCE JUN 1      8                        25    -17
  SINCE JUL 1      1                         2     -1

 COOLING
  YESTERDAY        3                         7     -4
  MONTH TO DATE  200                       224    -24
  SINCE JUN 1    905                       710    195
  SINCE JAN 1    924                       761    163
...............................................................


WIND (MPH)
  HIGHEST WIND SPEED    22   HIGHEST WIND DIRECTION     S (190)
  HIGHEST GUST SPEED    29   HIGHEST GUST DIRECTION     W (260)
  AVERAGE WIND SPEED    10.4


SKY COVER
  AVERAGE SKY COVER 0.2


WEATHER CONDITIONS
 THE FOLLOWING WEATHER WAS RECORDED YESTERDAY.
  THUNDERSTORM
  LIGHT RAIN
  FOG


RELATIVE HUMIDITY (PERCENT)
 HIGHEST    87           500 AM
 LOWEST     40          1100 AM
 AVERAGE    64

..........................................................


THE CLAYTON  NM CLIMATE NORMALS FOR TODAY
                         NORMAL    RECORD    YEAR
 MAXIMUM TEMPERATURE (F)   85        98      1929
 MINIMUM TEMPERATURE (F)   59        47      1992


SUNRISE AND SUNSET
AUGUST 27 2016........SUNRISE   620 AM MDT   SUNSET   727 PM MDT
AUGUST 28 2016........SUNRISE   621 AM MDT   SUNSET   725 PM MDT


-  INDICATES NEGATIVE NUMBERS.
R  INDICATES RECORD WAS SET OR TIED.
MM INDICATES DATA IS MISSING.
T  INDICATES TRACE AMOUNT.




$$
