000
CDUS45 KABQ 220843
CLICAO


CLIMATE REPORT
NATIONAL WEATHER SERVICE ALBUQUERQUE NM
141 AM MST SUN JAN 22 2017


...................................

...THE CLAYTON  NM CLIMATE SUMMARY FOR JANUARY 21 2017...

CLIMATE NORMAL PERIOD 1981 TO 2010
CLIMATE RECORD PERIOD 1896 TO 2017


WEATHER ITEM   OBSERVED TIME   RECORD YEAR NORMAL DEPARTURE
                VALUE   (LST)  VALUE       VALUE  FROM
                                                  NORMAL
...............................................................
TEMPERATURE (F)
 YESTERDAY
  MAXIMUM         50   1229 PM  75    2009  49      1
                                      1950
  MINIMUM         32    728 AM  -8    1966  22     10
  AVERAGE         41                        36      5

PRECIPITATION (IN)
  YESTERDAY        0.03          0.76 2015   0.01   0.02
  MONTH TO DATE    1.06                      0.18   0.88
  SINCE DEC 1      1.27                      0.54   0.73
  SINCE JAN 1      1.06                      0.18   0.88

SNOWFALL (IN)
  YESTERDAY        0.0
  MONTH TO DATE    6.3
  SINCE DEC 1      8.9
  SINCE JUL 1      8.9

DEGREE DAYS
 HEATING
  YESTERDAY       24                        29     -5
  MONTH TO DATE  630                       624      6
  SINCE DEC 1   1540                      1560    -20
  SINCE JUL 1   2208                      2612   -404

 COOLING
  YESTERDAY        0                         0      0
  MONTH TO DATE    0                         0      0
  SINCE DEC 1      0                         0      0
  SINCE JAN 1      0                         0      0
...............................................................


WIND (MPH)
  HIGHEST WIND SPEED    24   HIGHEST WIND DIRECTION    NW (320)
  HIGHEST GUST SPEED    30   HIGHEST GUST DIRECTION    NW (320)
  AVERAGE WIND SPEED    13.9


SKY COVER
  AVERAGE SKY COVER 0.5


WEATHER CONDITIONS
 THE FOLLOWING WEATHER WAS RECORDED YESTERDAY.
  RAIN
  LIGHT RAIN
  FOG


RELATIVE HUMIDITY (PERCENT)
 HIGHEST   100           500 PM
 LOWEST     61           100 PM
 AVERAGE    81

..........................................................


THE CLAYTON  NM CLIMATE NORMALS FOR TODAY
                         NORMAL    RECORD    YEAR
 MAXIMUM TEMPERATURE (F)   49        70      1951
                                             1943
 MINIMUM TEMPERATURE (F)   22        -3      1966
                                             1962


SUNRISE AND SUNSET
JANUARY 22 2017.......SUNRISE   700 AM MST   SUNSET   508 PM MST
JANUARY 23 2017.......SUNRISE   700 AM MST   SUNSET   509 PM MST


-  INDICATES NEGATIVE NUMBERS.
R  INDICATES RECORD WAS SET OR TIED.
MM INDICATES DATA IS MISSING.
T  INDICATES TRACE AMOUNT.

$$
