000
CDUS45 KABQ 210828
CLICAO


CLIMATE REPORT
NATIONAL WEATHER SERVICE ALBUQUERQUE NM
127 AM MST WED FEB 21 2018


...................................

...THE CLAYTON  NM CLIMATE SUMMARY FOR FEBRUARY 20 2018...

CLIMATE NORMAL PERIOD 1981 TO 2010
CLIMATE RECORD PERIOD 1896 TO 2018


WEATHER ITEM   OBSERVED TIME   RECORD YEAR NORMAL DEPARTURE
                VALUE   (LST)  VALUE       VALUE  FROM
                                                  NORMAL
...............................................................
TEMPERATURE (F)
 YESTERDAY
  MAXIMUM         52   1207 AM  76    1981  52      0
                                      1930
  MINIMUM         10    925 PM  -4    1918  24    -14
  AVERAGE         31                        38     -7

PRECIPITATION (IN)
  YESTERDAY        0.00          0.62 1990   0.01  -0.01
  MONTH TO DATE    0.03                      0.22  -0.19
  SINCE DEC 1      0.03                      0.86  -0.83
  SINCE JAN 1      0.03                      0.50  -0.47

SNOWFALL (IN)
  YESTERDAY        0.0
  MONTH TO DATE    0.3
  SINCE DEC 1      0.3
  SINCE JUL 1      0.8

DEGREE DAYS
 HEATING
  YESTERDAY       34                        27      7
  MONTH TO DATE  548                       565    -17
  SINCE DEC 1   2258                      2419   -161
  SINCE JUL 1   3143                      3471   -328

 COOLING
  YESTERDAY        0                         0      0
  MONTH TO DATE    0                         0      0
  SINCE DEC 1      0                         0      0
  SINCE JAN 1      0                         0      0
...............................................................


WIND (MPH)
  HIGHEST WIND SPEED    28   HIGHEST WIND DIRECTION    NE (30)
  HIGHEST GUST SPEED    34   HIGHEST GUST DIRECTION    NE (30)
  AVERAGE WIND SPEED    13.4


SKY COVER
  AVERAGE SKY COVER 0.5


WEATHER CONDITIONS
 THE FOLLOWING WEATHER WAS RECORDED YESTERDAY.
  NO SIGNIFICANT WEATHER WAS OBSERVED.


RELATIVE HUMIDITY (PERCENT)
 HIGHEST    92           300 AM
 LOWEST     36           400 PM
 AVERAGE    64

..........................................................


THE CLAYTON  NM CLIMATE NORMALS FOR TODAY
                         NORMAL    RECORD    YEAR
 MAXIMUM TEMPERATURE (F)   52        79      2017
 MINIMUM TEMPERATURE (F)   25         3      1955


SUNRISE AND SUNSET
FEBRUARY 21 2018......SUNRISE   633 AM MST   SUNSET   540 PM MST
FEBRUARY 22 2018......SUNRISE   632 AM MST   SUNSET   541 PM MST


-  INDICATES NEGATIVE NUMBERS.
R  INDICATES RECORD WAS SET OR TIED.
MM INDICATES DATA IS MISSING.
T  INDICATES TRACE AMOUNT.




$$
