000
CDUS45 KABQ 210944
CLICAO


CLIMATE REPORT
NATIONAL WEATHER SERVICE ALBUQUERQUE NM
242 AM MST TUE NOV 21 2017


...................................

...THE CLAYTON  NM CLIMATE SUMMARY FOR NOVEMBER 20 2017...

CLIMATE NORMAL PERIOD 1981 TO 2010
CLIMATE RECORD PERIOD 1896 TO 2017


WEATHER ITEM   OBSERVED TIME   RECORD YEAR NORMAL DEPARTURE
                VALUE   (LST)  VALUE       VALUE  FROM
                                                  NORMAL
...............................................................
TEMPERATURE (F)
 YESTERDAY
  MAXIMUM         68    151 PM  83    1897  55     13
  MINIMUM         26    511 AM   6    1961  28     -2
  AVERAGE         47                        42      5

PRECIPITATION (IN)
  YESTERDAY        0.00          1.75 1899   0.01  -0.01
  MONTH TO DATE    0.04                      0.34  -0.30
  SINCE SEP 1      5.45                      3.12   2.33
  SINCE JAN 1     20.37                     15.32   5.05

SNOWFALL (IN)
  YESTERDAY        0.0
  MONTH TO DATE    0.5
  SINCE SEP 1      0.5
  SINCE JUL 1      0.5

DEGREE DAYS
 HEATING
  YESTERDAY       18                        23     -5
  MONTH TO DATE  313                       384    -71
  SINCE SEP 1    725                       788    -63
  SINCE JUL 1    729                       794    -65

 COOLING
  YESTERDAY        0                         0      0
  MONTH TO DATE    0                         0      0
  SINCE SEP 1    117                       112      5
  SINCE JAN 1    827                       909    -82
...............................................................


WIND (MPH)
  HIGHEST WIND SPEED    21   HIGHEST WIND DIRECTION    NW (320)
  HIGHEST GUST SPEED    25   HIGHEST GUST DIRECTION    NW (320)
  AVERAGE WIND SPEED     8.7


SKY COVER
  AVERAGE SKY COVER 0.0


WEATHER CONDITIONS
 THE FOLLOWING WEATHER WAS RECORDED YESTERDAY.
  NO SIGNIFICANT WEATHER WAS OBSERVED.


RELATIVE HUMIDITY (PERCENT)
 HIGHEST    40          1200 AM
 LOWEST      6          1200 PM
 AVERAGE    23

..........................................................


THE CLAYTON  NM CLIMATE NORMALS FOR TODAY
                         NORMAL    RECORD    YEAR
 MAXIMUM TEMPERATURE (F)   55        80      1921
 MINIMUM TEMPERATURE (F)   28         5      1947


SUNRISE AND SUNSET
NOVEMBER 21 2017......SUNRISE   636 AM MST   SUNSET   440 PM MST
NOVEMBER 22 2017......SUNRISE   637 AM MST   SUNSET   440 PM MST


-  INDICATES NEGATIVE NUMBERS.
R  INDICATES RECORD WAS SET OR TIED.
MM INDICATES DATA IS MISSING.
T  INDICATES TRACE AMOUNT.




$$
