000
CDUS45 KABQ 200937
CLICAO


CLIMATE REPORT
NATIONAL WEATHER SERVICE ALBUQUERQUE NM
336 AM MDT WED SEP 20 2017


...................................

...THE CLAYTON  NM CLIMATE SUMMARY FOR SEPTEMBER 19 2017...

CLIMATE NORMAL PERIOD 1981 TO 2010
CLIMATE RECORD PERIOD 1896 TO 2017


WEATHER ITEM   OBSERVED TIME   RECORD YEAR NORMAL DEPARTURE
                VALUE   (LST)  VALUE       VALUE  FROM
                                                  NORMAL
...............................................................
TEMPERATURE (F)
 YESTERDAY
  MAXIMUM         88    208 PM  94    1983  78     10
  MINIMUM         51    445 AM  33    1971  51      0
  AVERAGE         70                        64      6

PRECIPITATION (IN)
  YESTERDAY        0.00          0.75 1967   0.05  -0.05
  MONTH TO DATE    0.34                      1.13  -0.79
  SINCE SEP 1      0.34                      1.13  -0.79
  SINCE JAN 1     15.26                     13.33   1.93

SNOWFALL (IN)
  YESTERDAY        0.0
  MONTH TO DATE    0.0
  SINCE SEP 1      0.0
  SINCE JUL 1      0.0

DEGREE DAYS
 HEATING
  YESTERDAY        0                         3     -3
  MONTH TO DATE    8                        28    -20
  SINCE SEP 1      8                        28    -20
  SINCE JUL 1     12                        34    -22

 COOLING
  YESTERDAY        5                         3      2
  MONTH TO DATE  101                        85     16
  SINCE SEP 1    101                        85     16
  SINCE JAN 1    811                       882    -71
...............................................................


WIND (MPH)
  HIGHEST WIND SPEED    30   HIGHEST WIND DIRECTION    SW (210)
  HIGHEST GUST SPEED    38   HIGHEST GUST DIRECTION    SW (210)
  AVERAGE WIND SPEED    14.5


SKY COVER
  AVERAGE SKY COVER 0.0


WEATHER CONDITIONS
 THE FOLLOWING WEATHER WAS RECORDED YESTERDAY.
  NO SIGNIFICANT WEATHER WAS OBSERVED.


RELATIVE HUMIDITY (PERCENT)
 HIGHEST    51           500 AM
 LOWEST      8           100 PM
 AVERAGE    30

..........................................................


THE CLAYTON  NM CLIMATE NORMALS FOR TODAY
                         NORMAL    RECORD    YEAR
 MAXIMUM TEMPERATURE (F)   78        92      1956
 MINIMUM TEMPERATURE (F)   51        32      1918


SUNRISE AND SUNSET
SEPTEMBER 20 2017.....SUNRISE   639 AM MDT   SUNSET   652 PM MDT
SEPTEMBER 21 2017.....SUNRISE   640 AM MDT   SUNSET   650 PM MDT


-  INDICATES NEGATIVE NUMBERS.
R  INDICATES RECORD WAS SET OR TIED.
MM INDICATES DATA IS MISSING.
T  INDICATES TRACE AMOUNT.




$$
