000
CDUS41 KCAR 270527
CLICAR


CLIMATE REPORT
NATIONAL WEATHER SERVICE CARIBOU, ME
126 AM EDT WED JUL 27 2016


...................................

...THE CARIBOU ME CLIMATE SUMMARY FOR JULY 26 2016...

CLIMATE NORMAL PERIOD 1981 TO 2010
CLIMATE RECORD PERIOD 1939 TO 2016


WEATHER ITEM   OBSERVED TIME   RECORD YEAR NORMAL DEPARTURE LAST
                VALUE   (LST)  VALUE       VALUE  FROM      YEAR
                                                  NORMAL
..................................................................
TEMPERATURE (F)
 YESTERDAY
  MAXIMUM         82    209 PM  93    1963  76      6       64
  MINIMUM         64    604 AM  42    1993  56      8       53
  AVERAGE         73                        66      7       59

PRECIPITATION (IN)
  YESTERDAY        0.22          0.95 2013   0.13   0.09     0.06
  MONTH TO DATE    5.37                      3.47   1.90     3.06
  SINCE JUN 1      9.02                      6.95   2.07     7.31
  SINCE JAN 1     24.95                     20.37   4.58    18.16

SNOWFALL (IN)
  YESTERDAY        0.0           0.0  2002   0.0    0.0      0.0
                                      2001
  MONTH TO DATE    0.0                       0.0    0.0      0.0
  SINCE JUN 1      0.0                       0.0    0.0      0.0
  SINCE JUL 1      0.0                       0.0    0.0      0.0
  SNOW DEPTH       0

DEGREE DAYS
 HEATING
  YESTERDAY        0                         2     -2        6
  MONTH TO DATE   48                        54     -6       65
  SINCE JUN 1    192                       219    -27      277
  SINCE JUL 1     48                        54     -6       65

 COOLING
  YESTERDAY        8                         3      5        0
  MONTH TO DATE   89                        64     25       33
  SINCE JUN 1    134                        98     36       39
  SINCE JAN 1    142                       103     39       60
..................................................................


WIND (MPH)
  HIGHEST WIND SPEED    13   HIGHEST WIND DIRECTION     N (340)
  HIGHEST GUST SPEED    20   HIGHEST GUST DIRECTION    NW (330)
  AVERAGE WIND SPEED     4.6


SKY COVER
  POSSIBLE SUNSHINE  MM
  AVERAGE SKY COVER 0.7


WEATHER CONDITIONS
 THE FOLLOWING WEATHER WAS RECORDED YESTERDAY.
  THUNDERSTORM
  HEAVY RAIN
  RAIN
  LIGHT RAIN
  FOG


RELATIVE HUMIDITY (PERCENT)
 HIGHEST   100          1200 AM
 LOWEST     54           500 PM
 AVERAGE    77

..........................................................


THE CARIBOU ME CLIMATE NORMALS FOR TODAY
                         NORMAL    RECORD    YEAR
 MAXIMUM TEMPERATURE (F)   76        92      1963
 MINIMUM TEMPERATURE (F)   56        42      1946


SUNRISE AND SUNSET
JULY 27 2016..........SUNRISE   506 AM EDT   SUNSET   810 PM EDT
JULY 28 2016..........SUNRISE   508 AM EDT   SUNSET   809 PM EDT


-  INDICATES NEGATIVE NUMBERS.
R  INDICATES RECORD WAS SET OR TIED.
MM INDICATES DATA IS MISSING.
T  INDICATES TRACE AMOUNT.

--------------------------------------------------------------------

THE CARIBOU ME 4-INCH UNDER SOD SOIL TEMP FOR JULY 26 2016:

MAXIMUM SOIL TEMPERATURE: 79F
MINIMUM SOIL TEMPERATURE: 72F


$$
