000
CDUS41 KCAR 280528
CLICAR


CLIMATE REPORT
NATIONAL WEATHER SERVICE CARIBOU, ME
1228 AM EST FRI NOV 28 2014


...................................

...THE CARIBOU ME CLIMATE SUMMARY FOR NOVEMBER 27 2014...

CLIMATE NORMAL PERIOD 1981 TO 2010
CLIMATE RECORD PERIOD 1939 TO 2014


WEATHER ITEM   OBSERVED TIME   RECORD YEAR NORMAL DEPARTURE LAST
                VALUE   (LST)  VALUE       VALUE  FROM      YEAR
                                                  NORMAL
..................................................................
TEMPERATURE (F)
 YESTERDAY
  MAXIMUM         26   1253 PM  59    1999  33     -7       53
  MINIMUM          9   1136 PM  -3    1978  20    -11       27
  AVERAGE         18                        26     -8       40

PRECIPITATION (IN)
  YESTERDAY        0.44          1.81 2013   0.12   0.32     1.81
  MONTH TO DATE    3.30                      3.28   0.02     3.92
  SINCE SEP 1     11.68                     10.13   1.55    13.47
  SINCE JAN 1     40.34                     34.87   5.47    46.49

SNOWFALL (IN)
  YESTERDAY        6.8           9.0  1975   0.5    6.3      2.0
  MONTH TO DATE   27.9                       8.9   19.0      8.2
  SINCE SEP 1     27.9                      10.6   17.3      9.2
  SINCE JUL 1     27.9                      10.6   17.3      9.2
  SNOW DEPTH       7

DEGREE DAYS
 HEATING
  YESTERDAY       47                        38      9       25
  MONTH TO DATE  914                       887     27      859
  SINCE SEP 1   1749                      1873   -124     1701
  SINCE JUL 1   1807                      2027   -220     1815

 COOLING
  YESTERDAY        0                         0      0        0
  MONTH TO DATE    0                         0      0        0
  SINCE SEP 1     25                        11     14       13
  SINCE JAN 1    266                       180     86      192
..................................................................


WIND (MPH)
  HIGHEST WIND SPEED    23   HIGHEST WIND DIRECTION    NW (330)
  HIGHEST GUST SPEED    29   HIGHEST GUST DIRECTION     N (360)
  AVERAGE WIND SPEED    12.1


SKY COVER
  POSSIBLE SUNSHINE  MM
  AVERAGE SKY COVER 0.7


WEATHER CONDITIONS
 THE FOLLOWING WEATHER WAS RECORDED YESTERDAY.
  SNOW
  LIGHT SNOW
  FOG


RELATIVE HUMIDITY (PERCENT)
 HIGHEST    88          1200 AM
 LOWEST     68           300 PM
 AVERAGE    78

..........................................................


THE CARIBOU ME CLIMATE NORMALS FOR TODAY
                         NORMAL    RECORD    YEAR
 MAXIMUM TEMPERATURE (F)   33        58      1950
 MINIMUM TEMPERATURE (F)   19        -3      1969


SUNRISE AND SUNSET
NOVEMBER 28 2014......SUNRISE   653 AM EST   SUNSET   347 PM EST
NOVEMBER 29 2014......SUNRISE   654 AM EST   SUNSET   346 PM EST


-  INDICATES NEGATIVE NUMBERS.
R  INDICATES RECORD WAS SET OR TIED.
MM INDICATES DATA IS MISSING.
T  INDICATES TRACE AMOUNT.




$$
