000
CDUS41 KCAR 240529
CLICAR

CLIMATE REPORT
NATIONAL WEATHER SERVICE CARIBOU, ME
127 AM EDT THU JUL 24 2014


...................................

...THE CARIBOU ME CLIMATE SUMMARY FOR JULY 23 2014...

CLIMATE NORMAL PERIOD 1981 TO 2010
CLIMATE RECORD PERIOD 1939 TO 2014


WEATHER ITEM   OBSERVED TIME   RECORD YEAR NORMAL DEPARTURE LAST
                VALUE   (LST)  VALUE       VALUE  FROM      YEAR
                                                  NORMAL
..................................................................
TEMPERATURE (F)
 YESTERDAY
  MAXIMUM         83   1040 AM  95    1952  76      7       67
  MINIMUM         62   1159 PM  42    1997  56      6       58
  AVERAGE         73                        66      7       63

PRECIPITATION (IN)
  YESTERDAY        0.62          1.28 1990   0.13   0.49     0.60
  MONTH TO DATE    5.32                      3.08   2.24     5.67
  SINCE JUN 1      7.93                      6.56   1.37    11.73
  SINCE JAN 1     25.13                     19.98   5.15    25.75

SNOWFALL (IN)
  YESTERDAY        0.0           0.0  2002   0.0    0.0      0.0
                                      2001
  MONTH TO DATE    0.0                       0.0    0.0      0.0
  SINCE JUN 1      0.0                       0.0    0.0      0.0
  SINCE JUL 1      0.0                       0.0    0.0      0.0
  SNOW DEPTH       0

DEGREE DAYS
 HEATING
  YESTERDAY        0                         2     -2        2
  MONTH TO DATE   17                        48    -31       14
  SINCE JUN 1    106                       213   -107      192
  SINCE JUL 1     17                        48    -31       14

 COOLING
  YESTERDAY        8                         3      5        0
  MONTH TO DATE  117                        55     62      118
  SINCE JUN 1    153                        89     64      141
  SINCE JAN 1    156                        94     62      149
..................................................................


WIND (MPH)
  HIGHEST WIND SPEED    20   HIGHEST WIND DIRECTION    SW (210)
  HIGHEST GUST SPEED    28   HIGHEST GUST DIRECTION    SW (220)
  AVERAGE WIND SPEED     8.5


SKY COVER
  POSSIBLE SUNSHINE  MM
  AVERAGE SKY COVER 0.5


WEATHER CONDITIONS
 THE FOLLOWING WEATHER WAS RECORDED YESTERDAY.
  THUNDERSTORM
  HEAVY RAIN
  RAIN
  LIGHT RAIN
  FOG
  HAZE


RELATIVE HUMIDITY (PERCENT)
 HIGHEST    93           500 AM
 LOWEST     58           900 AM
 AVERAGE    76

..........................................................


THE CARIBOU ME CLIMATE NORMALS FOR TODAY
                         NORMAL    RECORD    YEAR
 MAXIMUM TEMPERATURE (F)   76        92      1941
 MINIMUM TEMPERATURE (F)   56        45      1997
                                             1964


SUNRISE AND SUNSET
JULY 24 2014..........SUNRISE   502 AM EDT   SUNSET   814 PM EDT
JULY 25 2014..........SUNRISE   503 AM EDT   SUNSET   813 PM EDT


-  INDICATES NEGATIVE NUMBERS.
R  INDICATES RECORD WAS SET OR TIED.
MM INDICATES DATA IS MISSING.
T  INDICATES TRACE AMOUNT.

THE CARIBOU ME 4 INCH SOIL TEMPERATURE FOR JULY 23 2014

MAXIMUM SOIL TEMPERATURE (F)...78
MINIMUM SOIL TEMPERATURE (F)...72


$$
