000
CDUS41 KCAR 280537
CLICAR


CLIMATE REPORT
NATIONAL WEATHER SERVICE CARIBOU, ME
1233 AM EST TUE FEB 28 2017


...................................

...THE CARIBOU ME CLIMATE SUMMARY FOR FEBRUARY 27 2017...

CLIMATE NORMAL PERIOD 1981 TO 2010
CLIMATE RECORD PERIOD 1939 TO 2017


WEATHER ITEM   OBSERVED TIME   RECORD YEAR NORMAL DEPARTURE LAST
                VALUE   (LST)  VALUE       VALUE  FROM      YEAR
                                                  NORMAL
..................................................................
TEMPERATURE (F)
 YESTERDAY
  MAXIMUM         39    411 PM  49    2000  28     11       30
  MINIMUM         17    248 AM -22    2003   8      9        6
                                      1995
  AVERAGE         28                        18     10       18

PRECIPITATION (IN)
  YESTERDAY        T             1.07 2002   0.09  -0.09     0.00
  MONTH TO DATE    2.17                      2.13   0.04     3.89
  SINCE DEC 1      9.82                      8.11   1.71    10.19
  SINCE JAN 1      5.62                      4.84   0.78     5.31

SNOWFALL (IN)
  YESTERDAY        T             6.0  2008   0.7   -0.7      0.0
  MONTH TO DATE   15.8                      21.4   -5.6     15.4
  SINCE DEC 1     76.4                      69.5    6.9     54.4
  SINCE JUL 1     96.6                      81.7   14.9     58.5
  SNOW DEPTH      23

DEGREE DAYS
 HEATING
  YESTERDAY       37                        47    -10       47
  MONTH TO DATE 1312                      1379    -67     1263
  SINCE DEC 1   4253                      4528   -275     3842
  SINCE JUL 1   5940                      6673   -733     5660

 COOLING
  YESTERDAY        0                         0      0        0
  MONTH TO DATE    0                         0      0        0
  SINCE DEC 1      0                         0      0        0
  SINCE JAN 1      0                         0      0        0
..................................................................


WIND (MPH)
  HIGHEST WIND SPEED    31   HIGHEST WIND DIRECTION     W (250)
  HIGHEST GUST SPEED    44   HIGHEST GUST DIRECTION    SW (240)
  AVERAGE WIND SPEED    11.3


SKY COVER
  POSSIBLE SUNSHINE  MM
  AVERAGE SKY COVER 0.5


WEATHER CONDITIONS
 THE FOLLOWING WEATHER WAS RECORDED YESTERDAY.
  LIGHT SNOW


RELATIVE HUMIDITY (PERCENT)
 HIGHEST    74           200 AM
 LOWEST     40           400 PM
 AVERAGE    57

..........................................................


THE CARIBOU ME CLIMATE NORMALS FOR TODAY
                         NORMAL    RECORD    YEAR
 MAXIMUM TEMPERATURE (F)   28        45      2000
                                             1966
 MINIMUM TEMPERATURE (F)    8       -16      1940


SUNRISE AND SUNSET
FEBRUARY 28 2017......SUNRISE   613 AM EST   SUNSET   517 PM EST
MARCH  1 2017.........SUNRISE   611 AM EST   SUNSET   518 PM EST


-  INDICATES NEGATIVE NUMBERS.
R  INDICATES RECORD WAS SET OR TIED.
MM INDICATES DATA IS MISSING.
T  INDICATES TRACE AMOUNT.




$$
