000
CDUS41 KCAR 012136
CLICAR


CLIMATE REPORT
NATIONAL WEATHER SERVICE CARIBOU, ME
435 PM EST SUN FEB 1 2015


...................................

...THE CARIBOU ME CLIMATE SUMMARY FOR FEBRUARY 1 2015...
VALID TODAY AS OF 0400 PM LOCAL TIME.

CLIMATE NORMAL PERIOD 1981 TO 2010
CLIMATE RECORD PERIOD 1939 TO 2015


WEATHER ITEM   OBSERVED TIME   RECORD YEAR NORMAL DEPARTURE LAST
                VALUE   (LST)  VALUE       VALUE  FROM      YEAR
                                                  NORMAL
..................................................................
TEMPERATURE (F)
 TODAY
  MAXIMUM          4    159 PM  49    1988  20    -16       31
  MINIMUM          1    359 PM -41    1955   1      0        1
  AVERAGE          3                        10     -7       16

PRECIPITATION (IN)
  TODAY            0.00          0.85 2008   0.08  -0.08     0.14
  MONTH TO DATE    0.00                      0.08  -0.08     0.14
  SINCE DEC 1      8.78                      6.06   2.72     7.71
  SINCE JAN 1      2.90                      2.79   0.11     4.13

SNOWFALL (IN)
  TODAY            0.0          10.4  1942   0.8   -0.8      1.4
  MONTH TO DATE    0.0                       0.8   -0.8      1.4
  SINCE DEC 1     60.8                      48.9   11.9     63.4
  SINCE JUL 1     89.6                      61.1   28.5     73.5
  SNOW DEPTH      22

DEGREE DAYS
 HEATING
  TODAY           62                        55      7       49
  MONTH TO DATE   62                        55      7       49
  SINCE DEC 1   3118                      3204    -86     3290
  SINCE JUL 1   5070                      5349   -279     5246

 COOLING
  TODAY            0                         0      0        0
  MONTH TO DATE    0                         0      0        0
  SINCE DEC 1      0                         0      0        0
  SINCE JAN 1      0                         0      0        0
..................................................................


WIND (MPH)
  HIGHEST WIND SPEED    29   HIGHEST WIND DIRECTION    NW (310)
  HIGHEST GUST SPEED    42   HIGHEST GUST DIRECTION    NW (310)
  AVERAGE WIND SPEED    17.5


SKY COVER
  POSSIBLE SUNSHINE  MM
  AVERAGE SKY COVER 0.0


WEATHER CONDITIONS
 THE FOLLOWING WEATHER WAS RECORDED TODAY.
  HAZE
  BLOWING SNOW


RELATIVE HUMIDITY (PERCENT)
 HIGHEST    69           500 AM
 LOWEST     46           300 PM
 AVERAGE    58

..........................................................


THE CARIBOU ME CLIMATE NORMALS FOR TOMORROW
                         NORMAL    RECORD    YEAR
 MAXIMUM TEMPERATURE (F)   20        49      1976
 MINIMUM TEMPERATURE (F)    1       -32      1962


SUNRISE AND SUNSET
FEBRUARY  1 2015......SUNRISE   657 AM EST   SUNSET   435 PM EST
FEBRUARY  2 2015......SUNRISE   656 AM EST   SUNSET   436 PM EST


-  INDICATES NEGATIVE NUMBERS.
R  INDICATES RECORD WAS SET OR TIED.
MM INDICATES DATA IS MISSING.
T  INDICATES TRACE AMOUNT.




$$
