000
CDUS41 KCAR 202026
CLICAR


CLIMATE REPORT
NATIONAL WEATHER SERVICE CARIBOU, ME
426 PM EDT SUN APR 20 2014


...................................

...THE CARIBOU ME CLIMATE SUMMARY FOR APRIL 20 2014...
VALID TODAY AS OF 0400 PM LOCAL TIME.

CLIMATE NORMAL PERIOD 1981 TO 2010
CLIMATE RECORD PERIOD 1939 TO 2014


WEATHER ITEM   OBSERVED TIME   RECORD YEAR NORMAL DEPARTURE LAST
                VALUE   (LST)  VALUE       VALUE  FROM      YEAR
                                                  NORMAL
..................................................................
TEMPERATURE (F)
 TODAY
  MAXIMUM         48    259 PM  76    1987  50     -2       62
  MINIMUM         28    512 AM  15    1947  32     -4       37
  AVERAGE         38                        41     -3       50

PRECIPITATION (IN)
  TODAY            0.00          0.83 1978   0.09  -0.09     0.31
  MONTH TO DATE    2.46                      1.78   0.68     1.30
  SINCE MAR 1      5.90                      4.29   1.61     3.04
  SINCE JAN 1     12.12                      9.21   2.91     8.41

SNOWFALL (IN)
  TODAY            0.0           4.8  2011   0.2   -0.2      0.0
  MONTH TO DATE    5.8                       6.3   -0.5      4.3
  SINCE MAR 1     47.9                      24.6   23.3     19.5
  SINCE JUL 1    147.3                     107.1   40.2    106.9
  SNOW DEPTH       T

DEGREE DAYS
 HEATING
  TODAY           27                        24      3       15
  MONTH TO DATE  588                       580      8      586
  SINCE MAR 1   2128                      1834    294     1671
  SINCE JUL 1   8782                      8555    227     7819

 COOLING
  TODAY            0                         0      0        0
  MONTH TO DATE    0                         0      0        0
  SINCE MAR 1      0                         0      0        0
  SINCE JAN 1      0                         0      0        0
..................................................................


WIND (MPH)
  HIGHEST WIND SPEED    13   HIGHEST WIND DIRECTION    NW (330)
  HIGHEST GUST SPEED    16   HIGHEST GUST DIRECTION    NW (330)
  AVERAGE WIND SPEED     6.9


SKY COVER
  POSSIBLE SUNSHINE  MM
  AVERAGE SKY COVER 0.0


WEATHER CONDITIONS
 THE FOLLOWING WEATHER WAS RECORDED TODAY.
  NO SIGNIFICANT WEATHER WAS OBSERVED.


RELATIVE HUMIDITY (PERCENT)
 HIGHEST    85           100 AM
 LOWEST     25           100 PM
 AVERAGE    55

..........................................................


THE CARIBOU ME CLIMATE NORMALS FOR TOMORROW
                         NORMAL    RECORD    YEAR
 MAXIMUM TEMPERATURE (F)   51        82      1987
 MINIMUM TEMPERATURE (F)   32         8      1947


SUNRISE AND SUNSET
APRIL 20 2014.........SUNRISE   536 AM EDT   SUNSET   727 PM EDT
APRIL 21 2014.........SUNRISE   534 AM EDT   SUNSET   729 PM EDT


-  INDICATES NEGATIVE NUMBERS.
R  INDICATES RECORD WAS SET OR TIED.
MM INDICATES DATA IS MISSING.
T  INDICATES TRACE AMOUNT.




$$
