000
CDAK48 PACD 251303
CLICDB


CLIMATE REPORT
NATIONAL WEATHER SERVICE ANCHORAGE, AK
503 AM AKDT TUE APR 25 2017


...................................

...THE COLD BAY CLIMATE SUMMARY FOR APRIL 24 2017...

CLIMATE NORMAL PERIOD 1981 TO 2010
CLIMATE RECORD PERIOD 1942 TO 2017


WEATHER ITEM   OBSERVED TIME   RECORD YEAR NORMAL DEPARTURE LAST
                VALUE   (LST)  VALUE       VALUE  FROM      YEAR
                                                  NORMAL
..................................................................
TEMPERATURE (F)
 YESTERDAY
  MAXIMUM         46    455 PM  54    2013  41      5       49
  MINIMUM         36    342 AM  14    1976  31      5       39
  AVERAGE         41                        36      5       44

PRECIPITATION (IN)
  YESTERDAY        0.02          0.66 1963   0.08  -0.06      T
  MONTH TO DATE    0.93                      1.96  -1.03     2.56
  SINCE MAR 1      0.97                      4.66  -3.69     3.75
  SINCE JAN 1      7.95                     10.80  -2.85    10.23

SNOWFALL (IN)
  YESTERDAY        0.0           3.0  2011   0.1   -0.1     MM
  MONTH TO DATE    2.6                       5.8   -3.2     MM
  SINCE MAR 1      2.9                      18.8  -15.9      0.0
  SINCE JUL 1     39.5                      71.0  -31.5     38.3
  SNOW DEPTH       0

DEGREE DAYS
 HEATING
  YESTERDAY       24                        29     -5       21
  MONTH TO DATE  716                       759    -43      553
  SINCE MAR 1   1912                      1841     71     1470
  SINCE JUL 1   7472                      8059   -587     6686

 COOLING
  YESTERDAY        0                         0      0        0
  MONTH TO DATE    0                         0      0        0
  SINCE MAR 1      0                         0      0        0
  SINCE JAN 1      0                         0      0        0
..................................................................


WIND (MPH)
  RESULTANT WIND SPEED  17   RESULTANT WIND DIRECTION  SE (130)
  HIGHEST WIND SPEED    29   HIGHEST WIND DIRECTION    SE (140)
  HIGHEST GUST SPEED    35   HIGHEST GUST DIRECTION    SE (140)
  AVERAGE WIND SPEED    17.2



WEATHER CONDITIONS
 THE FOLLOWING WEATHER WAS RECORDED YESTERDAY.
  LIGHT RAIN


RELATIVE HUMIDITY (PERCENT)
 HIGHEST   100
 LOWEST     76
 AVERAGE    88

..........................................................


THE COLD BAY CLIMATE NORMALS FOR TODAY
                         NORMAL    RECORD    YEAR
 MAXIMUM TEMPERATURE (F)   41        56      1948
 MINIMUM TEMPERATURE (F)   31        15      1976


SUNRISE AND SUNSET
APRIL 25 2017.........SUNRISE   722 AM AKDT  SUNSET  1017 PM AKDT
APRIL 26 2017.........SUNRISE   720 AM AKDT  SUNSET  1019 PM AKDT


-  INDICATES NEGATIVE NUMBERS.
R  INDICATES RECORD WAS SET OR TIED.
MM INDICATES DATA IS MISSING.
T  INDICATES TRACE AMOUNT.




$$
