479
CDAK48 PAFC 220101
CLICDB


CLIMATE REPORT
NATIONAL WEATHER SERVICE ANCHORAGE, AK
500 PM AKDT THU SEP 21 2017


...................................

...THE COLD BAY CLIMATE SUMMARY FOR SEPTEMBER 21 2017...
VALID TODAY AS OF 0500 PM LOCAL TIME.

CLIMATE NORMAL PERIOD 1981 TO 2010
CLIMATE RECORD PERIOD 1942 TO 2017


WEATHER ITEM   OBSERVED TIME   RECORD YEAR NORMAL DEPARTURE LAST
                VALUE   (LST)  VALUE       VALUE  FROM      YEAR
                                                  NORMAL
..................................................................
TEMPERATURE (F)
 TODAY
  MAXIMUM         54        MM  63    2005  52      2       54
  MINIMUM         50        MM  26    1992  42      8       35
  AVERAGE         52                        47      5       45

PRECIPITATION (IN)
  TODAY            0.13          2.78 1965   0.16  -0.03     0.06
  MONTH TO DATE    2.11                      3.26  -1.15     3.09
  SINCE SEP 1      2.11                      3.26  -1.15     3.09
  SINCE JAN 1     21.67                     26.00  -4.33    22.39

SNOWFALL (IN)
  TODAY            0.0          MM      MM   0.0    0.0      0.0
  MONTH TO DATE    0.0                       0.0    0.0      0.0
  SINCE SEP 1      0.0                       0.0    0.0      0.0
  SINCE JUL 1      0.0                       0.0    0.0      0.0
  SNOW DEPTH       0

DEGREE DAYS
 HEATING
  TODAY           13                        18     -5       20
  MONTH TO DATE  318                       333    -15      262
  SINCE SEP 1    318                       333    -15      262
  SINCE JUL 1   1069                      1172   -103      733

 COOLING
  TODAY            0                         0      0        0
  MONTH TO DATE    0                         0      0        0
  SINCE SEP 1      0                         0      0        0
  SINCE JAN 1      0                         0      0        0
..................................................................


WIND (MPH)
  RESULTANT WIND SPEED  12   RESULTANT WIND DIRECTION  SE (150)
  HIGHEST WIND SPEED    15   HIGHEST WIND DIRECTION     S (160)
  HIGHEST GUST SPEED    MM   HIGHEST GUST DIRECTION    MM
  AVERAGE WIND SPEED    12.4



WEATHER CONDITIONS
 THE FOLLOWING WEATHER WAS RECORDED TODAY.
  LIGHT RAIN
  FOG


RELATIVE HUMIDITY (PERCENT)
 HIGHEST   100
 LOWEST     93
 AVERAGE    97

..........................................................


THE COLD BAY CLIMATE NORMALS FOR TOMORROW
                         NORMAL    RECORD    YEAR
 MAXIMUM TEMPERATURE (F)   52        65      2005
 MINIMUM TEMPERATURE (F)   42        30      1956


SUNRISE AND SUNSET
SEPTEMBER 21 2017.....SUNRISE   835 AM AKDT  SUNSET   851 PM AKDT
SEPTEMBER 22 2017.....SUNRISE   837 AM AKDT  SUNSET   848 PM AKDT


-  INDICATES NEGATIVE NUMBERS.
R  INDICATES RECORD WAS SET OR TIED.
MM INDICATES DATA IS MISSING.
T  INDICATES TRACE AMOUNT.




$$
