659
CDAK48 PACD 231210
CLICDB

CLIMATE REPORT
NATIONAL WEATHER SERVICE COLD BAY, AK
410 AM AKDT SAT JUL 23 2016

...................................
...THE COLD BAY AP CLIMATE SUMMARY FOR JULY 22 2016...

CLIMATE NORMAL PERIOD  1981 TO  2010
CLIMATE RECORD PERIOD  1942 TO  2016

WEATHER ITEM   OBSERVED TIME    RECORD YEAR NORMAL DEPARTURE LAST
               VALUE    (LST)   VALUE       VALUE  FROM      YEAR
                                                   NORMAL
...................................................................
TEMPERATURE
YESTERDAY
 MAXIMUM            56  1239 PM    67  1980     56       0     52
 MINIMUM            51  1159 PM    41  2000     47       4     47
 AVERAGE            54                          52       2     50

PRECIPITATION
(INCHES)
 YESTERDAY        0.01           1.15  1982   0.09   -0.08   0.10
 MONTH TO DATE    1.20                        1.69   -0.49   1.71
 SINCE JUN 1      2.93                        4.41   -1.48   2.82
 SINCE JAN 1     15.35                       18.27   -2.92  15.67

SNOWFALL
(INCHES)
 YESTERDAY         0.0            0.0  2016    0.0     0.0    0.0
 MONTH TO DATE     0.0                         0.0     0.0    0.0
 SINCE JUN 1       0.0                         0.0     0.0    0.0
 SINCE JUL 1       0.0                         0.0     0.0    0.0
 SNOW DEPTH (IN)     0                                          0

DEGREE DAYS
 HEATING
  YESTERDAY         11                          13      -2     15
  MONTH TO DATE    213                         321    -108    286
  SINCE JUN 1      680                         883    -203    746
  SINCE JUL 1      213                         321    -108    286

 COOLING
  YESTERDAY          0                           0       0      0
  MONTH TO DATE      0                           0       0      0
  SINCE JUN 1        0                           0       0      0
  SINCE JAN 1        0                           0       0      0
...................................................................

WIND (MPH)
 HIGHEST WIND SPEED    32     HIGHEST WIND DIRECTION    250
 HIGHEST GUST SPEED    38     HIGHEST GUST DIRECTION    250
 AVERAGE WIND SPEED  22.4

WEATHER CONDITIONS
 THE FOLLOWING WEATHER WAS RECORDED YESTERDAY.
  FOG
  RAIN

...................................................................

THE COLD BAY CLIMATE NORMALS FOR TODAY
                           NORMAL    RECORD   YEAR
 MAXIMUM TEMPERATURE (F)     56        66     1977
 MINIMUM TEMPERATURE (F)     47        38     2000

SUNRISE AND SUNSET
 JUL 23 2016..........SUNRISE  6:45 AM      SUNSET 11:10 PM
 JUL 24 2016..........SUNRISE  6:47 AM      SUNSET 11:08 PM

-  INDICATES NEGATIVE NUMBERS.
R  INDICATES RECORD HAS BEEN SET OR TIED.
MM INDICATES DATA IS MISSING.
T  INDICATES TRACE OF PRECIPITATION.

&&
-------------------------------------------------------------------

AMOUNT OF DAYLIGHT TODAY  (HOUR:MIN)........16 HOURS 25 MINUTES
LOSS SINCE YESTERDAY (HOUR:MIN:SEC).........-0:03:16

$$
RCS JUL 16
