000
CDAK48 PACD 080033
CLICDB

CLIMATE REPORT
NATIONAL WEATHER SERVICE COLD BAY, AK
333 PM AKST SUN FEB 7 2016

...................................
...THE COLD BAY AP CLIMATE SUMMARY FOR FEBRUARY 7 2016...
VALID TODAY AS OF 2:00 PM LOCAL TIME

CLIMATE NORMAL PERIOD  1981 TO  2010
CLIMATE RECORD PERIOD  1942 TO  2016

WEATHER ITEM   OBSERVED TIME    RECORD YEAR NORMAL DEPARTURE LAST
               VALUE    (LST)   VALUE       VALUE  FROM      YEAR
                                                   NORMAL
...................................................................
TEMPERATURE
TODAY
 MAXIMUM            38  0205 PM    45  1957     33       5     29
 MINIMUM            26  0724 AM     2  2008     24       2      9
 AVERAGE            32                          29       3     19

PRECIPITATION
(INCHES)
 TODAY            0.00           0.46  2012   0.10   -0.10   0.07
 MONTH TO DATE    0.40                        0.74   -0.34   0.07
 SINCE DEC 1     12.16                        8.36    3.80   4.40
 SINCE JAN 1      4.89                        3.90    0.99   1.48

SNOWFALL
(INCHES)
 TODAY             0.0            2.3  1996    0.4    -0.4    0.7
 MONTH TO DATE     0.3                         3.2    -2.9    0.7
 SINCE DEC 1      33.7                        29.9     3.8    4.5
 SINCE JUL 1      39.0                        42.5    -3.5    8.4
 SNOW DEPTH (IN)     0                                          T

DEGREE DAYS
 HEATING
  TODAY             33                          36      -3     46
  MONTH TO DATE    217                         257     -40    233
  SINCE DEC 1     2203                        2447    -244   2244
  SINCE JUL 1     5059                        5473    -414   4756

 COOLING
  TODAY              0                           0       0      0
  MONTH TO DATE      0                           0       0      0
  SINCE DEC 1        0                           0       0      0
  SINCE JAN 1        0                           0       0      0
...................................................................

WIND (MPH)
 HIGHEST WIND SPEED    16     HIGHEST WIND DIRECTION     10
 HIGHEST GUST SPEED    23     HIGHEST GUST DIRECTION    230
 AVERAGE WIND SPEED    MM

WEATHER CONDITIONS
 THE FOLLOWING WEATHER WAS RECORDED TODAY.
  NO SIGNIFICANT WEATHER WAS OBSERVED.

...................................................................

THE COLD BAY CLIMATE NORMALS FOR TOMORROW
                        NORMAL    RECORD   YEAR
 MAXIMUM TEMPERATURE      33        42     2014
 MINIMUM TEMPERATURE      24         1     1999

SUNRISE AND SUNSET
 FEB 7 2016..........SUNRISE  9:32 AM      SUNSET  6:40 PM
 FEB 8 2016..........SUNRISE  9:30 AM      SUNSET  6:42 PM

-  INDICATES NEGATIVE NUMBERS.
R  INDICATES RECORD HAS BEEN SET OR TIED.
MM INDICATES DATA IS MISSING.
T  INDICATES TRACE OF PRECIPITATION.

&&
-------------------------------------------------------------------

AMOUNT OF DAYLIGHT TODAY  (HOUR:MIN)........9 HOURS 8 MINUTES
GAIN SINCE YESTERDAY (HOUR:MIN:SEC)........+0:04:07

$$
DK FEB 16
