645
CDUS45 KSLC 191225
CLICDC


CLIMATE REPORT
NATIONAL WEATHER SERVICE SALT LAKE CITY UT
625 AM MDT THU OCT 19 2017


...................................

...THE CEDAR CITY UT CLIMATE SUMMARY FOR OCTOBER 18 2017...

CLIMATE NORMAL PERIOD 1981 TO 2010
CLIMATE RECORD PERIOD 1928 TO 2017


WEATHER ITEM   OBSERVED TIME   RECORD YEAR NORMAL DEPARTURE LAST
                VALUE   (LST)  VALUE       VALUE  FROM      YEAR
                                                  NORMAL
..................................................................
TEMPERATURE (F)
 YESTERDAY
  MAXIMUM         69    418 PM  83    2003  65      4       69
  MINIMUM         32    621 AM  21    2007  33     -1       33
  AVERAGE         51                        49      2       51

PRECIPITATION (IN)
  YESTERDAY        0.00          0.99 2005   0.04  -0.04     0.00
  MONTH TO DATE    T                         0.75  -0.75     0.02
  SINCE OCT 1      T                         0.75  -0.75     0.02
  SINCE JAN 1      9.00                      8.95   0.05     7.94

DEGREE DAYS
 HEATING
  YESTERDAY       14                        16     -2       14
  MONTH TO DATE  254                       233     21      165
  SINCE SEP 1    441                       367     74      278
  SINCE JUL 1    441                       376     65      282

 COOLING
  YESTERDAY        0                         0      0        0
  MONTH TO DATE    0                         0      0        2
  SINCE SEP 1     73                        39     34       33
  SINCE JAN 1    865                       588    277      826
..................................................................


WIND (MPH)
  RESULTANT WIND SPEED   1   RESULTANT WIND DIRECTION  SE (130)
  HIGHEST WIND SPEED    12   HIGHEST WIND DIRECTION    NE (50)
  HIGHEST GUST SPEED    12   HIGHEST GUST DIRECTION    NE (40)
  AVERAGE WIND SPEED     3.2



WEATHER CONDITIONS
 THE FOLLOWING WEATHER WAS RECORDED YESTERDAY.
  NO SIGNIFICANT WEATHER WAS OBSERVED.


RELATIVE HUMIDITY (PERCENT)
 HIGHEST    48           600 AM
 LOWEST     14           400 PM
 AVERAGE    31

..........................................................


THE CEDAR CITY UT CLIMATE NORMALS FOR TODAY
                         NORMAL    RECORD    YEAR
 MAXIMUM TEMPERATURE (F)   65        82      2003
 MINIMUM TEMPERATURE (F)   33        22      2013


SUNRISE AND SUNSET
OCTOBER 19 2017.......SUNRISE   745 AM MDT   SUNSET   649 PM MDT
OCTOBER 20 2017.......SUNRISE   746 AM MDT   SUNSET   648 PM MDT


-  INDICATES NEGATIVE NUMBERS.
R  INDICATES RECORD WAS SET OR TIED.
MM INDICATES DATA IS MISSING.
T  INDICATES TRACE AMOUNT.




$$
