000
CDUS45 KSLC 251235
CLICDC


CLIMATE REPORT
NATIONAL WEATHER SERVICE SALT LAKE CITY UT
635 AM MDT SAT MAR 25 2017


...................................

...THE CEDAR CITY UT CLIMATE SUMMARY FOR MARCH 24 2017...

CLIMATE NORMAL PERIOD 1981 TO 2010
CLIMATE RECORD PERIOD 1928 TO 2017


WEATHER ITEM   OBSERVED TIME   RECORD YEAR NORMAL DEPARTURE LAST
                VALUE   (LST)  VALUE       VALUE  FROM      YEAR
                                                  NORMAL
..................................................................
TEMPERATURE (F)
 YESTERDAY
  MAXIMUM         61    248 PM  74    1956  56      5       60
  MINIMUM         25    604 AM  14    2013  27     -2       20
                                      1957
  AVERAGE         43                        42      1       40

PRECIPITATION (IN)
  YESTERDAY        0.00          0.52 1965   0.04  -0.04     0.00
  MONTH TO DATE    0.74                      1.05  -0.31     0.55
  SINCE OCT 1      5.29                      6.02  -0.73     5.58
  SINCE JAN 1      2.46                      2.91  -0.45     2.02

DEGREE DAYS
 HEATING
  YESTERDAY       22                        23     -1       25
  MONTH TO DATE  425                       614   -189      480
  SINCE MAR 1    425                       614   -189      480
  SINCE JUL 1   4446                      5176   -730     4894

 COOLING
  YESTERDAY        0                         0      0        0
  MONTH TO DATE    0                         0      0        0
  SINCE MAR 1      0                         0      0        0
  SINCE JAN 1      0                         0      0        0
..................................................................


WIND (MPH)
  RESULTANT WIND SPEED   4   RESULTANT WIND DIRECTION  SW (220)
  HIGHEST WIND SPEED    24   HIGHEST WIND DIRECTION    SW (210)
  HIGHEST GUST SPEED    29   HIGHEST GUST DIRECTION    SW (210)
  AVERAGE WIND SPEED     5.9



WEATHER CONDITIONS
 THE FOLLOWING WEATHER WAS RECORDED YESTERDAY.
  NO SIGNIFICANT WEATHER WAS OBSERVED.


RELATIVE HUMIDITY (PERCENT)
 HIGHEST    92           100 AM
 LOWEST     26           300 PM
 AVERAGE    59

..........................................................


THE CEDAR CITY UT CLIMATE NORMALS FOR TODAY
                         NORMAL    RECORD    YEAR
 MAXIMUM TEMPERATURE (F)   57        72      1960
 MINIMUM TEMPERATURE (F)   27         7      1965


SUNRISE AND SUNSET
MARCH 25 2017.........SUNRISE   728 AM MDT   SUNSET   749 PM MDT
MARCH 26 2017.........SUNRISE   726 AM MDT   SUNSET   750 PM MDT


-  INDICATES NEGATIVE NUMBERS.
R  INDICATES RECORD WAS SET OR TIED.
MM INDICATES DATA IS MISSING.
T  INDICATES TRACE AMOUNT.




$$
