000
CDUS45 KSLC 221226
CLICDC


CLIMATE REPORT
NATIONAL WEATHER SERVICE SALT LAKE CITY UT
625 AM MDT FRI AUG 22 2014


...................................

...THE CEDAR CITY UT CLIMATE SUMMARY FOR AUGUST 21 2014...

CLIMATE NORMAL PERIOD 1981 TO 2010
CLIMATE RECORD PERIOD 1928 TO 2014


WEATHER ITEM   OBSERVED TIME   RECORD YEAR NORMAL DEPARTURE LAST
                VALUE   (LST)  VALUE       VALUE  FROM      YEAR
                                                  NORMAL
..................................................................
TEMPERATURE (F)
 YESTERDAY
  MAXIMUM         78    410 PM  99    2009  87     -9       87
  MINIMUM         52    402 AM  41    1964  54     -2       56
  AVERAGE         65                        70     -5       72

PRECIPITATION (IN)
  YESTERDAY        0.04          1.97 1986   0.04   0.00     0.01
  MONTH TO DATE    1.09                      0.81   0.28     0.38
  SINCE OCT 1      6.90                     10.33  -3.43    12.41
  SINCE JAN 1      4.96                      7.22  -2.26     9.70

DEGREE DAYS
 HEATING
  YESTERDAY        0                         0      0        0
  MONTH TO DATE    3                         0      3        0
  SINCE JUN 1     30                        79    -49       11
  SINCE JUL 1      3                         3      0        0

 COOLING
  YESTERDAY        0                         6     -6        7
  MONTH TO DATE  103                       150    -47      147
  SINCE JUN 1    498                       495      3      599
  SINCE JAN 1    523                       503     20      601
..................................................................


WIND (MPH)
  RESULTANT WIND SPEED   2   RESULTANT WIND DIRECTION  SW (210)
  HIGHEST WIND SPEED    21   HIGHEST WIND DIRECTION     W (270)
  HIGHEST GUST SPEED    26   HIGHEST GUST DIRECTION     W (270)
  AVERAGE WIND SPEED     7.0



WEATHER CONDITIONS
 THE FOLLOWING WEATHER WAS RECORDED YESTERDAY.
  THUNDERSTORM
  HEAVY RAIN
  LIGHT RAIN


RELATIVE HUMIDITY (PERCENT)
 HIGHEST    77           400 AM
 LOWEST     30           300 PM
 AVERAGE    54

..........................................................


THE CEDAR CITY UT CLIMATE NORMALS FOR TODAY
                         NORMAL    RECORD    YEAR
 MAXIMUM TEMPERATURE (F)   86        93      2011
                                             2007
                                             2006
 MINIMUM TEMPERATURE (F)   54        42      1968


SUNRISE AND SUNSET
AUGUST 22 2014........SUNRISE   654 AM MDT   SUNSET   816 PM MDT
AUGUST 23 2014........SUNRISE   655 AM MDT   SUNSET   814 PM MDT


-  INDICATES NEGATIVE NUMBERS.
R  INDICATES RECORD WAS SET OR TIED.
MM INDICATES DATA IS MISSING.
T  INDICATES TRACE AMOUNT.




$$
