000
CDUS45 KSLC 221228
CLICDC


CLIMATE REPORT
NATIONAL WEATHER SERVICE SALT LAKE CITY UT
527 AM MST THU FEB 22 2018


...................................

...THE CEDAR CITY UT CLIMATE SUMMARY FOR FEBRUARY 21 2018...

CLIMATE NORMAL PERIOD 1981 TO 2010
CLIMATE RECORD PERIOD 1928 TO 2018


WEATHER ITEM   OBSERVED TIME   RECORD YEAR NORMAL DEPARTURE LAST
                VALUE   (LST)  VALUE       VALUE  FROM      YEAR
                                                  NORMAL
..................................................................
TEMPERATURE (F)
 YESTERDAY
  MAXIMUM         31    520 PM  70    1995  48    -17       56
  MINIMUM          3    236 AM  -9    1955  22    -19       41
  AVERAGE         17                        35    -18       49

PRECIPITATION (IN)
  YESTERDAY        0.00          0.39 2000   0.04  -0.04     0.00
  MONTH TO DATE    0.45                      0.72  -0.27     0.42
  SINCE OCT 1      2.03                      4.69  -2.66     4.33
  SINCE JAN 1      1.48                      1.58  -0.10     1.50

DEGREE DAYS
 HEATING
  YESTERDAY       48                        30     18       16
  MONTH TO DATE  592                       681    -89      461
  SINCE DEC 1   2502                      2914   -412     2688
  SINCE JUL 1   3701                      4356   -655     3785

 COOLING
  YESTERDAY        0                         0      0        0
  MONTH TO DATE    0                         0      0        0
  SINCE DEC 1      0                         0      0        0
  SINCE JAN 1      0                         0      0        0
..................................................................


WIND (MPH)
  RESULTANT WIND SPEED   1   RESULTANT WIND DIRECTION   N (20)
  HIGHEST WIND SPEED     9   HIGHEST WIND DIRECTION    NE (40)
  HIGHEST GUST SPEED    12   HIGHEST GUST DIRECTION    NE (60)
  AVERAGE WIND SPEED     3.1



WEATHER CONDITIONS
 THE FOLLOWING WEATHER WAS RECORDED YESTERDAY.
  NO SIGNIFICANT WEATHER WAS OBSERVED.


RELATIVE HUMIDITY (PERCENT)
 HIGHEST    88           400 AM
 LOWEST     43           400 PM
 AVERAGE    66

..........................................................


THE CEDAR CITY UT CLIMATE NORMALS FOR TODAY
                         NORMAL    RECORD    YEAR
 MAXIMUM TEMPERATURE (F)   48        67      1958
 MINIMUM TEMPERATURE (F)   22         1      1955


SUNRISE AND SUNSET
FEBRUARY 22 2018......SUNRISE   713 AM MST   SUNSET   619 PM MST
FEBRUARY 23 2018......SUNRISE   712 AM MST   SUNSET   620 PM MST


-  INDICATES NEGATIVE NUMBERS.
R  INDICATES RECORD WAS SET OR TIED.
MM INDICATES DATA IS MISSING.
T  INDICATES TRACE AMOUNT.




$$
