000
CDUS45 KSLC 231225
CLICDC


CLIMATE REPORT
NATIONAL WEATHER SERVICE SALT LAKE CITY UT
625 AM MDT SUN APR 23 2017


...................................

...THE CEDAR CITY UT CLIMATE SUMMARY FOR APRIL 22 2017...

CLIMATE NORMAL PERIOD 1981 TO 2010
CLIMATE RECORD PERIOD 1928 TO 2017


WEATHER ITEM   OBSERVED TIME   RECORD YEAR NORMAL DEPARTURE LAST
                VALUE   (LST)  VALUE       VALUE  FROM      YEAR
                                                  NORMAL
..................................................................
TEMPERATURE (F)
 YESTERDAY
  MAXIMUM         67    333 PM  84    2012  63      4       74
  MINIMUM         27    623 AM  22    1963  33     -6       44
  AVERAGE         47                        48     -1       59

PRECIPITATION (IN)
  YESTERDAY        0.00          0.58 1957   0.03  -0.03     0.00
  MONTH TO DATE    0.80                      0.82  -0.02     0.60
  SINCE OCT 1      7.37                      7.14   0.23     6.58
  SINCE JAN 1      4.54                      4.03   0.51     3.02

DEGREE DAYS
 HEATING
  YESTERDAY       18                        17      1        6
  MONTH TO DATE  389                       431    -42      349
  SINCE MAR 1    980                      1203   -223     1009
  SINCE JUL 1   5001                      5765   -764     5423

 COOLING
  YESTERDAY        0                         0      0        0
  MONTH TO DATE    0                         0      0        0
  SINCE MAR 1      0                         0      0        0
  SINCE JAN 1      0                         0      0        0
..................................................................


WIND (MPH)
  RESULTANT WIND SPEED   1   RESULTANT WIND DIRECTION   N (10)
  HIGHEST WIND SPEED    10   HIGHEST WIND DIRECTION     N (350)
  HIGHEST GUST SPEED    13   HIGHEST GUST DIRECTION     N (360)
  AVERAGE WIND SPEED     3.2



WEATHER CONDITIONS
 THE FOLLOWING WEATHER WAS RECORDED YESTERDAY.
  NO SIGNIFICANT WEATHER WAS OBSERVED.


RELATIVE HUMIDITY (PERCENT)
 HIGHEST    75           600 AM
 LOWEST     23           100 PM
 AVERAGE    49

..........................................................


THE CEDAR CITY UT CLIMATE NORMALS FOR TODAY
                         NORMAL    RECORD    YEAR
 MAXIMUM TEMPERATURE (F)   64        86      2012
 MINIMUM TEMPERATURE (F)   34        22      1970


SUNRISE AND SUNSET
APRIL 23 2017.........SUNRISE   646 AM MDT   SUNSET   816 PM MDT
APRIL 24 2017.........SUNRISE   645 AM MDT   SUNSET   817 PM MDT


-  INDICATES NEGATIVE NUMBERS.
R  INDICATES RECORD WAS SET OR TIED.
MM INDICATES DATA IS MISSING.
T  INDICATES TRACE AMOUNT.




$$
