415
CDUS45 KSLC 231228
CLICDC


CLIMATE REPORT
NATIONAL WEATHER SERVICE SALT LAKE CITY UT
528 AM MST THU FEB 23 2017


...................................

...THE CEDAR CITY UT CLIMATE SUMMARY FOR FEBRUARY 22 2017...

CLIMATE NORMAL PERIOD 1981 TO 2010
CLIMATE RECORD PERIOD 1928 TO 2017


WEATHER ITEM   OBSERVED TIME   RECORD YEAR NORMAL DEPARTURE LAST
                VALUE   (LST)  VALUE       VALUE  FROM      YEAR
                                                  NORMAL
..................................................................
TEMPERATURE (F)
 YESTERDAY
  MAXIMUM         55    143 PM  67    1958  48      7       48
  MINIMUM         25   1159 PM   1    1955  22      3       27
  AVERAGE         40                        35      5       38

PRECIPITATION (IN)
  YESTERDAY        0.18          0.48 2015   0.03   0.15      T
  MONTH TO DATE    0.60                      0.75  -0.15     0.37
  SINCE OCT 1      4.51                      4.72  -0.21     5.03
  SINCE JAN 1      1.68                      1.61   0.07     1.47

DEGREE DAYS
 HEATING
  YESTERDAY       25                        30     -5       27
  MONTH TO DATE  486                       711   -225      779
  SINCE DEC 1   2713                      2944   -231     3031
  SINCE JUL 1   3810                      4386   -576     4263

 COOLING
  YESTERDAY        0                         0      0        0
  MONTH TO DATE    0                         0      0        0
  SINCE DEC 1      0                         0      0        0
  SINCE JAN 1      0                         0      0        0
..................................................................


WIND (MPH)
  RESULTANT WIND SPEED  12   RESULTANT WIND DIRECTION  SW (220)
  HIGHEST WIND SPEED    32   HIGHEST WIND DIRECTION    SW (210)
  HIGHEST GUST SPEED    42   HIGHEST GUST DIRECTION    SW (210)
  AVERAGE WIND SPEED    14.2



WEATHER CONDITIONS
 THE FOLLOWING WEATHER WAS RECORDED YESTERDAY.
  SNOW
  LIGHT SNOW
  FOG


RELATIVE HUMIDITY (PERCENT)
 HIGHEST    92           900 PM
 LOWEST     32          1200 PM
 AVERAGE    62

..........................................................


THE CEDAR CITY UT CLIMATE NORMALS FOR TODAY
                         NORMAL    RECORD    YEAR
 MAXIMUM TEMPERATURE (F)   48        66      1981
 MINIMUM TEMPERATURE (F)   22         3      1955


SUNRISE AND SUNSET
FEBRUARY 23 2017......SUNRISE   711 AM MST   SUNSET   620 PM MST
FEBRUARY 24 2017......SUNRISE   710 AM MST   SUNSET   621 PM MST


-  INDICATES NEGATIVE NUMBERS.
R  INDICATES RECORD WAS SET OR TIED.
MM INDICATES DATA IS MISSING.
T  INDICATES TRACE AMOUNT.




$$
