000
CDUS45 KCYS 152121
CLICDR


CLIMATE REPORT
NATIONAL WEATHER SERVICE CHEYENNE WY
321 PM MDT MON SEP 15 2014


...................................

...THE CHADRON NE AIRPORT CLIMATE SUMMARY FOR SEPTEMBER 15 2014...
VALID AS OF 0300 PM LOCAL TIME.

CLIMATE NORMAL PERIOD 1981 TO 2010
CLIMATE RECORD PERIOD 1895 TO 2014


WEATHER ITEM   OBSERVED TIME   RECORD YEAR NORMAL DEPARTURE LAST
                VALUE   (LST)  VALUE       VALUE  FROM      YEAR
                                                  NORMAL
..................................................................
TEMPERATURE (F)
 TODAY
  MAXIMUM         69    159 PM 100    1948  78     -9       66
  MINIMUM         33    607 AM  23    1916  44    -11       51
  AVERAGE         51                        61    -10       59

PRECIPITATION (IN)
  TODAY            0.00          0.37 1983   0.05  -0.05     0.08
  MONTH TO DATE    0.60                      0.89  -0.29     0.67
  SINCE JAN 1     15.12                     14.76   0.36    13.03

DEGREE DAYS
 HEATING
  TODAY           14                         6      8        6
  MONTH TO DATE  122                        54     68        7
  SINCE SEP 1    122                        54     68        7
  SINCE JUL 1    136                        84     52        7

 COOLING
  TODAY            0                         2     -2        0
  MONTH TO DATE   22                        48    -26      121
  SINCE SEP 1     22                        48    -26      121
  SINCE JAN 1    607                       695    -88      889
..................................................................


WIND (MPH)
  HIGHEST WIND SPEED    16   HIGHEST WIND DIRECTION     S (160)
  HIGHEST GUST SPEED    23   HIGHEST GUST DIRECTION     S (190)
  AVERAGE WIND SPEED     4.8


SKY COVER
  AVERAGE SKY COVER 0.0


WEATHER CONDITIONS
 THE FOLLOWING WEATHER WAS RECORDED TODAY.
  NO SIGNIFICANT WEATHER WAS OBSERVED.


RELATIVE HUMIDITY (PERCENT)
 HIGHEST   100           100 AM
 LOWEST     37           200 PM
 AVERAGE    69

..........................................................


THE CHADRON NE AIRPORT CLIMATE NORMALS FOR TOMORROW
                         NORMAL    RECORD    YEAR
 MAXIMUM TEMPERATURE (F)   78        97      2000
 MINIMUM TEMPERATURE (F)   44        29      1965
                                             1943


SUNRISE AND SUNSET
SEPTEMBER 15 2014.....SUNRISE   632 AM MDT   SUNSET   702 PM MDT
SEPTEMBER 16 2014.....SUNRISE   633 AM MDT   SUNSET   700 PM MDT


-  INDICATES NEGATIVE NUMBERS.
R  INDICATES RECORD WAS SET OR TIED.
MM INDICATES DATA IS MISSING.
T  INDICATES TRACE AMOUNT.




$$
