000
CDUS45 KCYS 062222
CLICDR


CLIMATE REPORT
NATIONAL WEATHER SERVICE CHEYENNE WY
321 PM MST FRI MAR 6 2015


...................................

...THE CHADRON NE AIRPORT CLIMATE SUMMARY FOR MARCH 6 2015...
VALID AS OF 0300 PM LOCAL TIME.

CLIMATE NORMAL PERIOD 1981 TO 2010
CLIMATE RECORD PERIOD 1895 TO 2015


WEATHER ITEM   OBSERVED TIME   RECORD YEAR NORMAL DEPARTURE LAST
                VALUE   (LST)  VALUE       VALUE  FROM      YEAR
                                                  NORMAL
..................................................................
TEMPERATURE (F)
 TODAY
  MAXIMUM         54    128 PM  76    2012  48      6       59
  MINIMUM         29    657 AM -18    1943  18     11       30
  AVERAGE         42                        33      9       45

PRECIPITATION (IN)
  TODAY            0.00          0.65 1990   0.03  -0.03     0.00
  MONTH TO DATE    0.02                      0.20  -0.18     0.11
  SINCE JAN 1      0.93                      1.17  -0.24     1.13

DEGREE DAYS
 HEATING
  TODAY           23                        32     -9       20
  MONTH TO DATE  248                       197     51      263
  SINCE MAR 1    248                       197     51      263
  SINCE JUL 1   5193                      5449   -256     5737

 COOLING
  TODAY            0                         0      0        0
  MONTH TO DATE    0                         0      0        0
  SINCE MAR 1      0                         0      0        0
  SINCE JAN 1      0                         0      0        0
..................................................................


WIND (MPH)
  HIGHEST WIND SPEED    23   HIGHEST WIND DIRECTION     W (280)
  HIGHEST GUST SPEED    29   HIGHEST GUST DIRECTION     W (270)
  AVERAGE WIND SPEED    12.2


SKY COVER
  AVERAGE SKY COVER 0.6


WEATHER CONDITIONS
 THE FOLLOWING WEATHER WAS RECORDED TODAY.
  NO SIGNIFICANT WEATHER WAS OBSERVED.


RELATIVE HUMIDITY (PERCENT)
 HIGHEST    75          1200 AM
 LOWEST     28           300 PM
 AVERAGE    52

..........................................................


THE CHADRON NE AIRPORT CLIMATE NORMALS FOR TOMORROW
                         NORMAL    RECORD    YEAR
 MAXIMUM TEMPERATURE (F)   48        70      2007
 MINIMUM TEMPERATURE (F)   18       -20      1943


SUNRISE AND SUNSET
MARCH  6 2015.........SUNRISE   620 AM MST   SUNSET   548 PM MST
MARCH  7 2015.........SUNRISE   619 AM MST   SUNSET   549 PM MST


-  INDICATES NEGATIVE NUMBERS.
R  INDICATES RECORD WAS SET OR TIED.
MM INDICATES DATA IS MISSING.
T  INDICATES TRACE AMOUNT.




$$
