000
CDUS45 KCYS 302125
CLICDR


CLIMATE REPORT
NATIONAL WEATHER SERVICE CHEYENNE WY
325 PM MDT TUE AUG 30 2016


...................................

...THE CHADRON NE AIRPORT CLIMATE SUMMARY FOR AUGUST 30 2016...
VALID AS OF 0300 PM LOCAL TIME.

CLIMATE NORMAL PERIOD 1981 TO 2010
CLIMATE RECORD PERIOD 1895 TO 2016


WEATHER ITEM   OBSERVED TIME   RECORD YEAR NORMAL DEPARTURE LAST
                VALUE   (LST)  VALUE       VALUE  FROM      YEAR
                                                  NORMAL
..................................................................
TEMPERATURE (F)
 TODAY
  MAXIMUM         90    142 PM 106    1990  86      4      103
  MINIMUM         52    541 AM  37    1935  51      1       62
  AVERAGE         71                        68      3       83

PRECIPITATION (IN)
  TODAY            0.00          1.16 1996   0.06  -0.06     0.00
  MONTH TO DATE    1.49                      1.53  -0.04     0.81
  SINCE JAN 1     12.08                     13.82  -1.74    16.10

DEGREE DAYS
 HEATING
  TODAY            0                         2     -2        0
  MONTH TO DATE   17                        16      1       33
  SINCE JUN 1     30                       107    -77       45
  SINCE JUL 1     17                        26     -9       36

 COOLING
  TODAY            6                         5      1       18
  MONTH TO DATE  219                       238    -19      235
  SINCE JUN 1    805                       622    183      592
  SINCE JAN 1    813                       642    171      592
..................................................................


WIND (MPH)
  HIGHEST WIND SPEED    16   HIGHEST WIND DIRECTION    SE (130)
  HIGHEST GUST SPEED    23   HIGHEST GUST DIRECTION    SE (130)
  AVERAGE WIND SPEED     4.8


SKY COVER
  AVERAGE SKY COVER 0.2


WEATHER CONDITIONS
 THE FOLLOWING WEATHER WAS RECORDED TODAY.
  FOG
  FOG W/VISIBILITY <= 1/4 MILE
  HAZE


RELATIVE HUMIDITY (PERCENT)
 HIGHEST   100           800 AM
 LOWEST     24           200 PM
 AVERAGE    62

..........................................................


THE CHADRON NE AIRPORT CLIMATE NORMALS FOR TOMORROW
                         NORMAL    RECORD    YEAR
 MAXIMUM TEMPERATURE (F)   85       103      1960
 MINIMUM TEMPERATURE (F)   51        36      1965


SUNRISE AND SUNSET
AUGUST 30 2016........SUNRISE   615 AM MDT   SUNSET   729 PM MDT
AUGUST 31 2016........SUNRISE   616 AM MDT   SUNSET   728 PM MDT


-  INDICATES NEGATIVE NUMBERS.
R  INDICATES RECORD WAS SET OR TIED.
MM INDICATES DATA IS MISSING.
T  INDICATES TRACE AMOUNT.




$$
