000
CDUS45 KCYS 252145
CLICDR


CLIMATE REPORT
NATIONAL WEATHER SERVICE CHEYENNE WY
345 PM MDT MON MAY 25 2015


...................................

...THE CHADRON NE AIRPORT CLIMATE SUMMARY FOR MAY 25 2015...
VALID AS OF 0300 PM LOCAL TIME.

CLIMATE NORMAL PERIOD 1981 TO 2010
CLIMATE RECORD PERIOD 1895 TO 2015


WEATHER ITEM   OBSERVED TIME   RECORD YEAR NORMAL DEPARTURE LAST
                VALUE   (LST)  VALUE       VALUE  FROM      YEAR
                                                  NORMAL
..................................................................
TEMPERATURE (F)
 TODAY
  MAXIMUM         63    225 PM  94    1931  74    -11       75
  MINIMUM         51    228 AM  29    2001  44      7       58
  AVERAGE         57                        59     -2       67

PRECIPITATION (IN)
  TODAY            0.15          1.01 1921   0.10   0.05     0.46
  MONTH TO DATE    5.06                      2.16   2.90     3.48
  SINCE JAN 1      7.68                      6.34   1.34     7.78

DEGREE DAYS
 HEATING
  TODAY            8                         7      1        0
  MONTH TO DATE  357                       267     90      290
  SINCE MAR 1   1572                      1778   -206     1734
  SINCE JUL 1   6517                      7030   -513     7208

 COOLING
  TODAY            0                         1     -1        2
  MONTH TO DATE    0                         9     -9        2
  SINCE MAR 1      0                        11    -11        3
  SINCE JAN 1      0                        11    -11        3
..................................................................


WIND (MPH)
  HIGHEST WIND SPEED    15   HIGHEST WIND DIRECTION    NE (30)
  HIGHEST GUST SPEED    20   HIGHEST GUST DIRECTION    NE (30)
  AVERAGE WIND SPEED     3.3


SKY COVER
  AVERAGE SKY COVER 0.9


WEATHER CONDITIONS
 THE FOLLOWING WEATHER WAS RECORDED TODAY.
  RAIN
  LIGHT RAIN
  FOG


RELATIVE HUMIDITY (PERCENT)
 HIGHEST   100           300 AM
 LOWEST     65           200 PM
 AVERAGE    83

..........................................................


THE CHADRON NE AIRPORT CLIMATE NORMALS FOR TOMORROW
                         NORMAL    RECORD    YEAR
 MAXIMUM TEMPERATURE (F)   74        98      1969
 MINIMUM TEMPERATURE (F)   45        32      1989
                                             1975


SUNRISE AND SUNSET
MAY 25 2015...........SUNRISE   521 AM MDT   SUNSET   818 PM MDT
MAY 26 2015...........SUNRISE   520 AM MDT   SUNSET   819 PM MDT


-  INDICATES NEGATIVE NUMBERS.
R  INDICATES RECORD WAS SET OR TIED.
MM INDICATES DATA IS MISSING.
T  INDICATES TRACE AMOUNT.




$$
