000
CDUS45 KCYS 260739
CLICDR


CLIMATE REPORT
NATIONAL WEATHER SERVICE CHEYENNE WY
139 AM MDT MON SEP 26 2016


...................................

...THE CHADRON NE AIRPORT CLIMATE SUMMARY FOR SEPTEMBER 25 2016...

CLIMATE NORMAL PERIOD 1981 TO 2010
CLIMATE RECORD PERIOD 1895 TO 2016


WEATHER ITEM   OBSERVED TIME   RECORD YEAR NORMAL DEPARTURE LAST
                VALUE   (LST)  VALUE       VALUE  FROM      YEAR
                                                  NORMAL
..................................................................
TEMPERATURE (F)
 YESTERDAY
  MAXIMUM         65    337 PM  94    2014  73     -8       83
                                      1964
                                      1894
  MINIMUM         38   1156 PM  15    1926  40     -2       43
  AVERAGE         52                        56     -4       63

PRECIPITATION (IN)
  YESTERDAY        0.00          1.45 1918   0.06  -0.06     0.00
  MONTH TO DATE    1.23                      1.47  -0.24     0.22
  SINCE JAN 1     13.31                     15.34  -2.03    16.32

DEGREE DAYS
 HEATING
  YESTERDAY       13                         9      4        2
  MONTH TO DATE   90                       129    -39       55
  SINCE SEP 1     90                       129    -39       55
  SINCE JUL 1    107                       159    -52       91

 COOLING
  YESTERDAY        0                         1     -1        0
  MONTH TO DATE   61                        60      1      103
  SINCE SEP 1     61                        60      1      103
  SINCE JAN 1    878                       707    171      701
..................................................................


WIND (MPH)
  HIGHEST WIND SPEED    30   HIGHEST WIND DIRECTION    NW (310)
  HIGHEST GUST SPEED    37   HIGHEST GUST DIRECTION    NW (320)
  AVERAGE WIND SPEED    14.3


SKY COVER
  AVERAGE SKY COVER 0.1


WEATHER CONDITIONS
 THE FOLLOWING WEATHER WAS RECORDED YESTERDAY.
  NO SIGNIFICANT WEATHER WAS OBSERVED.


RELATIVE HUMIDITY (PERCENT)
 HIGHEST    82           600 AM
 LOWEST     22           100 PM
 AVERAGE    52

..........................................................


THE CHADRON NE AIRPORT CLIMATE NORMALS FOR TODAY
                         NORMAL    RECORD    YEAR
 MAXIMUM TEMPERATURE (F)   73        94      2014
 MINIMUM TEMPERATURE (F)   39        18      1970


SUNRISE AND SUNSET
SEPTEMBER 26 2016.....SUNRISE   645 AM MDT   SUNSET   642 PM MDT
SEPTEMBER 27 2016.....SUNRISE   646 AM MDT   SUNSET   640 PM MDT


-  INDICATES NEGATIVE NUMBERS.
R  INDICATES RECORD WAS SET OR TIED.
MM INDICATES DATA IS MISSING.
T  INDICATES TRACE AMOUNT.




$$
