453
CDUS44 KLUB 110225
CLICDS


CLIMATE REPORT
NATIONAL WEATHER SERVICE LUBBOCK, TX
825 PM CST SUN DEC 10 2017


...................................

...THE CHILDRESS CLIMATE SUMMARY FOR DECEMBER 10 2017...
VALID TODAY AS OF 0800 PM LOCAL TIME.

CLIMATE NORMAL PERIOD 1981 TO 2010
CLIMATE RECORD PERIOD 1893 TO 2017


WEATHER ITEM   OBSERVED TIME   RECORD YEAR NORMAL DEPARTURE LAST
                VALUE   (LST)  VALUE       VALUE  FROM      YEAR
                                                  NORMAL
..................................................................
TEMPERATURE (F)
 TODAY
  MAXIMUM         73    439 PM  83    1996  55     18       57
                                      1939
  MINIMUM         34    646 AM  11    1977  30      4       25
  AVERAGE         54                        42     12       41

PRECIPITATION (IN)
  TODAY            0.00          1.01 1960   0.03  -0.03     0.00
  MONTH TO DATE    0.00                      0.33  -0.33     1.14
  SINCE DEC 1      0.00                      0.33  -0.33     1.14
  SINCE JAN 1     23.51                     23.34   0.17    29.89

SNOWFALL (IN)
  TODAY            0.0          MM      MM   0.0    0.0      0.0
  MONTH TO DATE    0.0                       0.5   -0.5      0.0
  SINCE DEC 1      0.0                       0.5   -0.5      0.0
  SINCE JUL 1      0.0                       1.4   -1.4      0.0
  SNOW DEPTH       0

DEGREE DAYS
 HEATING
  TODAY           11                        22    -11       24
  MONTH TO DATE  155                       212    -57      245
  SINCE DEC 1    155                       212    -57      245
  SINCE JUL 1    592                       772   -180      512

 COOLING
  TODAY            0                         0      0        0
  MONTH TO DATE    0                         0      0        0
  SINCE DEC 1      0                         0      0        0
  SINCE JAN 1   2307                      2207    100     2370
..................................................................


WIND (MPH)
  RESULTANT WIND SPEED   6   RESULTANT WIND DIRECTION  NW (300)
  HIGHEST WIND SPEED    13   HIGHEST WIND DIRECTION    NW (300)
  HIGHEST GUST SPEED    17   HIGHEST GUST DIRECTION     W (290)
  AVERAGE WIND SPEED     6.2


SKY COVER
  AVERAGE SKY COVER 0.0


WEATHER CONDITIONS
 THE FOLLOWING WEATHER WAS RECORDED TODAY.
  NO SIGNIFICANT WEATHER WAS OBSERVED.


RELATIVE HUMIDITY (PERCENT)
 HIGHEST    44           200 AM
 LOWEST      8           200 PM
 AVERAGE    26

..........................................................


THE CHILDRESS CLIMATE NORMALS FOR TOMORROW
                         NORMAL    RECORD    YEAR
 MAXIMUM TEMPERATURE (F)   55        81      1939
 MINIMUM TEMPERATURE (F)   30        13      1932


SUNRISE AND SUNSET
DECEMBER 10 2017......SUNRISE   737 AM CST   SUNSET   531 PM CST
DECEMBER 11 2017......SUNRISE   738 AM CST   SUNSET   531 PM CST


-  INDICATES NEGATIVE NUMBERS.
R  INDICATES RECORD WAS SET OR TIED.
MM INDICATES DATA IS MISSING.
T  INDICATES TRACE AMOUNT.




$$
