000
CDUS44 KLUB 100627
CLICDS


CLIMATE REPORT
NATIONAL WEATHER SERVICE LUBBOCK, TX
1226 AM CST WED FEB 10 2016


...................................

...THE CHILDRESS CLIMATE SUMMARY FOR FEBRUARY 9 2016...

CLIMATE NORMAL PERIOD 1981 TO 2010
CLIMATE RECORD PERIOD 1893 TO 2016


WEATHER ITEM   OBSERVED TIME   RECORD YEAR NORMAL DEPARTURE LAST
                VALUE   (LST)  VALUE       VALUE  FROM      YEAR
                                                  NORMAL
..................................................................
TEMPERATURE (F)
 YESTERDAY
  MAXIMUM         71    407 PM  87    1957  57     14       78
  MINIMUM         30    441 AM  -2    1933  31     -1       40
  AVERAGE         51                        44      7       59

PRECIPITATION (IN)
  YESTERDAY        0.00          2.58 1898   0.04  -0.04     0.00
  MONTH TO DATE    T                         0.31  -0.31      T
  SINCE DEC 1      1.36                      1.95  -0.59     1.28
  SINCE JAN 1      0.51                      1.04  -0.53     1.08

SNOWFALL (IN)
  YESTERDAY        0.0          MM      MM   0.1   -0.1      0.0
  MONTH TO DATE    0.0                       0.5   -0.5      0.0
  SINCE DEC 1      6.2                       4.9    1.3      1.5
  SINCE JUL 1      7.0                       5.8    1.2      3.5
  SNOW DEPTH       0

DEGREE DAYS
 HEATING
  YESTERDAY       14                        21     -7        6
  MONTH TO DATE  202                       196      6      158
  SINCE DEC 1   1495                      1639   -144     1483
  SINCE JUL 1   1948                      2199   -251     2038

 COOLING
  YESTERDAY        0                         0      0        0
  MONTH TO DATE    0                         0      0        0
  SINCE DEC 1      0                         0      0        0
  SINCE JAN 1      0                         0      0        0
..................................................................


WIND (MPH)
  RESULTANT WIND SPEED   8   RESULTANT WIND DIRECTION  NW (320)
  HIGHEST WIND SPEED    31   HIGHEST WIND DIRECTION     N (340)
  HIGHEST GUST SPEED    37   HIGHEST GUST DIRECTION     N (340)
  AVERAGE WIND SPEED    11.4


SKY COVER
  AVERAGE SKY COVER 0.0


WEATHER CONDITIONS
 THE FOLLOWING WEATHER WAS RECORDED YESTERDAY.
  NO SIGNIFICANT WEATHER WAS OBSERVED.


RELATIVE HUMIDITY (PERCENT)
 HIGHEST    64           800 AM
 LOWEST     16           500 PM
 AVERAGE    40

..........................................................


THE CHILDRESS CLIMATE NORMALS FOR TODAY
                         NORMAL    RECORD    YEAR
 MAXIMUM TEMPERATURE (F)   57        84      1999
 MINIMUM TEMPERATURE (F)   31        -1      1933


SUNRISE AND SUNSET
FEBRUARY 10 2016......SUNRISE   732 AM CST   SUNSET   619 PM CST
FEBRUARY 11 2016......SUNRISE   731 AM CST   SUNSET   620 PM CST


-  INDICATES NEGATIVE NUMBERS.
R  INDICATES RECORD WAS SET OR TIED.
MM INDICATES DATA IS MISSING.
T  INDICATES TRACE AMOUNT.




$$
