000
CDUS44 KLUB 300128
CLICDS


CLIMATE REPORT
NATIONAL WEATHER SERVICE LUBBOCK, TX
827 PM CDT FRI APR 29 2016


...................................

...THE CHILDRESS CLIMATE SUMMARY FOR APRIL 29 2016...
VALID TODAY AS OF 0800 PM LOCAL TIME.

CLIMATE NORMAL PERIOD 1981 TO 2010
CLIMATE RECORD PERIOD 1893 TO 2016


WEATHER ITEM   OBSERVED TIME   RECORD YEAR NORMAL DEPARTURE LAST
                VALUE   (LST)  VALUE       VALUE  FROM      YEAR
                                                  NORMAL
..................................................................
TEMPERATURE (F)
 TODAY
  MAXIMUM         71    451 PM  97    1893  80     -9       74
  MINIMUM         60   1201 PM  33    1908  53      7       44
  AVERAGE         66                        66      0       59

PRECIPITATION (IN)
  TODAY            0.02          1.52 2009   0.09  -0.07     0.00
  MONTH TO DATE    1.99                      2.03  -0.04     5.08
  SINCE MAR 1      2.77                      3.56  -0.79     5.37
  SINCE JAN 1      4.02                      5.34  -1.32     6.65

SNOWFALL (IN)
  TODAY            0.0          MM      MM   0.0    0.0      0.0
  MONTH TO DATE    0.0                       0.2   -0.2      0.0
  SINCE MAR 1      0.0                       0.6   -0.6      2.5
  SINCE JUL 1      7.0                       7.0    0.0      8.0
  SNOW DEPTH       0

DEGREE DAYS
 HEATING
  TODAY            0                         2     -2        6
  MONTH TO DATE   81                       150    -69      100
  SINCE MAR 1    314                       525   -211      434
  SINCE JUL 1   2482                      3085   -603     2931

 COOLING
  TODAY            1                         4     -3        0
  MONTH TO DATE   40                        68    -28       79
  SINCE MAR 1     62                        86    -24       96
  SINCE JAN 1     64                        87    -23       96
..................................................................


WIND (MPH)
  RESULTANT WIND SPEED   9   RESULTANT WIND DIRECTION  NE (40)
  HIGHEST WIND SPEED    35   HIGHEST WIND DIRECTION     N (340)
  HIGHEST GUST SPEED    41   HIGHEST GUST DIRECTION     N (340)
  AVERAGE WIND SPEED    11.9


SKY COVER
  AVERAGE SKY COVER 0.8


WEATHER CONDITIONS
 THE FOLLOWING WEATHER WAS RECORDED TODAY.
  LIGHT RAIN


RELATIVE HUMIDITY (PERCENT)
 HIGHEST    90           700 AM
 LOWEST     57           400 PM
 AVERAGE    74

..........................................................


THE CHILDRESS CLIMATE NORMALS FOR TOMORROW
                         NORMAL    RECORD    YEAR
 MAXIMUM TEMPERATURE (F)   80        98      2008
                                             1948
 MINIMUM TEMPERATURE (F)   53        30      1903


SUNRISE AND SUNSET
APRIL 29 2016.........SUNRISE   653 AM CDT   SUNSET   824 PM CDT
APRIL 30 2016.........SUNRISE   652 AM CDT   SUNSET   825 PM CDT


-  INDICATES NEGATIVE NUMBERS.
R  INDICATES RECORD WAS SET OR TIED.
MM INDICATES DATA IS MISSING.
T  INDICATES TRACE AMOUNT.




$$
