000
CDUS44 KLUB 060626
CLICDS


CLIMATE REPORT
NATIONAL WEATHER SERVICE LUBBOCK, TX
1226 AM CST TUE DEC 6 2016


...................................

...THE CHILDRESS CLIMATE SUMMARY FOR DECEMBER 5 2016...

CLIMATE NORMAL PERIOD 1981 TO 2010
CLIMATE RECORD PERIOD 1893 TO 2016


WEATHER ITEM   OBSERVED TIME   RECORD YEAR NORMAL DEPARTURE LAST
                VALUE   (LST)  VALUE       VALUE  FROM      YEAR
                                                  NORMAL
..................................................................
TEMPERATURE (F)
 YESTERDAY
  MAXIMUM         59    229 PM  81    1956  57      2       61
                                      1946
  MINIMUM         33    640 AM  13    1972  31      2       36
                                      1950
  AVERAGE         46                        44      2       49

PRECIPITATION (IN)
  YESTERDAY        0.00          1.40 1930   0.03  -0.03     0.00
  MONTH TO DATE    1.14                      0.16   0.98     0.00
  SINCE DEC 1      1.14                      0.16   0.98     0.00
  SINCE JAN 1     29.89                     23.17   6.72    35.91

SNOWFALL (IN)
  YESTERDAY        0.0          MM      MM   0.1   -0.1      0.0
  MONTH TO DATE    0.0                       0.3   -0.3      0.0
  SINCE DEC 1      0.0                       0.3   -0.3      0.0
  SINCE JUL 1      0.0                       1.2   -1.2      0.8
  SNOW DEPTH       0

DEGREE DAYS
 HEATING
  YESTERDAY       19                        21     -2       16
  MONTH TO DATE   97                       103     -6       91
  SINCE DEC 1     97                       103     -6       91
  SINCE JUL 1    364                       663   -299      544

 COOLING
  YESTERDAY        0                         0      0        0
  MONTH TO DATE    0                         0      0        0
  SINCE DEC 1      0                         0      0        0
  SINCE JAN 1   2370                      2207    163     2321
..................................................................


WIND (MPH)
  RESULTANT WIND SPEED   9   RESULTANT WIND DIRECTION   S (180)
  HIGHEST WIND SPEED    23   HIGHEST WIND DIRECTION     S (190)
  HIGHEST GUST SPEED    29   HIGHEST GUST DIRECTION     S (170)
  AVERAGE WIND SPEED    10.2


SKY COVER
  AVERAGE SKY COVER 0.0


WEATHER CONDITIONS
 THE FOLLOWING WEATHER WAS RECORDED YESTERDAY.
  NO SIGNIFICANT WEATHER WAS OBSERVED.


RELATIVE HUMIDITY (PERCENT)
 HIGHEST    93          1100 PM
 LOWEST     36           100 PM
 AVERAGE    65

..........................................................


THE CHILDRESS CLIMATE NORMALS FOR TODAY
                         NORMAL    RECORD    YEAR
 MAXIMUM TEMPERATURE (F)   56        84      1939
 MINIMUM TEMPERATURE (F)   31         7      1950


SUNRISE AND SUNSET
DECEMBER  6 2016......SUNRISE   734 AM CST   SUNSET   531 PM CST
DECEMBER  7 2016......SUNRISE   735 AM CST   SUNSET   531 PM CST


-  INDICATES NEGATIVE NUMBERS.
R  INDICATES RECORD WAS SET OR TIED.
MM INDICATES DATA IS MISSING.
T  INDICATES TRACE AMOUNT.




$$
