000
CDUS44 KLUB 170632
CLICDS


CLIMATE REPORT
NATIONAL WEATHER SERVICE LUBBOCK, TX
131 AM CDT TUE OCT 17 2017


...................................

...THE CHILDRESS CLIMATE SUMMARY FOR OCTOBER 16 2017...

CLIMATE NORMAL PERIOD 1981 TO 2010
CLIMATE RECORD PERIOD 1893 TO 2017


WEATHER ITEM   OBSERVED TIME   RECORD YEAR NORMAL DEPARTURE LAST
                VALUE   (LST)  VALUE       VALUE  FROM      YEAR
                                                  NORMAL
..................................................................
TEMPERATURE (F)
 YESTERDAY
  MAXIMUM         71    432 PM  95    2014  76     -5       94
  MINIMUM         42    612 AM  34    2001  50     -8       61
                                      1943
  AVERAGE         57                        63     -6       78

PRECIPITATION (IN)
  YESTERDAY        0.00          0.62 1970   0.09  -0.09     0.00
  MONTH TO DATE    1.14                      1.21  -0.07     0.38
  SINCE SEP 1      5.68                      3.63   2.05     3.79
  SINCE JAN 1     23.36                     20.72   2.64    26.57

SNOWFALL (IN)
  YESTERDAY        0.0          MM      MM   0.0    0.0      0.0
  MONTH TO DATE    0.0                       0.0    0.0      0.0
  SINCE SEP 1      0.0                       0.0    0.0      0.0
  SINCE JUL 1      0.0                       0.0    0.0      0.0
  SNOW DEPTH       0

DEGREE DAYS
 HEATING
  YESTERDAY        8                         4      4        0
  MONTH TO DATE   38                        46     -8       24
  SINCE SEP 1     44                        63    -19       26
  SINCE JUL 1     44                        63    -19       26

 COOLING
  YESTERDAY        0                         2     -2       13
  MONTH TO DATE   94                        55     39       91
  SINCE SEP 1    388                       348     40      410
  SINCE JAN 1   2282                      2179    103     2283
..................................................................


WIND (MPH)
  RESULTANT WIND SPEED   3   RESULTANT WIND DIRECTION   S (170)
  HIGHEST WIND SPEED    13   HIGHEST WIND DIRECTION     S (170)
  HIGHEST GUST SPEED    16   HIGHEST GUST DIRECTION     S (200)
  AVERAGE WIND SPEED     6.0


SKY COVER
  AVERAGE SKY COVER 0.0


WEATHER CONDITIONS
 THE FOLLOWING WEATHER WAS RECORDED YESTERDAY.
  NO SIGNIFICANT WEATHER WAS OBSERVED.


RELATIVE HUMIDITY (PERCENT)
 HIGHEST    83           300 AM
 LOWEST     25           300 PM
 AVERAGE    54

..........................................................


THE CHILDRESS CLIMATE NORMALS FOR TODAY
                         NORMAL    RECORD    YEAR
 MAXIMUM TEMPERATURE (F)   76        96      2016
                                             1972
 MINIMUM TEMPERATURE (F)   50        34      1976
                                             1943


SUNRISE AND SUNSET
OCTOBER 17 2017.......SUNRISE   748 AM CDT   SUNSET   704 PM CDT
OCTOBER 18 2017.......SUNRISE   749 AM CDT   SUNSET   703 PM CDT


-  INDICATES NEGATIVE NUMBERS.
R  INDICATES RECORD WAS SET OR TIED.
MM INDICATES DATA IS MISSING.
T  INDICATES TRACE AMOUNT.




$$
