000
CDUS44 KLUB 170227
CLICDS


CLIMATE REPORT
NATIONAL WEATHER SERVICE LUBBOCK, TX
826 PM CST MON JAN 16 2017


...................................

...THE CHILDRESS CLIMATE SUMMARY FOR JANUARY 16 2017...
VALID TODAY AS OF 0800 PM LOCAL TIME.

CLIMATE NORMAL PERIOD 1981 TO 2010
CLIMATE RECORD PERIOD 1893 TO 2017


WEATHER ITEM   OBSERVED TIME   RECORD YEAR NORMAL DEPARTURE LAST
                VALUE   (LST)  VALUE       VALUE  FROM      YEAR
                                                  NORMAL
..................................................................
TEMPERATURE (F)
 TODAY
  MAXIMUM         53    431 PM  80    1974  55     -2       42
  MINIMUM         33    732 AM   3    1930  28      5       31
  AVERAGE         43                        41      2       37

PRECIPITATION (IN)
  TODAY            0.03          0.39 1946   0.03   0.00     0.17
  MONTH TO DATE    1.54                      0.31   1.23     0.51
  SINCE DEC 1      2.83                      1.22   1.61     1.36
  SINCE JAN 1      1.54                      0.31   1.23     0.51

SNOWFALL (IN)
  TODAY            0.0          MM      MM   0.1   -0.1      1.0
  MONTH TO DATE    1.5                       1.3    0.2      1.2
  SINCE DEC 1      1.5                       3.0   -1.5      6.2
  SINCE JUL 1      1.5                       3.9   -2.4      7.0
  SNOW DEPTH       0

DEGREE DAYS
 HEATING
  TODAY           22                        24     -2       28
  MONTH TO DATE  401                       384     17      407
  SINCE DEC 1   1088                      1097     -9      998
  SINCE JUL 1   1355                      1657   -302     1451

 COOLING
  TODAY            0                         0      0        0
  MONTH TO DATE    0                         0      0        0
  SINCE DEC 1      0                         0      0        0
  SINCE JAN 1      0                         0      0        0
..................................................................


WIND (MPH)
  RESULTANT WIND SPEED   9   RESULTANT WIND DIRECTION  NW (300)
  HIGHEST WIND SPEED    20   HIGHEST WIND DIRECTION    NW (310)
  HIGHEST GUST SPEED    26   HIGHEST GUST DIRECTION    NW (330)
  AVERAGE WIND SPEED    10.8


SKY COVER
  AVERAGE SKY COVER 0.0


WEATHER CONDITIONS
 THE FOLLOWING WEATHER WAS RECORDED TODAY.
  RAIN
  LIGHT RAIN
  FOG


RELATIVE HUMIDITY (PERCENT)
 HIGHEST    96           400 AM
 LOWEST     54           300 PM
 AVERAGE    75

..........................................................


THE CHILDRESS CLIMATE NORMALS FOR TOMORROW
                         NORMAL    RECORD    YEAR
 MAXIMUM TEMPERATURE (F)   55        82      1894
 MINIMUM TEMPERATURE (F)   28       -13      1930


SUNRISE AND SUNSET
JANUARY 16 2017.......SUNRISE   747 AM CST   SUNSET   555 PM CST
JANUARY 17 2017.......SUNRISE   747 AM CST   SUNSET   556 PM CST


-  INDICATES NEGATIVE NUMBERS.
R  INDICATES RECORD WAS SET OR TIED.
MM INDICATES DATA IS MISSING.
T  INDICATES TRACE AMOUNT.




$$
