000
CDUS44 KLUB 230128
CLICDS


CLIMATE REPORT
NATIONAL WEATHER SERVICE LUBBOCK, TX
826 PM CDT THU JUN 22 2017


...................................

...THE CHILDRESS CLIMATE SUMMARY FOR JUNE 22 2017...
VALID TODAY AS OF 0800 PM LOCAL TIME.

CLIMATE NORMAL PERIOD 1981 TO 2010
CLIMATE RECORD PERIOD 1893 TO 2017


WEATHER ITEM   OBSERVED TIME   RECORD YEAR NORMAL DEPARTURE LAST
                VALUE   (LST)  VALUE       VALUE  FROM      YEAR
                                                  NORMAL
..................................................................
TEMPERATURE (F)
 TODAY
  MAXIMUM         98    618 PM 110    1934  93      5       97
  MINIMUM         72    554 AM  49    1902  68      4       74
  AVERAGE         85                        81      4       86

PRECIPITATION (IN)
  TODAY            0.00          1.75 1950   0.11  -0.11     0.00
  MONTH TO DATE    1.74                      3.09  -1.35     3.68
  SINCE JUN 1      1.74                      3.09  -1.35     3.68
  SINCE JAN 1     11.01                     11.66  -0.65    15.54

SNOWFALL (IN)
  TODAY            0.0                       0.0    0.0      0.0
  MONTH TO DATE    0.0                       0.0    0.0      0.0
  SINCE JUN 1      0.0                       0.0    0.0      0.0
  SINCE JUL 1      1.5                       7.0   -5.5      7.0
  SNOW DEPTH       0

DEGREE DAYS
 HEATING
  TODAY            0                         0      0        0
  MONTH TO DATE    0                         0      0        0
  SINCE JUN 1      0                         0      0        0
  SINCE JUL 1   2328                      3115   -787     2555

 COOLING
  TODAY           20                        16      4       21
  MONTH TO DATE  357                       290     67      325
  SINCE JUN 1    357                       290     67      325
  SINCE JAN 1    708                       602    106      589
..................................................................


WIND (MPH)
  RESULTANT WIND SPEED   5   RESULTANT WIND DIRECTION   S (170)
  HIGHEST WIND SPEED    15   HIGHEST WIND DIRECTION    SE (140)
  HIGHEST GUST SPEED    19   HIGHEST GUST DIRECTION     S (170)
  AVERAGE WIND SPEED     8.6


SKY COVER
  AVERAGE SKY COVER 0.0


WEATHER CONDITIONS
 THE FOLLOWING WEATHER WAS RECORDED TODAY.
  NO SIGNIFICANT WEATHER WAS OBSERVED.


RELATIVE HUMIDITY (PERCENT)
 HIGHEST    61           400 AM
 LOWEST     22           600 PM
 AVERAGE    42

..........................................................


THE CHILDRESS CLIMATE NORMALS FOR TOMORROW
                         NORMAL    RECORD    YEAR
 MAXIMUM TEMPERATURE (F)   93       108      1897
 MINIMUM TEMPERATURE (F)   68        58      1976


SUNRISE AND SUNSET
JUNE 22 2017..........SUNRISE   629 AM CDT   SUNSET   857 PM CDT
JUNE 23 2017..........SUNRISE   630 AM CDT   SUNSET   857 PM CDT


-  INDICATES NEGATIVE NUMBERS.
R  INDICATES RECORD WAS SET OR TIED.
MM INDICATES DATA IS MISSING.
T  INDICATES TRACE AMOUNT.




$$
