000
CDUS44 KLUB 070626
CLICDS


CLIMATE REPORT
NATIONAL WEATHER SERVICE LUBBOCK, TX
126 AM CDT TUE JUL 7 2015


...................................

...THE CHILDRESS CLIMATE SUMMARY FOR JULY 6 2015...

CLIMATE NORMAL PERIOD 1981 TO 2010
CLIMATE RECORD PERIOD 1893 TO 2015


WEATHER ITEM   OBSERVED TIME   RECORD YEAR NORMAL DEPARTURE LAST
                VALUE   (LST)  VALUE       VALUE  FROM      YEAR
                                                  NORMAL
..................................................................
TEMPERATURE (F)
 YESTERDAY
  MAXIMUM         96    341 PM 106    2011  96      0       96
                                      1970
  MINIMUM         72   1159 PM  59    1940  70      2       71
  AVERAGE         84                        83      1       84

PRECIPITATION (IN)
  YESTERDAY        1.05          3.20 1933   0.07   0.98     0.00
  MONTH TO DATE    1.08                      0.47   0.61     0.66
  SINCE JUN 1      5.12                      4.42   0.70     5.38
  SINCE JAN 1     24.72                     12.99  11.73    11.61

SNOWFALL (IN)
  YESTERDAY        0.0          MM      MM   0.0    0.0      0.0
  MONTH TO DATE    0.0                       0.0    0.0      0.0
  SINCE JUN 1      0.0                       0.0    0.0      0.0
  SINCE JUL 1      0.0                       0.0    0.0      0.0
  SNOW DEPTH       0

DEGREE DAYS
 HEATING
  YESTERDAY        0                         0      0        0
  MONTH TO DATE    0                         0      0        0
  SINCE JUN 1      0                         2     -2        0
  SINCE JUL 1      0                         0      0        0

 COOLING
  YESTERDAY       19                        18      1       19
  MONTH TO DATE  107                       106      1       87
  SINCE JUN 1    566                       527     39      532
  SINCE JAN 1    766                       839    -73      896
..................................................................


WIND (MPH)
  RESULTANT WIND SPEED  12   RESULTANT WIND DIRECTION   S (180)
  HIGHEST WIND SPEED    26   HIGHEST WIND DIRECTION     N (20)
  HIGHEST GUST SPEED    32   HIGHEST GUST DIRECTION     N (10)
  AVERAGE WIND SPEED    13.7


SKY COVER
  AVERAGE SKY COVER 0.1


WEATHER CONDITIONS
 THE FOLLOWING WEATHER WAS RECORDED YESTERDAY.
  THUNDERSTORM
  HEAVY RAIN
  RAIN
  LIGHT RAIN
  FOG


RELATIVE HUMIDITY (PERCENT)
 HIGHEST    73           500 AM
 LOWEST     43           200 PM
 AVERAGE    58

..........................................................


THE CHILDRESS CLIMATE NORMALS FOR TODAY
                         NORMAL    RECORD    YEAR
 MAXIMUM TEMPERATURE (F)   96       108      2011
                                             1998
 MINIMUM TEMPERATURE (F)   70        60      1982
                                             1952


SUNRISE AND SUNSET
JULY  7 2015..........SUNRISE   635 AM CDT   SUNSET   857 PM CDT
JULY  8 2015..........SUNRISE   636 AM CDT   SUNSET   856 PM CDT


-  INDICATES NEGATIVE NUMBERS.
R  INDICATES RECORD WAS SET OR TIED.
MM INDICATES DATA IS MISSING.
T  INDICATES TRACE AMOUNT.




$$
