000
CDUS44 KLUB 140642
CLICDS


CLIMATE REPORT
NATIONAL WEATHER SERVICE LUBBOCK, TX
142 AM CDT MON JUL 14 2014


...................................

...THE CHILDRESS CLIMATE SUMMARY FOR JULY 13 2014...

CLIMATE NORMAL PERIOD 1981 TO 2010
CLIMATE RECORD PERIOD 1893 TO 2014


WEATHER ITEM   OBSERVED TIME   RECORD YEAR NORMAL DEPARTURE LAST
                VALUE   (LST)  VALUE       VALUE  FROM      YEAR
                                                  NORMAL
..................................................................
TEMPERATURE (F)
 YESTERDAY
  MAXIMUM        100    513 PM 108    1937  96      4      104
                                      1933
  MINIMUM         71    258 AM  60    1990  71      0       73
                                      1987
                                      1897
  AVERAGE         86                        84      2       89

PRECIPITATION (IN)
  YESTERDAY        0.00          1.61 1952   0.05  -0.05     0.00
  MONTH TO DATE    0.66                      0.90  -0.24      T
  SINCE JUN 1      5.38                      4.85   0.53     3.33
  SINCE JAN 1     11.61                     13.42  -1.81     8.12

SNOWFALL (IN)
  YESTERDAY        0.0          MM      MM   0.0    0.0      0.0
  MONTH TO DATE    0.0                       0.0    0.0      0.0
  SINCE JUN 1      0.0                       0.0    0.0      0.0
  SINCE JUL 1      0.0                       0.0    0.0      0.0
  SNOW DEPTH       0

DEGREE DAYS
 HEATING
  YESTERDAY        0                         0      0        0
  MONTH TO DATE    0                         0      0        0
  SINCE JUN 1      0                         2     -2        0
  SINCE JUL 1      0                         0      0        0

 COOLING
  YESTERDAY       21                        18      3       24
  MONTH TO DATE  225                       232     -7      247
  SINCE JUN 1    670                       653     17      749
  SINCE JAN 1   1034                       965     69     1100
..................................................................


WIND (MPH)
  RESULTANT WIND SPEED   4   RESULTANT WIND DIRECTION  SW (230)
  HIGHEST WIND SPEED    18   HIGHEST WIND DIRECTION     N (20)
  HIGHEST GUST SPEED    23   HIGHEST GUST DIRECTION     N (20)
  AVERAGE WIND SPEED     8.8


SKY COVER
  AVERAGE SKY COVER 0.1


WEATHER CONDITIONS
 THE FOLLOWING WEATHER WAS RECORDED YESTERDAY.
  NO SIGNIFICANT WEATHER WAS OBSERVED.


RELATIVE HUMIDITY (PERCENT)
 HIGHEST    58           700 AM
 LOWEST     21           300 PM
 AVERAGE    40

..........................................................


THE CHILDRESS CLIMATE NORMALS FOR TODAY
                         NORMAL    RECORD    YEAR
 MAXIMUM TEMPERATURE (F)   96       110      1937
 MINIMUM TEMPERATURE (F)   71        57      1987


SUNRISE AND SUNSET
JULY 14 2014..........SUNRISE   639 AM CDT   SUNSET   854 PM CDT
JULY 15 2014..........SUNRISE   640 AM CDT   SUNSET   854 PM CDT


-  INDICATES NEGATIVE NUMBERS.
R  INDICATES RECORD WAS SET OR TIED.
MM INDICATES DATA IS MISSING.
T  INDICATES TRACE AMOUNT.




$$
