806
CDUS46 KEKA 240009
CLICEC


CLIMATE REPORT
NATIONAL WEATHER SERVICE EUREKA CA
409 PM PST THU NOV 23 2017


...................................

...THE CRESCENT CITY CA CLIMATE SUMMARY FOR NOVEMBER 23 2017...
VALID TODAY AS OF 0400 PM LOCAL TIME.

CLIMATE NORMAL PERIOD 1981 TO 2010
CLIMATE RECORD PERIOD 1894 TO 2017


WEATHER ITEM   OBSERVED TIME   RECORD YEAR NORMAL DEPARTURE LAST
                VALUE   (LST)  VALUE       VALUE  FROM      YEAR
                                                  NORMAL
..................................................................
TEMPERATURE (F)
 TODAY
  MAXIMUM         59    910 AM  75    2013  55      4       54
  MINIMUM         56    359 PM  32    2010  43     13       45
                                      2003
  AVERAGE         58                        49      9       50

PRECIPITATION (IN)
  TODAY            0.51          2.64 2011   0.31   0.20     0.49
  MONTH TO DATE    8.03                      7.33   0.70    10.44
  SINCE OCT 1     10.06                     11.57  -1.51    29.12
  SINCE JAN 1     60.54                     50.36  10.18    61.90

SNOWFALL (IN)
  TODAY            0.0          MM      MM  MM     MM       MM
  MONTH TO DATE    0.0                      MM     MM        0.0
  SINCE SEP 1      0.0                      MM     MM        0.0
  SINCE JUL 1      0.0                      MM     MM        0.0
  SNOW DEPTH       0

..................................................................


WIND (MPH)
  HIGHEST WIND SPEED    18   HIGHEST WIND DIRECTION     S (160)
  HIGHEST GUST SPEED    25   HIGHEST GUST DIRECTION     S (160)
  AVERAGE WIND SPEED    11.4


SKY COVER
  AVERAGE SKY COVER 1.0


WEATHER CONDITIONS
 THE FOLLOWING WEATHER WAS RECORDED TODAY.
  RAIN
  LIGHT RAIN
  FOG
  FOG W/VISIBILITY <= 1/4 MILE


RELATIVE HUMIDITY (PERCENT)
 HIGHEST   100
 LOWEST     93
 AVERAGE    97

..........................................................


THE CRESCENT CITY CA CLIMATE NORMALS FOR TOMORROW
                         NORMAL    RECORD    YEAR
 MAXIMUM TEMPERATURE (F)   54        69      1975
 MINIMUM TEMPERATURE (F)   43        31      2010
                                             1978


SUNRISE AND SUNSET
NOVEMBER 23 2017......SUNRISE   716 AM PST   SUNSET   450 PM PST
NOVEMBER 24 2017......SUNRISE   717 AM PST   SUNSET   450 PM PST


-  INDICATES NEGATIVE NUMBERS.
R  INDICATES RECORD WAS SET OR TIED.
MM INDICATES DATA IS MISSING.
T  INDICATES TRACE AMOUNT.




$$
