000
CDUS46 KEKA 281213
CLICEC


CLIMATE REPORT
NATIONAL WEATHER SERVICE EUREKA CA
512 AM PDT FRI JUL 28 2017


...................................

...THE CRESCENT CITY CA CLIMATE SUMMARY FOR JULY 27 2017...

CLIMATE NORMAL PERIOD 1981 TO 2010
CLIMATE RECORD PERIOD 1894 TO 2017


WEATHER ITEM   OBSERVED TIME   RECORD YEAR NORMAL DEPARTURE LAST
                VALUE   (LST)  VALUE       VALUE  FROM      YEAR
                                                  NORMAL
..................................................................
TEMPERATURE (F)
 YESTERDAY
  MAXIMUM         62    236 PM  74    2000  62      0       62
  MINIMUM         52    434 AM  44    1959  52      0       53
  AVERAGE         57                        57      0       58

PRECIPITATION (IN)
  YESTERDAY        0.00          0.22 1955   0.01  -0.01     0.00
  MONTH TO DATE    0.00                      0.39  -0.39     1.03
  SINCE OCT 1     94.29                     62.56  31.73    67.46
  SINCE JAN 1     49.19                     37.32  11.87    32.78

SNOWFALL (IN)
  YESTERDAY        0.0          MM      MM  MM     MM        0.0
  MONTH TO DATE    0.0                      MM     MM        0.0
  SINCE JUN 1      0.0                      MM     MM        0.0
  SINCE JUL 1      0.0                      MM     MM        0.0
  SNOW DEPTH       0

DEGREE DAYS
 HEATING
  YESTERDAY        8                         8      0        7
  MONTH TO DATE  247                       240      7      200
  SINCE JUN 1    530                       549    -19      457
  SINCE JUL 1    247                       240      7      200

 COOLING
  YESTERDAY        0                         0      0        0
  MONTH TO DATE    0                         0      0        0
  SINCE JUN 1      0                         0      0        0
  SINCE JAN 1      0                         0      0        0
..................................................................


WIND (MPH)
  HIGHEST WIND SPEED    17   HIGHEST WIND DIRECTION     S (170)
  HIGHEST GUST SPEED    22   HIGHEST GUST DIRECTION     S (180)
  AVERAGE WIND SPEED     7.3


SKY COVER
  AVERAGE SKY COVER 0.8


WEATHER CONDITIONS
 THE FOLLOWING WEATHER WAS RECORDED YESTERDAY.
  FOG


RELATIVE HUMIDITY (PERCENT)
 HIGHEST   100
 LOWEST     78
 AVERAGE    89

..........................................................


THE CRESCENT CITY CA CLIMATE NORMALS FOR TODAY
                         NORMAL    RECORD    YEAR
 MAXIMUM TEMPERATURE (F)   62        72      2000
 MINIMUM TEMPERATURE (F)   52        43      1949


SUNRISE AND SUNSET
JULY 28 2017..........SUNRISE   607 AM PDT   SUNSET   839 PM PDT
JULY 29 2017..........SUNRISE   608 AM PDT   SUNSET   838 PM PDT


-  INDICATES NEGATIVE NUMBERS.
R  INDICATES RECORD WAS SET OR TIED.
MM INDICATES DATA IS MISSING.
T  INDICATES TRACE AMOUNT.




$$
