000
CDUS46 KEKA 251214
CLICEC


CLIMATE REPORT
NATIONAL WEATHER SERVICE EUREKA CA
411 AM PST THU DEC 25 2014


...................................

...THE CRESCENT CITY CA CLIMATE SUMMARY FOR DECEMBER 24 2014...

CLIMATE NORMAL PERIOD 1981 TO 2010
CLIMATE RECORD PERIOD 1894 TO 2014


WEATHER ITEM   OBSERVED TIME   RECORD YEAR NORMAL DEPARTURE LAST
                VALUE   (LST)  VALUE       VALUE  FROM      YEAR
                                                  NORMAL
..................................................................
TEMPERATURE (F)
 YESTERDAY
  MAXIMUM         55    601 AM  64    1963  55      0       52
  MINIMUM         43   1159 PM  21    1990  41      2       35
  AVERAGE         49                        48      1       44

PRECIPITATION (IN)
  YESTERDAY        0.70          2.20 1959   0.42   0.28     0.00
  MONTH TO DATE   10.59                      8.47   2.12     1.31
  SINCE JUL 1     24.32                     24.30   0.02     8.99
  SINCE JAN 1     48.91                     61.23 -12.32    28.92

SNOWFALL (IN)
  YESTERDAY       MM            MM      MM  MM     MM        0.0
  MONTH TO DATE    0.0                      MM     MM        0.0
  SINCE DEC 1      0.0                      MM     MM        0.0
  SINCE JUL 1      0.0                      MM     MM        0.0
  SNOW DEPTH       0

DEGREE DAYS
 HEATING
  YESTERDAY       16                        17     -1       21
  MONTH TO DATE  227                       420   -193      521
  SINCE DEC 1    227                       420   -193      521
  SINCE JUL 1   1334                      2037   -703     2113

 COOLING
  YESTERDAY        0                         0      0        0
  MONTH TO DATE    0                         0      0        0
  SINCE DEC 1      0                         0      0        0
  SINCE JAN 1      1                         0      1        4
..................................................................


WIND (MPH)
  HIGHEST WIND SPEED    38   HIGHEST WIND DIRECTION    NW (330)
  HIGHEST GUST SPEED    52   HIGHEST GUST DIRECTION    NW (330)
  AVERAGE WIND SPEED    11.9


SKY COVER
  AVERAGE SKY COVER 1.0


WEATHER CONDITIONS
 THE FOLLOWING WEATHER WAS RECORDED YESTERDAY.
  HEAVY RAIN
  RAIN
  LIGHT RAIN
  FOG


RELATIVE HUMIDITY (PERCENT)
 HIGHEST   100
 LOWEST     86
 AVERAGE    93

..........................................................


THE CRESCENT CITY CA CLIMATE NORMALS FOR TODAY
                         NORMAL    RECORD    YEAR
 MAXIMUM TEMPERATURE (F)   55        67      1980
 MINIMUM TEMPERATURE (F)   41        30      1997


SUNRISE AND SUNSET
DECEMBER 25 2014......SUNRISE   743 AM PST   SUNSET   452 PM PST
DECEMBER 26 2014......SUNRISE   743 AM PST   SUNSET   452 PM PST


-  INDICATES NEGATIVE NUMBERS.
R  INDICATES RECORD WAS SET OR TIED.
MM INDICATES DATA IS MISSING.
T  INDICATES TRACE AMOUNT.




$$
