000
CDUS46 KEKA 291211
CLICEC


CLIMATE REPORT
NATIONAL WEATHER SERVICE EUREKA CA
509 AM PDT WED MAR 29 2017


...................................

...THE CRESCENT CITY CA CLIMATE SUMMARY FOR MARCH 28 2017...

CLIMATE NORMAL PERIOD 1981 TO 2010
CLIMATE RECORD PERIOD 1894 TO 2017


WEATHER ITEM   OBSERVED TIME   RECORD YEAR NORMAL DEPARTURE LAST
                VALUE   (LST)  VALUE       VALUE  FROM      YEAR
                                                  NORMAL
..................................................................
TEMPERATURE (F)
 YESTERDAY
  MAXIMUM         56    448 PM  68    1969  55      1       55
  MINIMUM         43    556 AM  31    1998  43      0       39
  AVERAGE         50                        49      1       47

PRECIPITATION (IN)
  YESTERDAY        0.00          1.42 2005   0.27  -0.27     0.01
  MONTH TO DATE    9.66                      6.99   2.67    10.11
  SINCE OCT 1     81.25                     51.50  29.75    63.03
  SINCE JAN 1     36.15                     26.26   9.89    28.35

SNOWFALL (IN)
  YESTERDAY        0.0          MM      MM  MM     MM       MM
  MONTH TO DATE    0.0                      MM     MM        0.0
  SINCE MAR 1      0.0                      MM     MM        0.0
  SINCE JUL 1      0.0                      MM     MM        0.0
  SNOW DEPTH       0

DEGREE DAYS
 HEATING
  YESTERDAY       15                        16     -1       18
  MONTH TO DATE  402                       462    -60      374
  SINCE MAR 1    402                       462    -60      374
  SINCE JUL 1   3333                      3635   -302     2852

 COOLING
  YESTERDAY        0                         0      0        0
  MONTH TO DATE    0                         0      0        0
  SINCE MAR 1      0                         0      0        0
  SINCE JAN 1      0                         0      0        0
..................................................................


WIND (MPH)
  HIGHEST WIND SPEED    13   HIGHEST WIND DIRECTION     W (290)
  HIGHEST GUST SPEED    14   HIGHEST GUST DIRECTION     W (290)
  AVERAGE WIND SPEED     4.5


SKY COVER
  AVERAGE SKY COVER 0.9


WEATHER CONDITIONS
 THE FOLLOWING WEATHER WAS RECORDED YESTERDAY.
  FOG
  HAZE


RELATIVE HUMIDITY (PERCENT)
 HIGHEST    96
 LOWEST     66
 AVERAGE    81

..........................................................


THE CRESCENT CITY CA CLIMATE NORMALS FOR TODAY
                         NORMAL    RECORD    YEAR
 MAXIMUM TEMPERATURE (F)   55        75      2003
 MINIMUM TEMPERATURE (F)   43        32      2008
                                             1985


SUNRISE AND SUNSET
MARCH 29 2017.........SUNRISE   604 AM PST   SUNSET   640 PM PST
MARCH 30 2017.........SUNRISE   603 AM PST   SUNSET   641 PM PST


-  INDICATES NEGATIVE NUMBERS.
R  INDICATES RECORD WAS SET OR TIED.
MM INDICATES DATA IS MISSING.
T  INDICATES TRACE AMOUNT.




$$
