000
CDUS45 KGJT 270745
CLICEZ


CLIMATE REPORT
NATIONAL WEATHER SERVICE GRAND JUNCTION CO
141 AM MDT SAT MAY 27 2017


...................................

...THE CORTEZ CO CLIMATE SUMMARY FOR MAY 26 2017...

CLIMATE NORMAL PERIOD 1981 TO 2010
CLIMATE RECORD PERIOD 9999 TO 9999


WEATHER ITEM   OBSERVED TIME   RECORD YEAR NORMAL DEPARTURE LAST
                VALUE   (LST)  VALUE       VALUE  FROM      YEAR
                                                  NORMAL
..................................................................
TEMPERATURE (F)
 YESTERDAY
  MAXIMUM         79    304 PM  MM      MM  78      1       67
  MINIMUM         44    527 AM  MM      MM  39      5       40
  AVERAGE         62                        58      4       54

PRECIPITATION (IN)
  YESTERDAY        0.00         MM      MM   0.02  -0.02      T
  MONTH TO DATE    1.56                      0.82   0.74     0.77
  SINCE MAR 1      2.85                      3.15  -0.30     1.75
  SINCE JAN 1      6.07                      5.04   1.03     3.31

SNOWFALL (IN)
  YESTERDAY       MM            MM      MM  MM     MM       MM
  MONTH TO DATE   MM                        MM     MM       MM
  SINCE MAR 1     MM                        MM     MM       MM
  SINCE JUL 1     MM                        MM     MM       MM
  SNOW DEPTH      MM

DEGREE DAYS
 HEATING
  YESTERDAY        3                         7     -4       11
  MONTH TO DATE  283                       265     18      275
  SINCE MAR 1   1475                      1605   -130     1545
  SINCE JUL 1   5586                      6335   -749     6118

 COOLING
  YESTERDAY        0                         0      0        0
  MONTH TO DATE    4                         0      4        0
  SINCE MAR 1      4                         0      4        0
  SINCE JAN 1      4                         0      4        0
..................................................................


WIND (MPH)
  HIGHEST WIND SPEED    28   HIGHEST WIND DIRECTION    SW (210)
  HIGHEST GUST SPEED    34   HIGHEST GUST DIRECTION     W (250)
  AVERAGE WIND SPEED    11.1


SKY COVER
  POSSIBLE SUNSHINE  MM
  AVERAGE SKY COVER 0.0


WEATHER CONDITIONS
 THE FOLLOWING WEATHER WAS RECORDED YESTERDAY.
  NO SIGNIFICANT WEATHER WAS OBSERVED.


RELATIVE HUMIDITY (PERCENT)
 HIGHEST    56           200 AM
 LOWEST      6           300 PM
 AVERAGE    31

..........................................................


THE CORTEZ CO CLIMATE NORMALS FOR TODAY
                         NORMAL    RECORD    YEAR
 MAXIMUM TEMPERATURE (F)   78        MM        MM
 MINIMUM TEMPERATURE (F)   39        MM        MM


SUNRISE AND SUNSET
MAY 27 2017...........SUNRISE   558 AM MDT   SUNSET   826 PM MDT
MAY 28 2017...........SUNRISE   557 AM MDT   SUNSET   827 PM MDT


-  INDICATES NEGATIVE NUMBERS.
R  INDICATES RECORD WAS SET OR TIED.
MM INDICATES DATA IS MISSING.
T  INDICATES TRACE AMOUNT.




$$
