000
CDUS45 KGJT 212343
CLICEZ


CLIMATE REPORT
NATIONAL WEATHER SERVICE GRAND JUNCTION CO
442 PM MST WED FEB 21 2018


...................................

...THE CORTEZ CO CLIMATE SUMMARY FOR FEBRUARY 21 2018...
VALID TODAY AS OF 0400 PM LOCAL TIME.

CLIMATE NORMAL PERIOD 1981 TO 2010
CLIMATE RECORD PERIOD 9999 TO 9999


WEATHER ITEM   OBSERVED TIME   RECORD YEAR NORMAL DEPARTURE LAST
                VALUE   (LST)  VALUE       VALUE  FROM      YEAR
                                                  NORMAL
..................................................................
TEMPERATURE (F)
 TODAY
  MAXIMUM         41    252 PM  MM      MM  47     -6       60
  MINIMUM          5    552 AM  MM      MM  19    -14       33
  AVERAGE         23                        33    -10       47

PRECIPITATION (IN)
  TODAY            0.00         MM      MM   0.03  -0.03     0.00
  MONTH TO DATE    0.28                      0.66  -0.38     0.36
  SINCE DEC 1      0.85                      2.54  -1.69     4.34
  SINCE JAN 1      0.85                      1.67  -0.82     2.58

SNOWFALL (IN)
  TODAY           MM            MM      MM  MM     MM       MM
  MONTH TO DATE   MM                        MM     MM       MM
  SINCE DEC 1     MM                        MM     MM       MM
  SINCE JUL 1     MM                        MM     MM       MM
  SNOW DEPTH      MM

DEGREE DAYS
 HEATING
  TODAY           42                        32     10       18
  MONTH TO DATE  610                       710   -100      505
  SINCE DEC 1   2678                      2990   -312     2656
  SINCE JUL 1   3932                      4515   -583     3890

 COOLING
  TODAY            0                         0      0        0
  MONTH TO DATE    0                         0      0        0
  SINCE DEC 1      0                         0      0        0
  SINCE JAN 1      0                         0      0        0
..................................................................


WIND (MPH)
  HIGHEST WIND SPEED    20   HIGHEST WIND DIRECTION    SE (140)
  HIGHEST GUST SPEED    26   HIGHEST GUST DIRECTION    SE (130)
  AVERAGE WIND SPEED     6.3


SKY COVER
  POSSIBLE SUNSHINE  MM
  AVERAGE SKY COVER 0.4


WEATHER CONDITIONS
 THE FOLLOWING WEATHER WAS RECORDED TODAY.
  NO SIGNIFICANT WEATHER WAS OBSERVED.


RELATIVE HUMIDITY (PERCENT)
 HIGHEST    91           200 AM
 LOWEST     33           200 PM
 AVERAGE    62

..........................................................


THE CORTEZ CO CLIMATE NORMALS FOR TOMORROW
                         NORMAL    RECORD    YEAR
 MAXIMUM TEMPERATURE (F)   48        MM        MM
 MINIMUM TEMPERATURE (F)   19        MM        MM


SUNRISE AND SUNSET
FEBRUARY 21 2018......SUNRISE   656 AM MST   SUNSET   601 PM MST
FEBRUARY 22 2018......SUNRISE   655 AM MST   SUNSET   602 PM MST


-  INDICATES NEGATIVE NUMBERS.
R  INDICATES RECORD WAS SET OR TIED.
MM INDICATES DATA IS MISSING.
T  INDICATES TRACE AMOUNT.




$$
