000
CDUS45 KGJT 290735
CLICEZ


CLIMATE REPORT
NATIONAL WEATHER SERVICE GRAND JUNCTION CO
133 AM MDT WED JUL 29 2015


...................................

...THE CORTEZ CO CLIMATE SUMMARY FOR JULY 28 2015...

CLIMATE NORMAL PERIOD 1981 TO 2010
CLIMATE RECORD PERIOD 9999 TO 9999


WEATHER ITEM   OBSERVED TIME   RECORD YEAR NORMAL DEPARTURE LAST
                VALUE   (LST)  VALUE       VALUE  FROM      YEAR
                                                  NORMAL
..................................................................
TEMPERATURE (F)
 YESTERDAY
  MAXIMUM         90    143 PM  MM      MM  90      0       85
  MINIMUM         45    533 AM  MM      MM  55    -10       62
  AVERAGE         68                        72     -4       74

PRECIPITATION (IN)
  YESTERDAY        0.00         MM      MM   0.08  -0.08     0.11
  MONTH TO DATE    1.71                      1.04   0.67     0.57
  SINCE JUN 1      3.34                      1.52   1.82     0.57
  SINCE JAN 1      7.34                      6.66   0.68     3.56

SNOWFALL (IN)
  YESTERDAY       MM            MM      MM  MM     MM       MM
  MONTH TO DATE   MM                        MM     MM       MM
  SINCE JUN 1     MM                        MM     MM       MM
  SINCE JUL 1     MM                        MM     MM       MM
  SNOW DEPTH      MM

DEGREE DAYS
 HEATING
  YESTERDAY        0                         0      0        0
  MONTH TO DATE    0                         0      0        0
  SINCE JUN 1     40                        75    -35       31
  SINCE JUL 1      0                         0      0        0

 COOLING
  YESTERDAY        3                         7     -4        9
  MONTH TO DATE  142                       177    -35      286
  SINCE JUN 1    257                       235     22      343
  SINCE JAN 1    257                       240     17      359
..................................................................


WIND (MPH)
  HIGHEST WIND SPEED    18   HIGHEST WIND DIRECTION     W (280)
  HIGHEST GUST SPEED    24   HIGHEST GUST DIRECTION     W (280)
  AVERAGE WIND SPEED     6.1


SKY COVER
  POSSIBLE SUNSHINE  MM
  AVERAGE SKY COVER 0.0


WEATHER CONDITIONS
 THE FOLLOWING WEATHER WAS RECORDED YESTERDAY.
  HAZE


RELATIVE HUMIDITY (PERCENT)
 HIGHEST    66           200 AM
 LOWEST      8           400 PM
 AVERAGE    37

..........................................................


THE CORTEZ CO CLIMATE NORMALS FOR TODAY
                         NORMAL    RECORD    YEAR
 MAXIMUM TEMPERATURE (F)   89        MM        MM
 MINIMUM TEMPERATURE (F)   55        MM        MM


SUNRISE AND SUNSET
JULY 29 2015..........SUNRISE   616 AM MDT   SUNSET   825 PM MDT
JULY 30 2015..........SUNRISE   617 AM MDT   SUNSET   824 PM MDT


-  INDICATES NEGATIVE NUMBERS.
R  INDICATES RECORD WAS SET OR TIED.
MM INDICATES DATA IS MISSING.
T  INDICATES TRACE AMOUNT.




$$
