000
CDUS43 KPAH 300631
CLICGI


CLIMATE REPORT
NATIONAL WEATHER SERVICE PADUCAH KY
129 AM CDT TUE MAY 30 2017


...................................

...THE CAPE GIRARDEAU MO CLIMATE SUMMARY FOR MAY 29 2017...

CLIMATE NORMAL PERIOD 1981 TO 2010
CLIMATE RECORD PERIOD 1960 TO 2017


WEATHER ITEM   OBSERVED TIME   RECORD YEAR NORMAL DEPARTURE LAST
                VALUE   (LST)  VALUE       VALUE  FROM      YEAR
                                                  NORMAL
..................................................................
TEMPERATURE (F)
 YESTERDAY
  MAXIMUM         86    258 PM  92    1989  82      4       87
  MINIMUM         58    431 AM  42    1964  59     -1       64
  AVERAGE         72                        70      2

PRECIPITATION (IN)
  YESTERDAY        0.00          0.80 1975   0.15  -0.15     0.00
  MONTH TO DATE    5.11                      5.18  -0.07     8.34
  SINCE MAR 1     16.20                     13.94   2.26    18.50
  SINCE JAN 1     19.22                     20.82  -1.60    23.28

DEGREE DAYS
 HEATING
  YESTERDAY        0                         1     -1        0
  MONTH TO DATE   68                        67      1      100
  SINCE MAR 1    695                       888   -193      679
  SINCE JUL 1   3430                      4385   -955     3571

 COOLING
  YESTERDAY        7                         6      1       11
  MONTH TO DATE  118                       108     10       83
  SINCE MAR 1    160                       139     21      101
  SINCE JAN 1    160                       139     21      101
..................................................................


WIND (MPH)
  HIGHEST WIND SPEED    20   HIGHEST WIND DIRECTION    SW (230)
  HIGHEST GUST SPEED    26   HIGHEST GUST DIRECTION    SW (220)
  AVERAGE WIND SPEED     7.2


SKY COVER
  AVERAGE SKY COVER 0.1


WEATHER CONDITIONS
 THE FOLLOWING WEATHER WAS RECORDED YESTERDAY.
  NO SIGNIFICANT WEATHER WAS OBSERVED.


RELATIVE HUMIDITY (PERCENT)
 HIGHEST    93
 LOWEST     37
 AVERAGE    65

..........................................................


THE CAPE GIRARDEAU MO CLIMATE NORMALS FOR TODAY
                         NORMAL    RECORD    YEAR
 MAXIMUM TEMPERATURE (F)   82        94      1977
 MINIMUM TEMPERATURE (F)   60        44      1984


SUNRISE AND SUNSET
MAY 30 2017...........SUNRISE   540 AM CDT   SUNSET   812 PM CDT
MAY 31 2017...........SUNRISE   540 AM CDT   SUNSET   813 PM CDT


-  INDICATES NEGATIVE NUMBERS.
R  INDICATES RECORD WAS SET OR TIED.
MM INDICATES DATA IS MISSING.
T  INDICATES TRACE AMOUNT.




$$
