000
CDUS43 KPAH 220636
CLICGI


CLIMATE REPORT
NATIONAL WEATHER SERVICE PADUCAH KY
132 AM CDT SAT JUL 22 2017


...................................

...THE CAPE GIRARDEAU MO CLIMATE SUMMARY FOR JULY 21 2017...

CLIMATE NORMAL PERIOD 1981 TO 2010
CLIMATE RECORD PERIOD 1960 TO 2017


WEATHER ITEM   OBSERVED TIME   RECORD YEAR NORMAL DEPARTURE LAST
                VALUE   (LST)  VALUE       VALUE  FROM      YEAR
                                                  NORMAL
..................................................................
TEMPERATURE (F)
 YESTERDAY
  MAXIMUM         96    136 PM 102    1973  89      7       93
  MINIMUM         74    527 AM  55    2007  68      6       73
  AVERAGE         85                        79      6

PRECIPITATION (IN)
  YESTERDAY        0.00          1.43 1990   0.11  -0.11     0.00
  MONTH TO DATE    1.17                      2.28  -1.11     3.29
  SINCE JUN 1      4.12                      5.85  -1.73     4.57
  SINCE JAN 1     23.34                     26.95  -3.61    27.85

DEGREE DAYS
 HEATING
  YESTERDAY        0                         0      0        0
  MONTH TO DATE    0                         0      0        0
  SINCE JUN 1      0                         4     -4        0
  SINCE JUL 1      0                         0      0        0

 COOLING
  YESTERDAY       20                        14      6       18
  MONTH TO DATE  296                       291      5      315
  SINCE JUN 1    604                       603      1      726
  SINCE JAN 1    779                       755     24      847
..................................................................


WIND (MPH)
  HIGHEST WIND SPEED    14   HIGHEST WIND DIRECTION    SW (240)
  HIGHEST GUST SPEED    17   HIGHEST GUST DIRECTION     W (250)
  AVERAGE WIND SPEED     5.6


SKY COVER
  AVERAGE SKY COVER 0.0


WEATHER CONDITIONS
 THE FOLLOWING WEATHER WAS RECORDED YESTERDAY.
  FOG
  HAZE


RELATIVE HUMIDITY (PERCENT)
 HIGHEST    94
 LOWEST     49
 AVERAGE    72

..........................................................


THE CAPE GIRARDEAU MO CLIMATE NORMALS FOR TODAY
                         NORMAL    RECORD    YEAR
 MAXIMUM TEMPERATURE (F)   89       102      1983
 MINIMUM TEMPERATURE (F)   68        53      1970


SUNRISE AND SUNSET
JULY 22 2017..........SUNRISE   555 AM CDT   SUNSET   814 PM CDT
JULY 23 2017..........SUNRISE   556 AM CDT   SUNSET   813 PM CDT


-  INDICATES NEGATIVE NUMBERS.
R  INDICATES RECORD WAS SET OR TIED.
MM INDICATES DATA IS MISSING.
T  INDICATES TRACE AMOUNT.




$$
