000
CDUS43 KPAH 062237
CLICGI


CLIMATE REPORT
NATIONAL WEATHER SERVICE PADUCAH KY
435 PM CST FRI MAR 6 2015


...................................

...THE CAPE GIRARDEAU MO CLIMATE SUMMARY FOR MARCH 6 2015...
VALID TODAY AS OF 0400 PM LOCAL TIME.

CLIMATE NORMAL PERIOD 1981 TO 2010
CLIMATE RECORD PERIOD 1960 TO 2015


WEATHER ITEM   OBSERVED TIME   RECORD YEAR NORMAL DEPARTURE LAST
                VALUE   (LST)  VALUE       VALUE  FROM      YEAR
                                                  NORMAL
..................................................................
TEMPERATURE (F)
 TODAY
  MAXIMUM         26    359 PM  77    1994  55    -29       45
  MINIMUM         -8R   557 AM  20    2010  33    -41       24
  AVERAGE          9                        44    -35

PRECIPITATION (IN)
  TODAY            0.00          0.99 1967   0.14  -0.14     0.00
  MONTH TO DATE    2.23                      0.74   1.49     0.65
  SINCE MAR 1      2.23                      0.74   1.49     0.65
  SINCE JAN 1      8.75                      7.62   1.13     3.79

DEGREE DAYS
 HEATING
  TODAY           56                        21     35       30
  MONTH TO DATE  230                       131     99      219
  SINCE MAR 1    230                       131     99      219
  SINCE JUL 1   4008                      3628    380     4144

 COOLING
  TODAY            0                         0      0        0
  MONTH TO DATE    0                         0      0        0
  SINCE MAR 1      0                         0      0        0
  SINCE JAN 1      0                         0      0        0
..................................................................


WIND (MPH)
  HIGHEST WIND SPEED    18   HIGHEST WIND DIRECTION     S (190)
  HIGHEST GUST SPEED    23   HIGHEST GUST DIRECTION     S (190)
  AVERAGE WIND SPEED     4.7


SKY COVER
  AVERAGE SKY COVER 0.2


WEATHER CONDITIONS
 THE FOLLOWING WEATHER WAS RECORDED TODAY.
  FOG
  FOG W/VISIBILITY <= 1/4 MILE


RELATIVE HUMIDITY (PERCENT)
 HIGHEST   100
 LOWEST     55
 AVERAGE    78

..........................................................


THE CAPE GIRARDEAU MO CLIMATE NORMALS FOR TOMORROW
                         NORMAL
 MAXIMUM TEMPERATURE (F)   55
 MINIMUM TEMPERATURE (F)   34


SUNRISE AND SUNSET
MARCH  6 2015.........SUNRISE   623 AM CST   SUNSET   557 PM CST
MARCH  7 2015.........SUNRISE   621 AM CST   SUNSET   558 PM CST


-  INDICATES NEGATIVE NUMBERS.
R  INDICATES RECORD WAS SET OR TIED.
MM INDICATES DATA IS MISSING.
T  INDICATES TRACE AMOUNT.




$$
