000
CDUS43 KPAH 302130
CLICGI


CLIMATE REPORT
NATIONAL WEATHER SERVICE PADUCAH KY
429 PM CDT FRI SEP 30 2016

...................................

...THE CAPE GIRARDEAU MO CLIMATE SUMMARY FOR SEPTEMBER 30 2016...
VALID TODAY AS OF 0400 PM LOCAL TIME.

CLIMATE NORMAL PERIOD 1981 TO 2010
CLIMATE RECORD PERIOD 1960 TO 2016

WEATHER ITEM   OBSERVED TIME   RECORD YEAR NORMAL DEPARTURE LAST
                VALUE   (LST)  VALUE       VALUE  FROM      YEAR
                                                  NORMAL
..................................................................
TEMPERATURE (F)
 TODAY
  MAXIMUM         67    155 PM  95    1971  76     -9       74
  MINIMUM         55   1234 AM  33    1999  50      5       56
  AVERAGE         61                        63     -2

PRECIPITATION (IN)
  TODAY            0.01          2.06 1965   0.11  -0.10     0.00
  MONTH TO DATE    5.04                      3.28   1.76     1.65
  SINCE SEP 1      5.04                      3.28   1.76     1.65
  SINCE JAN 1     41.74                     34.33   7.41    45.20

DEGREE DAYS
 HEATING
  TODAY            4                         4      0        0
  MONTH TO DATE   20                        45    -25       14
  SINCE SEP 1     20                        48    -28       14
  SINCE JUL 1     20                        49    -29       14

 COOLING
  TODAY            0                         2     -2        0
  MONTH TO DATE  257                       162     95      186
  SINCE SEP 1    257                       162     95      186
  SINCE JAN 1   1700                      1422    278     1515
..................................................................

WIND (MPH)
  HIGHEST WIND SPEED    12   HIGHEST WIND DIRECTION    NW (330)
  HIGHEST GUST SPEED    15   HIGHEST GUST DIRECTION    NW (330)
  AVERAGE WIND SPEED     5.8

SKY COVER
  AVERAGE SKY COVER 1.0

WEATHER CONDITIONS
 THE FOLLOWING WEATHER WAS RECORDED TODAY.
  LIGHT RAIN
  FOG

RELATIVE HUMIDITY (PERCENT)
 HIGHEST    93
 LOWEST     78
 AVERAGE    86
..........................................................

THE CAPE GIRARDEAU MO CLIMATE NORMALS FOR TOMORROW
                         NORMAL
 MAXIMUM TEMPERATURE (F)   75
 MINIMUM TEMPERATURE (F)   50

SUNRISE AND SUNSET
SEPTEMBER 30 2016.....SUNRISE   653 AM CDT   SUNSET   642 PM CDT
OCTOBER  1 2016.......SUNRISE   654 AM CDT   SUNSET   641 PM CDT

-  INDICATES NEGATIVE NUMBERS.
R  INDICATES RECORD WAS SET OR TIED.
MM INDICATES DATA IS MISSING.
T  INDICATES TRACE AMOUNT.

$$
