000
CDUS43 KPAH 250633
CLICGI


CLIMATE REPORT
NATIONAL WEATHER SERVICE PADUCAH KY
128 AM CDT WED MAY 25 2016


...................................

...THE CAPE GIRARDEAU MO CLIMATE SUMMARY FOR MAY 24 2016...

CLIMATE NORMAL PERIOD 1981 TO 2010
CLIMATE RECORD PERIOD 1960 TO 2016


WEATHER ITEM   OBSERVED TIME   RECORD YEAR NORMAL DEPARTURE LAST
                VALUE   (LST)  VALUE       VALUE  FROM      YEAR
                                                  NORMAL
..................................................................
TEMPERATURE (F)
 YESTERDAY
  MAXIMUM         82    121 PM  97    1996  80      2       85
  MINIMUM         61   1237 AM  44    1961  58      3       64
  AVERAGE         72                        69      3

PRECIPITATION (IN)
  YESTERDAY        0.06          1.23 1991   0.16  -0.10     0.52
  MONTH TO DATE    3.39                      4.42  -1.03     5.58
  SINCE MAR 1     13.55                     13.18   0.37    18.54
  SINCE JAN 1     18.33                     20.06  -1.73    25.06

DEGREE DAYS
 HEATING
  YESTERDAY        0                         1     -1        0
  MONTH TO DATE  100                        62     38       56
  SINCE MAR 1    679                       883   -204      833
  SINCE JUL 1   3571                      4380   -809     4611

 COOLING
  YESTERDAY        7                         5      2       10
  MONTH TO DATE   42                        79    -37      101
  SINCE MAR 1     60                       110    -50      129
  SINCE JAN 1     60                       110    -50      129
..................................................................


WIND (MPH)
  HIGHEST WIND SPEED    18   HIGHEST WIND DIRECTION     S (190)
  HIGHEST GUST SPEED    25   HIGHEST GUST DIRECTION    SW (220)
  AVERAGE WIND SPEED     6.2


SKY COVER
  AVERAGE SKY COVER 0.4


WEATHER CONDITIONS
 THE FOLLOWING WEATHER WAS RECORDED YESTERDAY.
  LIGHT RAIN
  FOG


RELATIVE HUMIDITY (PERCENT)
 HIGHEST    93
 LOWEST     51
 AVERAGE    72

..........................................................


THE CAPE GIRARDEAU MO CLIMATE NORMALS FOR TODAY
                         NORMAL    RECORD    YEAR
 MAXIMUM TEMPERATURE (F)   80        93      1978
 MINIMUM TEMPERATURE (F)   58        44      2013


SUNRISE AND SUNSET
MAY 25 2016...........SUNRISE   543 AM CDT   SUNSET   808 PM CDT
MAY 26 2016...........SUNRISE   542 AM CDT   SUNSET   809 PM CDT


-  INDICATES NEGATIVE NUMBERS.
R  INDICATES RECORD WAS SET OR TIED.
MM INDICATES DATA IS MISSING.
T  INDICATES TRACE AMOUNT.




$$
