000
CDUS44 KMRX 260900
CLICHA

CLIMATE REPORT
NATIONAL WEATHER SERVICE MORRISTOWN TN
400 AM EST WED NOV 26 2014


...................................

...THE CHATTANOOGA  ASOS CLIMATE SUMMARY FOR NOVEMBER 25 2014...

CLIMATE NORMAL PERIOD 1981 TO 2010
CLIMATE RECORD PERIOD 1879 TO 2014


WEATHER ITEM   OBSERVED TIME   RECORD YEAR NORMAL DEPARTURE LAST
                VALUE   (LST)  VALUE       VALUE  FROM      YEAR
                                                  NORMAL
..................................................................
TEMPERATURE (F)
 YESTERDAY
  MAXIMUM         61    242 PM  74    2010  58      3       45
                                      1990
  MINIMUM         38    811 AM   4    1950  37      1       29
  AVERAGE         50                        48      2       37

PRECIPITATION (IN)
  YESTERDAY        0.00          1.71 1902   0.18  -0.18     0.43
  MONTH TO DATE    3.43                      4.04  -0.61     1.51
  SINCE SEP 1     12.21                     11.36   0.85     3.92
  SINCE JAN 1     40.86                     46.62  -5.76    58.12

SNOWFALL (IN)
  YESTERDAY        0.0                       0.0    0.0      0.0
  MONTH TO DATE    T                         0.0    0.0      0.0
  SINCE SEP 1      T                         0.0    0.0      0.0
  SINCE JUL 1      T                         0.0    0.0      0.0
  SNOW DEPTH       0

DEGREE DAYS
 HEATING
  YESTERDAY       15                        17     -2       28
  MONTH TO DATE  455                       325    130      363
  SINCE SEP 1    575                       497     78      492
  SINCE JUL 1    575                       497     78      492

 COOLING
  YESTERDAY        0                         0      0        0
  MONTH TO DATE    0                         0      0        0
  SINCE SEP 1    409                       287    122      360
  SINCE JAN 1   1910                      1737    173     1752
..................................................................


WIND (MPH)
  HIGHEST WIND SPEED    10   HIGHEST WIND DIRECTION     N (340)
  HIGHEST GUST SPEED    14   HIGHEST GUST DIRECTION     W (290)
  AVERAGE WIND SPEED     3.0


SKY COVER
  POSSIBLE SUNSHINE  MM
  AVERAGE SKY COVER  MM


WEATHER CONDITIONS
 THE FOLLOWING WEATHER WAS RECORDED YESTERDAY.
  NO SIGNIFICANT WEATHER WAS OBSERVED.


RELATIVE HUMIDITY (PERCENT)
 HIGHEST    85           600 AM
 LOWEST     31           300 PM
 AVERAGE    58

..........................................................


THE CHATTANOOGA  ASOS CLIMATE NORMALS FOR TODAY
                         NORMAL    RECORD    YEAR
 MAXIMUM TEMPERATURE (F)   58        74      1973
                                             1946
                                             1887
 MINIMUM TEMPERATURE (F)   37        19      1950


SUNRISE AND SUNSET
NOVEMBER 26 2014......SUNRISE   726 AM EST   SUNSET   530 PM EST
NOVEMBER 27 2014......SUNRISE   727 AM EST   SUNSET   530 PM EST


-  INDICATES NEGATIVE NUMBERS.
R  INDICATES RECORD WAS SET OR TIED.
MM INDICATES DATA IS MISSING.
T  INDICATES TRACE AMOUNT.

$$
