000
CDUS44 KMRX 240849
CLICHA


CLIMATE REPORT
NATIONAL WEATHER SERVICE MORRISTOWN TN
449 AM EDT SUN JUL 24 2016


...................................

...THE CHATTANOOGA  ASOS CLIMATE SUMMARY FOR JULY 23 2016...

CLIMATE NORMAL PERIOD 1981 TO 2010
CLIMATE RECORD PERIOD 1879 TO 2016


WEATHER ITEM   OBSERVED TIME   RECORD YEAR NORMAL DEPARTURE LAST
                VALUE   (LST)  VALUE       VALUE  FROM      YEAR
                                                  NORMAL
..................................................................
TEMPERATURE (F)
 YESTERDAY
  MAXIMUM         96   1249 PM 105    1952  90      6       86
  MINIMUM         76    604 AM  56    1947  70      6       73
  AVERAGE         86                        80      6       80

PRECIPITATION (IN)
  YESTERDAY        0.00          1.40 1989   0.17  -0.17     0.68
  MONTH TO DATE    1.22                      3.69  -2.47     6.18
  SINCE JUN 1      2.44                      7.74  -5.30    10.29
  SINCE JAN 1     19.68                     30.56 -10.88    33.49

DEGREE DAYS
 COOLING
  YESTERDAY       21                        15      6       15
  MONTH TO DATE  433                       341     92      367
  SINCE JUN 1    905                       686    219      808
  SINCE JAN 1   1181                       882    299     1084
..................................................................


WIND (MPH)
  HIGHEST WIND SPEED    17   HIGHEST WIND DIRECTION     S (160)
  HIGHEST GUST SPEED    25   HIGHEST GUST DIRECTION    SE (150)
  AVERAGE WIND SPEED     3.5


SKY COVER
  POSSIBLE SUNSHINE  MM
  AVERAGE SKY COVER 0.6


WEATHER CONDITIONS
 THE FOLLOWING WEATHER WAS RECORDED YESTERDAY.
  THUNDERSTORM


RELATIVE HUMIDITY (PERCENT)
 HIGHEST    87           600 AM
 LOWEST     46           100 PM
 AVERAGE    67

..........................................................


THE CHATTANOOGA  ASOS CLIMATE NORMALS FOR TODAY
                         NORMAL    RECORD    YEAR
 MAXIMUM TEMPERATURE (F)   90       101      1952
 MINIMUM TEMPERATURE (F)   70        56      1947


SUNRISE AND SUNSET
JULY 24 2016..........SUNRISE   645 AM EDT   SUNSET   850 PM EDT
JULY 25 2016..........SUNRISE   645 AM EDT   SUNSET   849 PM EDT


-  INDICATES NEGATIVE NUMBERS.
R  INDICATES RECORD WAS SET OR TIED.
MM INDICATES DATA IS MISSING.
T  INDICATES TRACE AMOUNT.




$$
