000
CDUS44 KMRX 240900
CLICHA


CLIMATE REPORT
NATIONAL WEATHER SERVICE MORRISTOWN TN
400 AM EST TUE JAN 24 2017


...................................

...THE CHATTANOOGA  ASOS CLIMATE SUMMARY FOR JANUARY 23 2017...

CLIMATE NORMAL PERIOD 1981 TO 2010
CLIMATE RECORD PERIOD 1879 TO 2017


WEATHER ITEM   OBSERVED TIME   RECORD YEAR NORMAL DEPARTURE LAST
                VALUE   (LST)  VALUE       VALUE  FROM      YEAR
                                                  NORMAL
..................................................................
TEMPERATURE (F)
 YESTERDAY
  MAXIMUM         57    935 AM  73    1927  51      6       30
  MINIMUM         46   1159 PM  -3    1963  31     15       26
  AVERAGE         52                        41     11       28

PRECIPITATION (IN)
  YESTERDAY        0.03          3.48 1887   0.16  -0.13      T
  MONTH TO DATE    4.65                      3.65   1.00     2.84
  SINCE DEC 1      9.70                      8.55   1.15    13.25
  SINCE JAN 1      4.65                      3.65   1.00     2.84

SNOWFALL (IN)
  YESTERDAY        0.0                       0.0    0.0       T
  MONTH TO DATE    0.3                       1.3   -1.0      0.2
  SINCE DEC 1      0.3                       1.6   -1.3      0.2
  SINCE JUL 1      0.3                       1.6   -1.3      0.2
  SNOW DEPTH       0

DEGREE DAYS
 HEATING
  YESTERDAY       13                        24    -11       37
  MONTH TO DATE  330                       573   -243      635
  SINCE DEC 1    951                      1268   -317      974
  SINCE JUL 1   1271                      1857   -586     1354
..................................................................


WIND (MPH)
  HIGHEST WIND SPEED    31   HIGHEST WIND DIRECTION    NW (320)
  HIGHEST GUST SPEED    46   HIGHEST GUST DIRECTION    NW (320)
  AVERAGE WIND SPEED     9.7


SKY COVER
  POSSIBLE SUNSHINE  MM
  AVERAGE SKY COVER 0.8


WEATHER CONDITIONS
 THE FOLLOWING WEATHER WAS RECORDED YESTERDAY.
  LIGHT RAIN
  FOG


RELATIVE HUMIDITY (PERCENT)
 HIGHEST    93           600 AM
 LOWEST     61           400 PM
 AVERAGE    77

..........................................................


THE CHATTANOOGA  ASOS CLIMATE NORMALS FOR TODAY
                         NORMAL    RECORD    YEAR
 MAXIMUM TEMPERATURE (F)   51        75      1950
 MINIMUM TEMPERATURE (F)   31        -7      1963


SUNRISE AND SUNSET
JANUARY 24 2017.......SUNRISE   745 AM EST   SUNSET   602 PM EST
JANUARY 25 2017.......SUNRISE   744 AM EST   SUNSET   603 PM EST


-  INDICATES NEGATIVE NUMBERS.
R  INDICATES RECORD WAS SET OR TIED.
MM INDICATES DATA IS MISSING.
T  INDICATES TRACE AMOUNT.




$$
