000
CDUS44 KMRX 251230
CLICHA

CLIMATE REPORT
NATIONAL WEATHER SERVICE MORRISTOWN TN
830 AM EDT SAT OCT 25 2014


...................................

...THE CHATTANOOGA CLIMATE SUMMARY FOR OCTOBER 24 2014...

CLIMATE NORMAL PERIOD 1981 TO 2010
CLIMATE RECORD PERIOD 1879 TO 2014


WEATHER ITEM   OBSERVED TIME   RECORD YEAR NORMAL DEPARTURE LAST
                VALUE   (LST)  VALUE       VALUE  FROM      YEAR
                                                  NORMAL
..................................................................
TEMPERATURE (F)
 YESTERDAY
  MAXIMUM         73    409 PM  88    1939  71      2       61
  MINIMUM         48   1153 PM  28    1969  47      1       39
  AVERAGE         61                        59      2       50

PRECIPITATION (IN)
  YESTERDAY        0.00          3.20 1925   0.10  -0.10     0.00
  MONTH TO DATE    5.96                      2.51   3.45     0.16
  SINCE SEP 1      8.44                      6.55   1.89     2.27
  SINCE JAN 1     37.09                     41.81  -4.72    56.47

SNOWFALL (IN)
  YESTERDAY        0.0                       0.0    0.0      0.0
  MONTH TO DATE    0.0                       0.0    0.0      0.0
  SINCE SEP 1      0.0                       0.0    0.0      0.0
  SINCE JUL 1      0.0                       0.0    0.0      0.0
  SNOW DEPTH       0

DEGREE DAYS
 HEATING
  YESTERDAY        4                         7     -3       15
  MONTH TO DATE   81                       101    -20       69
  SINCE SEP 1     81                       116    -35       69
  SINCE JUL 1     81                       116    -35       69

 COOLING
  YESTERDAY        0                         1     -1        0
  MONTH TO DATE   77                        45     32       78
  SINCE SEP 1    402                       284    118      356
  SINCE JAN 1   1903                      1734    169     1748
..................................................................


WIND (MPH)
  HIGHEST WIND SPEED    12   HIGHEST WIND DIRECTION     N (10)
  HIGHEST GUST SPEED    13   HIGHEST GUST DIRECTION     N (10)
  AVERAGE WIND SPEED     2.9


SKY COVER
  POSSIBLE SUNSHINE  MM
  AVERAGE SKY COVER  MM


WEATHER CONDITIONS
 THE FOLLOWING WEATHER WAS RECORDED YESTERDAY.
  NO SIGNIFICANT WEATHER WAS OBSERVED.


RELATIVE HUMIDITY (PERCENT)
 HIGHEST    86           300 AM
 LOWEST     35           300 PM
 AVERAGE    61

..........................................................


THE CHATTANOOGA CLIMATE NORMALS FOR TODAY
                         NORMAL    RECORD    YEAR
 MAXIMUM TEMPERATURE (F)   70        84      2000
                                             1963
                                             1931
 MINIMUM TEMPERATURE (F)   47        30      1965


SUNRISE AND SUNSET
OCTOBER 25 2014.......SUNRISE   755 AM EDT   SUNSET   654 PM EDT
OCTOBER 26 2014.......SUNRISE   756 AM EDT   SUNSET   653 PM EDT


-  INDICATES NEGATIVE NUMBERS.
R  INDICATES RECORD WAS SET OR TIED.
MM INDICATES DATA IS MISSING.
T  INDICATES TRACE AMOUNT.

&&

THE LOW TEMPERATURE SINCE MIDNIGHT HAS BEEN 43.
THERE HAS BEEN NO PRECIPITATION SINCE MIDNIGHT.

$$
