000
CDUS44 KMRX 181250
CLICHA

CLIMATE REPORT
NATIONAL WEATHER SERVICE MORRISTOWN TN
850 AM EDT THU SEP 18 2014


...................................

...THE CHATTANOOGA CLIMATE SUMMARY FOR SEPTEMBER 17 2014...

CLIMATE NORMAL PERIOD 1981 TO 2010
CLIMATE RECORD PERIOD 1879 TO 2014


WEATHER ITEM   OBSERVED TIME   RECORD YEAR NORMAL DEPARTURE LAST
                VALUE   (LST)  VALUE       VALUE  FROM      YEAR
                                                  NORMAL
..................................................................
TEMPERATURE (F)
 YESTERDAY
  MAXIMUM         79    444 PM  98    1927  83     -4       83
  MINIMUM         64    651 AM  49    1985  61      3       68
                                      1984
  AVERAGE         72                        72      0       76

PRECIPITATION (IN)
  YESTERDAY        0.00          3.01 1971   0.14  -0.14     0.00
  MONTH TO DATE    2.31                      2.23   0.08     0.31
  SINCE SEP 1      2.31                      2.23   0.08     0.31
  SINCE JAN 1     30.96                     37.49  -6.53    54.51

SNOWFALL (IN)
  YESTERDAY        0.0                       0.0    0.0      0.0
  MONTH TO DATE    0.0                       0.0    0.0      0.0
  SINCE SEP 1      0.0                       0.0    0.0      0.0
  SINCE JUL 1      0.0                       0.0    0.0      0.0
  SNOW DEPTH       0

DEGREE DAYS
 HEATING
  YESTERDAY        0                         0      0        0
  MONTH TO DATE    0                         0      0        0
  SINCE SEP 1      0                         0      0        0
  SINCE JUL 1      0                         0      0        0

 COOLING
  YESTERDAY        7                         8     -1       11
  MONTH TO DATE  234                       169     65      213
  SINCE SEP 1    234                       169     65      213
  SINCE JAN 1   1735                      1619    116     1605
..................................................................


WIND (MPH)
  HIGHEST WIND SPEED    12   HIGHEST WIND DIRECTION     N (10)
  HIGHEST GUST SPEED    14   HIGHEST GUST DIRECTION     N (10)
  AVERAGE WIND SPEED     4.4


SKY COVER
  POSSIBLE SUNSHINE  MM
  AVERAGE SKY COVER  MM


WEATHER CONDITIONS
 THE FOLLOWING WEATHER WAS RECORDED YESTERDAY.
  NO SIGNIFICANT WEATHER WAS OBSERVED.


RELATIVE HUMIDITY (PERCENT)
 HIGHEST    87           400 AM
 LOWEST     47           200 PM
 AVERAGE    67

..........................................................


THE CHATTANOOGA CLIMATE NORMALS FOR TODAY
                         NORMAL    RECORD    YEAR
 MAXIMUM TEMPERATURE (F)   83        98      1927
                                             1925
                                             1896
 MINIMUM TEMPERATURE (F)   61        47      1981


SUNRISE AND SUNSET
SEPTEMBER 18 2014.....SUNRISE   726 AM EDT   SUNSET   743 PM EDT
SEPTEMBER 19 2014.....SUNRISE   727 AM EDT   SUNSET   742 PM EDT


-  INDICATES NEGATIVE NUMBERS.
R  INDICATES RECORD WAS SET OR TIED.
MM INDICATES DATA IS MISSING.
T  INDICATES TRACE AMOUNT.

&&

THE LOW TEMPERATURE SINCE MIDNIGHT HAS BEEN 60 DEGREES.
THERE HAS BEEN NO PRECIPITATION SINCE MIDNIGHT.


$$
