000
CDUS44 KMRX 231242
CLICHA

CLIMATE REPORT
NATIONAL WEATHER SERVICE MORRISTOWN TN
842 AM EDT THU OCT 23 2014


...................................

...THE CHATTANOOGA CLIMATE SUMMARY FOR OCTOBER 22 2014...

CLIMATE NORMAL PERIOD 1981 TO 2010
CLIMATE RECORD PERIOD 1879 TO 2014


WEATHER ITEM   OBSERVED TIME   RECORD YEAR NORMAL DEPARTURE LAST
                VALUE   (LST)  VALUE       VALUE  FROM      YEAR
                                                  NORMAL
..................................................................
TEMPERATURE (F)
 YESTERDAY
  MAXIMUM         65    421 PM  86    1963  71     -6       70
  MINIMUM         44    707 AM  24    1952  48     -4       51
  AVERAGE         55                        60     -5       61

PRECIPITATION (IN)
  YESTERDAY        0.00          1.81 1928   0.11  -0.11      T
  MONTH TO DATE    5.96                      2.31   3.65     0.16
  SINCE SEP 1      8.44                      6.35   2.09     2.27
  SINCE JAN 1     37.09                     41.61  -4.52    56.47

SNOWFALL (IN)
  YESTERDAY        0.0                       0.0    0.0      0.0
  MONTH TO DATE    0.0                       0.0    0.0      0.0
  SINCE SEP 1      0.0                       0.0    0.0      0.0
  SINCE JUL 1      0.0                       0.0    0.0      0.0
  SNOW DEPTH       0

DEGREE DAYS
 HEATING
  YESTERDAY       10                         6      4        4
  MONTH TO DATE   69                        87    -18       38
  SINCE SEP 1     69                       102    -33       38
  SINCE JUL 1     69                       102    -33       38

 COOLING
  YESTERDAY        0                         1     -1        0
  MONTH TO DATE   77                        43     34       78
  SINCE SEP 1    402                       282    120      356
  SINCE JAN 1   1903                      1732    171     1748
..................................................................


WIND (MPH)
  HIGHEST WIND SPEED    17   HIGHEST WIND DIRECTION    NE (40)
  HIGHEST GUST SPEED    22   HIGHEST GUST DIRECTION     N (20)
  AVERAGE WIND SPEED     9.0


SKY COVER
  POSSIBLE SUNSHINE  MM
  AVERAGE SKY COVER  MM


WEATHER CONDITIONS
 THE FOLLOWING WEATHER WAS RECORDED YESTERDAY.
  NO SIGNIFICANT WEATHER WAS OBSERVED.


RELATIVE HUMIDITY (PERCENT)
 HIGHEST    83           600 AM
 LOWEST     40           300 PM
 AVERAGE    62

..........................................................


THE CHATTANOOGA CLIMATE NORMALS FOR TODAY
                         NORMAL    RECORD    YEAR
 MAXIMUM TEMPERATURE (F)   71        88      1941
 MINIMUM TEMPERATURE (F)   47        28      1974


SUNRISE AND SUNSET
OCTOBER 23 2014.......SUNRISE   754 AM EDT   SUNSET   656 PM EDT
OCTOBER 24 2014.......SUNRISE   754 AM EDT   SUNSET   655 PM EDT


-  INDICATES NEGATIVE NUMBERS.
R  INDICATES RECORD WAS SET OR TIED.
MM INDICATES DATA IS MISSING.
T  INDICATES TRACE AMOUNT.


&&

THE LOW TEMPERATURE SINCE MIDNIGHT HAS BEEN 46.
THERE HAS BEEN NO PRECIPITATION SINCE MIDNIGHT.

$$
