000
CDUS44 KMRX 231226
CLICHA

CLIMATE REPORT NATIONAL WEATHER SERVICE MORRISTOWN TN
826 AM EDT SAT AUG 23 2014

...................................

...THE CHATTANOOGA CLIMATE SUMMARY FOR AUGUST 22 2014...

CLIMATE NORMAL PERIOD 1981 TO 2010
CLIMATE RECORD PERIOD 1879 TO 2014


WEATHER ITEM   OBSERVED TIME   RECORD YEAR NORMAL DEPARTURE LAST
                VALUE   (LST)  VALUE       VALUE  FROM      YEAR
                                                  NORMAL
..................................................................
TEMPERATURE (F)
 YESTERDAY
  MAXIMUM         94    359 PM 103    2007  89      5       87
  MINIMUM         73    558 AM  55    1956  69      4       72
                                      1930
  AVERAGE         84                        79      5       80

PRECIPITATION (IN)
  YESTERDAY        0.00          2.98 1912   0.11  -0.11     0.17
  MONTH TO DATE    2.51                      2.56  -0.05     6.12
  SINCE JUN 1     10.07                     11.52  -1.45    19.08
  SINCE JAN 1     27.36                     34.34  -6.98    53.75

SNOWFALL (IN)
  YESTERDAY        0.0                       0.0    0.0      0.0
  MONTH TO DATE    0.0                       0.0    0.0      0.0
  SINCE JUN 1      0.0                       0.0    0.0      0.0
  SINCE JUL 1      0.0                       0.0    0.0      0.0
  SNOW DEPTH       0

DEGREE DAYS
 HEATING
  YESTERDAY        0                         0      0        0
  MONTH TO DATE    0                         0      0        0
  SINCE JUN 1      0                         2     -2        0
  SINCE JUL 1      0                         0      0        0

 COOLING
  YESTERDAY       19                        14      5       15
  MONTH TO DATE  310                       326    -16      276
  SINCE JUN 1   1106                      1134    -28     1080
  SINCE JAN 1   1364                      1330     34     1256
..................................................................


WIND (MPH)
  HIGHEST WIND SPEED    13   HIGHEST WIND DIRECTION    NW (330)
  HIGHEST GUST SPEED    18   HIGHEST GUST DIRECTION    NW (310)
  AVERAGE WIND SPEED     3.3


SKY COVER
  POSSIBLE SUNSHINE  MM
  AVERAGE SKY COVER  MM


WEATHER CONDITIONS
 THE FOLLOWING WEATHER WAS RECORDED YESTERDAY.
  FOG


RELATIVE HUMIDITY (PERCENT)
 HIGHEST    88           200 AM
 LOWEST     41           300 PM
 AVERAGE    65

..........................................................


THE CHATTANOOGA  ASOS CLIMATE NORMALS FOR TODAY
                         NORMAL    RECORD    YEAR
 MAXIMUM TEMPERATURE (F)   89       105      2007
 MINIMUM TEMPERATURE (F)   69        55      1969
                                             1956


SUNRISE AND SUNSET
AUGUST 23 2014........SUNRISE   707 AM EDT   SUNSET   819 PM EDT
AUGUST 24 2014........SUNRISE   708 AM EDT   SUNSET   818 PM EDT


-  INDICATES NEGATIVE NUMBERS.
R  INDICATES RECORD WAS SET OR TIED.
MM INDICATES DATA IS MISSING.
T  INDICATES TRACE AMOUNT.

&&

THE LOW TEMPERATURE THIS MORNING WAS 74.
THERE HAS BEEN NO PRECIPITATION SINCE MIDNIGHT.


$$
