000
CDUS44 KMRX 290818
CLICHA


CLIMATE REPORT
NATIONAL WEATHER SERVICE MORRISTOWN TN
418 AM EDT SUN MAY 29 2016


...................................

...THE CHATTANOOGA  ASOS CLIMATE SUMMARY FOR MAY 28 2016...

CLIMATE NORMAL PERIOD 1981 TO 2010
CLIMATE RECORD PERIOD 1879 TO 2016


WEATHER ITEM   OBSERVED TIME   RECORD YEAR NORMAL DEPARTURE LAST
                VALUE   (LST)  VALUE       VALUE  FROM      YEAR
                                                  NORMAL
..................................................................
TEMPERATURE (F)
 YESTERDAY
  MAXIMUM         89    501 PM  95    1962  83      6       84
                                      1941
  MINIMUM         65    448 AM  43    1961  61      4       67
  AVERAGE         77                        72      5       76

PRECIPITATION (IN)
  YESTERDAY        0.00          2.29 1924   0.12  -0.12     0.20
  MONTH TO DATE    1.43                      3.71  -2.28     2.29
  SINCE MAR 1      6.50                     12.68  -6.18    15.77
  SINCE JAN 1     17.24                     22.43  -5.19    22.76

DEGREE DAYS
 COOLING
  YESTERDAY       12                         7      5       11
  MONTH TO DATE  155                       126     29      197
  SINCE MAR 1    234                       172     62      244
  SINCE JAN 1    234                       172     62      244
..................................................................


WIND (MPH)
  HIGHEST WIND SPEED    13   HIGHEST WIND DIRECTION    SE (130)
  HIGHEST GUST SPEED    18   HIGHEST GUST DIRECTION     S (170)
  AVERAGE WIND SPEED     4.2


SKY COVER
  POSSIBLE SUNSHINE  MM
  AVERAGE SKY COVER 0.5


WEATHER CONDITIONS
 THE FOLLOWING WEATHER WAS RECORDED YESTERDAY.
  FOG
  HAZE


RELATIVE HUMIDITY (PERCENT)
 HIGHEST    87           600 AM
 LOWEST     31           300 PM
 AVERAGE    59

..........................................................


THE CHATTANOOGA  ASOS CLIMATE NORMALS FOR TODAY
                         NORMAL    RECORD    YEAR
 MAXIMUM TEMPERATURE (F)   83        99      1941
 MINIMUM TEMPERATURE (F)   61        47      1984


SUNRISE AND SUNSET
MAY 29 2016...........SUNRISE   629 AM EDT   SUNSET   848 PM EDT
MAY 30 2016...........SUNRISE   628 AM EDT   SUNSET   849 PM EDT


-  INDICATES NEGATIVE NUMBERS.
R  INDICATES RECORD WAS SET OR TIED.
MM INDICATES DATA IS MISSING.
T  INDICATES TRACE AMOUNT.




$$
