000
CDUS44 KMRX 292230
CLICHA

CLIMATE REPORT NATIONAL WEATHER SERVICE MORRISTOWN TN
530 PM EST THU JAN 29 2015

...................................

...THE CHATTANOOGA CLIMATE SUMMARY FOR JANUARY 29 2015... VALID
TODAY AS OF 0500 PM LOCAL TIME.

CLIMATE NORMAL PERIOD 1981 TO 2010
CLIMATE RECORD PERIOD 1879 TO 2015


WEATHER ITEM   OBSERVED TIME   RECORD YEAR NORMAL DEPARTURE LAST
                VALUE   (LST)  VALUE       VALUE  FROM      YEAR
                                                  NORMAL
..................................................................
TEMPERATURE (F)
 TODAY
  MAXIMUM         61    411 PM  73    1932  51     10       28
                                      1917
                                      1903
  MINIMUM         30    647 AM   1    1966  31     -1        6
  AVERAGE         46                        41      5       17

PRECIPITATION (IN)
  TODAY            T             1.54 1890   0.16  -0.16      T
  MONTH TO DATE    3.49                      4.59  -1.10     2.40
  SINCE DEC 1      7.89                      9.49  -1.60    10.38
  SINCE JAN 1      3.49                      4.59  -1.10     2.40

SNOWFALL (IN)
  TODAY            0.0                       0.0    0.0      0.0
  MONTH TO DATE    0.7                       1.6   -0.9      1.2
  SINCE DEC 1      0.7                       1.9   -1.2      1.2
  SINCE JUL 1      0.7                       1.9   -1.2      1.2
  SNOW DEPTH       0

DEGREE DAYS
 HEATING
  TODAY           19                        24     -5       48
  MONTH TO DATE  723                       717      6      893
  SINCE DEC 1   1309                      1412   -103     1510
  SINCE JUL 1   1985                      2001    -16     2141

 COOLING
  TODAY            0                         0      0        0
  MONTH TO DATE    0                         0      0        0
  SINCE DEC 1      0                         1     -1        4
  SINCE JAN 1      0                         0      0        0
..................................................................


WIND (MPH)
  HIGHEST WIND SPEED    20   HIGHEST WIND DIRECTION    SW (210)
  HIGHEST GUST SPEED    28   HIGHEST GUST DIRECTION     S (190)
  AVERAGE WIND SPEED     5.5


SKY COVER
  POSSIBLE SUNSHINE  MM
  AVERAGE SKY COVER 0.5


WEATHER CONDITIONS
 THE FOLLOWING WEATHER WAS RECORDED TODAY.
  NO SIGNIFICANT WEATHER WAS OBSERVED.


RELATIVE HUMIDITY (PERCENT)
 HIGHEST    78          1200 AM
 LOWEST     37           300 PM
 AVERAGE    58

..........................................................


THE CHATTANOOGA  ASOS CLIMATE NORMALS FOR TOMORROW
                         NORMAL    RECORD    YEAR
 MAXIMUM TEMPERATURE (F)   52        77      2002
 MINIMUM TEMPERATURE (F)   31        -7      1966


SUNRISE AND SUNSET
JANUARY 29 2015.......SUNRISE   742 AM EST   SUNSET   606 PM EST
JANUARY 30 2015.......SUNRISE   741 AM EST   SUNSET   607 PM EST


-  INDICATES NEGATIVE NUMBERS.
R  INDICATES RECORD WAS SET OR TIED.
MM INDICATES DATA IS MISSING.
T  INDICATES TRACE AMOUNT.




$$
