000
CDUS44 KMRX 290845
CLICHA


CLIMATE REPORT
NATIONAL WEATHER SERVICE MORRISTOWN TN
445 AM EDT THU JUN 29 2017


...................................

...THE CHATTANOOGA  ASOS CLIMATE SUMMARY FOR JUNE 28 2017...

CLIMATE NORMAL PERIOD 1981 TO 2010
CLIMATE RECORD PERIOD 1879 TO 2017


WEATHER ITEM   OBSERVED TIME   RECORD YEAR NORMAL DEPARTURE LAST
                VALUE   (LST)  VALUE       VALUE  FROM      YEAR
                                                  NORMAL
..................................................................
TEMPERATURE (F)
 YESTERDAY
  MAXIMUM         88    248 PM 104    1952  89     -1       95
  MINIMUM         58    554 AM  50    1974  68    -10       74
                                      1968
  AVERAGE         73                        79     -6       85

PRECIPITATION (IN)
  YESTERDAY        0.00          2.02 2005   0.15  -0.15     0.00
  MONTH TO DATE    3.09                      3.75  -0.66     1.22
  SINCE JUN 1      3.09                      3.75  -0.66     1.22
  SINCE JAN 1     31.95                     26.57   5.38    18.46

DEGREE DAYS
 COOLING
  YESTERDAY        8                        14     -6       20
  MONTH TO DATE  315                       317     -2      441
  SINCE JUN 1    315                       317     -2      441
  SINCE JAN 1    641                       513    128      717
..................................................................


WIND (MPH)
  HIGHEST WIND SPEED    10   HIGHEST WIND DIRECTION    SE (140)
  HIGHEST GUST SPEED    15   HIGHEST GUST DIRECTION     S (160)
  AVERAGE WIND SPEED     3.4


SKY COVER
  POSSIBLE SUNSHINE  MM
  AVERAGE SKY COVER 0.2


WEATHER CONDITIONS
 THE FOLLOWING WEATHER WAS RECORDED YESTERDAY.
  NO SIGNIFICANT WEATHER WAS OBSERVED.


RELATIVE HUMIDITY (PERCENT)
 HIGHEST    93           500 AM
 LOWEST     30           200 PM
 AVERAGE    62

..........................................................


THE CHATTANOOGA  ASOS CLIMATE NORMALS FOR TODAY
                         NORMAL    RECORD    YEAR
 MAXIMUM TEMPERATURE (F)   89       106      2012
 MINIMUM TEMPERATURE (F)   69        52      1974


SUNRISE AND SUNSET
JUNE 29 2017..........SUNRISE   630 AM EDT   SUNSET   859 PM EDT
JUNE 30 2017..........SUNRISE   630 AM EDT   SUNSET   859 PM EDT


-  INDICATES NEGATIVE NUMBERS.
R  INDICATES RECORD WAS SET OR TIED.
MM INDICATES DATA IS MISSING.
T  INDICATES TRACE AMOUNT.




$$
