000
CDUS41 KLWX 230523
CLICHO


CLIMATE REPORT
NATIONAL WEATHER SERVICE BALTIMORE MD/WASHINGTON DC
123 AM EDT WED JUL 23 2014


...................................

...THE CHARLOTTESVILLE VA CLIMATE SUMMARY FOR JULY 22 2014...

CLIMATE NORMAL PERIOD 1981 TO 2010
CLIMATE RECORD PERIOD 1889 TO 2014


WEATHER ITEM   OBSERVED TIME   RECORD YEAR NORMAL DEPARTURE LAST
                VALUE   (LST)  VALUE       VALUE  FROM      YEAR
                                                  NORMAL
..................................................................
TEMPERATURE (F)
 YESTERDAY
  MAXIMUM         85    526 PM  MM      MM  86     -1       87
  MINIMUM         72   1132 PM  MM      MM  65      7       71
  AVERAGE         79                        76      3       79

PRECIPITATION (IN)
  YESTERDAY        0.00                      0.14  -0.14     0.01
  MONTH TO DATE    2.26                      3.03  -0.77     3.47
  SINCE JUN 1      5.11                      6.76  -1.65    10.53
  SINCE JAN 1     23.38                     23.23   0.15    27.16

DEGREE DAYS
 HEATING
  YESTERDAY        0                         0      0        0
  MONTH TO DATE    0                         0      0        0
  SINCE JUN 1      2                        11     -9        2
  SINCE JUL 1      0                         0      0        0

 COOLING
  YESTERDAY       14                        11      3       14
  MONTH TO DATE  238                       237      1      302
  SINCE JUN 1    510                       456     54      548
  SINCE JAN 1    626                       542     84      695
..................................................................


WIND (MPH)
  HIGHEST WIND SPEED    10   HIGHEST WIND DIRECTION     S (190)
  HIGHEST GUST SPEED    14   HIGHEST GUST DIRECTION     S (160)
  AVERAGE WIND SPEED     4.3


SKY COVER
  POSSIBLE SUNSHINE  MM
  AVERAGE SKY COVER 0.7


WEATHER CONDITIONS
 THE FOLLOWING WEATHER WAS RECORDED YESTERDAY.
  FOG


RELATIVE HUMIDITY (PERCENT)
 HIGHEST    93           300 AM
 LOWEST     61           300 PM
 AVERAGE    77

..........................................................


THE CHARLOTTESVILLE VA CLIMATE NORMALS FOR TODAY
                         NORMAL    RECORD    YEAR
 MAXIMUM TEMPERATURE (F)   86        MM        MM
 MINIMUM TEMPERATURE (F)   65        MM        MM


SUNRISE AND SUNSET
JULY 23 2014..........SUNRISE   609 AM EDT   SUNSET   831 PM EDT
JULY 24 2014..........SUNRISE   610 AM EDT   SUNSET   830 PM EDT


-  INDICATES NEGATIVE NUMBERS.
R  INDICATES RECORD WAS SET OR TIED.
MM INDICATES DATA IS MISSING.
T  INDICATES TRACE AMOUNT.




$$
