000
CDUS41 KLWX 030532
CLICHO


CLIMATE REPORT
NATIONAL WEATHER SERVICE BALTIMORE MD/WASHINGTON DC
1230 AM EST TUE MAR 3 2015


...................................

...THE CHARLOTTESVILLE VA CLIMATE SUMMARY FOR MARCH 2 2015...

CLIMATE NORMAL PERIOD 1981 TO 2010
CLIMATE RECORD PERIOD 1889 TO 2015


WEATHER ITEM   OBSERVED TIME   RECORD YEAR NORMAL DEPARTURE LAST
                VALUE   (LST)  VALUE       VALUE  FROM      YEAR
                                                  NORMAL
..................................................................
TEMPERATURE (F)
 YESTERDAY
  MAXIMUM         50    408 PM  MM      MM  53     -3       64
  MINIMUM         31   1159 PM  MM      MM  30      1       35
  AVERAGE         41                        42     -1       50

PRECIPITATION (IN)
  YESTERDAY        0.00                      0.10  -0.10     0.24
  MONTH TO DATE    0.03                      0.19  -0.16     0.24
  SINCE MAR 1      0.03                      0.19  -0.16     0.24
  SINCE JAN 1      2.69                      5.66  -2.97     5.33

DEGREE DAYS
 HEATING
  YESTERDAY       24                        23      1       15
  MONTH TO DATE   64                        47     17       48
  SINCE MAR 1     64                        47     17       48
  SINCE JUL 1   3579                      3459    120     3557

 COOLING
  YESTERDAY        0                         0      0        0
  MONTH TO DATE    0                         0      0        0
  SINCE MAR 1      0                         0      0        0
  SINCE JAN 1      0                         0      0        0
..................................................................


WIND (MPH)
  HIGHEST WIND SPEED    15   HIGHEST WIND DIRECTION    NE (30)
  HIGHEST GUST SPEED    22   HIGHEST GUST DIRECTION    NW (310)
  AVERAGE WIND SPEED     6.7


SKY COVER
  POSSIBLE SUNSHINE  MM
  AVERAGE SKY COVER 0.2


WEATHER CONDITIONS
 THE FOLLOWING WEATHER WAS RECORDED YESTERDAY.
  FOG


RELATIVE HUMIDITY (PERCENT)
 HIGHEST   100           600 AM
 LOWEST     20           300 PM
 AVERAGE    60

..........................................................


THE CHARLOTTESVILLE VA CLIMATE NORMALS FOR TODAY
                         NORMAL    RECORD    YEAR
 MAXIMUM TEMPERATURE (F)   53        MM        MM
 MINIMUM TEMPERATURE (F)   31        MM        MM


SUNRISE AND SUNSET
MARCH  3 2015.........SUNRISE   643 AM EST   SUNSET   609 PM EST
MARCH  4 2015.........SUNRISE   642 AM EST   SUNSET   610 PM EST


-  INDICATES NEGATIVE NUMBERS.
R  INDICATES RECORD WAS SET OR TIED.
MM INDICATES DATA IS MISSING.
T  INDICATES TRACE AMOUNT.




$$
