000
CDUS41 KLWX 260534
CLICHO


CLIMATE REPORT
NATIONAL WEATHER SERVICE BALTIMORE MD/WASHINGTON DC
133 AM EDT FRI MAY 26 2017


...................................

...THE CHARLOTTESVILLE VA CLIMATE SUMMARY FOR MAY 25 2017...

CLIMATE NORMAL PERIOD 1981 TO 2010
CLIMATE RECORD PERIOD 1889 TO 2017


WEATHER ITEM   OBSERVED TIME   RECORD YEAR NORMAL DEPARTURE LAST
                VALUE   (LST)  VALUE       VALUE  FROM      YEAR
                                                  NORMAL
..................................................................
TEMPERATURE (F)
 YESTERDAY
  MAXIMUM         72    524 PM  MM      MM  77     -5       86
  MINIMUM         58    546 AM  MM      MM  54      4       55
  AVERAGE         65                        66     -1       71

PRECIPITATION (IN)
  YESTERDAY        1.12                      0.15   0.97     0.00
  MONTH TO DATE    7.99                      3.08   4.91     5.02
  SINCE MAR 1     13.52                     10.10   3.42     9.88
  SINCE JAN 1     16.76                     15.57   1.19    16.00

DEGREE DAYS
 HEATING
  YESTERDAY        0                         2     -2        0
  MONTH TO DATE   90                       110    -20      119
  SINCE MAR 1    718                      1010   -292      722
  SINCE JUL 1   3091                      4422  -1331     3480

 COOLING
  YESTERDAY        0                         3     -3        6
  MONTH TO DATE   75                        44     31       27
  SINCE MAR 1    172                        65    107       54
  SINCE JAN 1    173                        65    108       54
..................................................................


WIND (MPH)
  HIGHEST WIND SPEED    13   HIGHEST WIND DIRECTION    NE (40)
  HIGHEST GUST SPEED    18   HIGHEST GUST DIRECTION    SW (230)
  AVERAGE WIND SPEED     4.8


SKY COVER
  POSSIBLE SUNSHINE  MM
  AVERAGE SKY COVER 0.5


WEATHER CONDITIONS
 THE FOLLOWING WEATHER WAS RECORDED YESTERDAY.
  THUNDERSTORM
  HEAVY RAIN
  RAIN
  LIGHT RAIN
  FOG
  HAZE


RELATIVE HUMIDITY (PERCENT)
 HIGHEST    93           200 AM
 LOWEST     57           600 PM
 AVERAGE    75

..........................................................


THE CHARLOTTESVILLE VA CLIMATE NORMALS FOR TODAY
                         NORMAL    RECORD    YEAR
 MAXIMUM TEMPERATURE (F)   77        MM        MM
 MINIMUM TEMPERATURE (F)   55        MM        MM


SUNRISE AND SUNSET
MAY 26 2017...........SUNRISE   555 AM EDT   SUNSET   827 PM EDT
MAY 27 2017...........SUNRISE   555 AM EDT   SUNSET   828 PM EDT


-  INDICATES NEGATIVE NUMBERS.
R  INDICATES RECORD WAS SET OR TIED.
MM INDICATES DATA IS MISSING.
T  INDICATES TRACE AMOUNT.




$$
