000
CDUS41 KLWX 250528
CLICHO


CLIMATE REPORT
NATIONAL WEATHER SERVICE BALTIMORE MD/WASHINGTON DC
127 AM EDT FRI APR 25 2014


...................................

...THE CHARLOTTESVILLE VA CLIMATE SUMMARY FOR APRIL 24 2014...

CLIMATE NORMAL PERIOD 1981 TO 2010
CLIMATE RECORD PERIOD 1889 TO 2014


WEATHER ITEM   OBSERVED TIME   RECORD YEAR NORMAL DEPARTURE LAST
                VALUE   (LST)  VALUE       VALUE  FROM      YEAR
                                                  NORMAL
..................................................................
TEMPERATURE (F)
 YESTERDAY
  MAXIMUM         67    403 PM  MM      MM  70     -3       77
  MINIMUM         42    310 AM  MM      MM  45     -3       43
  AVERAGE         55                        58     -3       60

PRECIPITATION (IN)
  YESTERDAY        0.00                      0.12  -0.12     0.08
  MONTH TO DATE    2.21                      2.74  -0.53     2.64
  SINCE MAR 1      4.70                      6.40  -1.70     5.46
  SINCE JAN 1      9.79                     11.87  -2.08    11.90

DEGREE DAYS
 HEATING
  YESTERDAY       10                         8      2        5
  MONTH TO DATE  239                       264    -25      215
  SINCE MAR 1    966                       856    110      949
  SINCE JUL 1   4475                      4268    207     4006

 COOLING
  YESTERDAY        0                         1     -1        0
  MONTH TO DATE    9                        16     -7       44
  SINCE MAR 1      9                        18     -9       44
  SINCE JAN 1      9                        18     -9       44
..................................................................


WIND (MPH)
  HIGHEST WIND SPEED    13   HIGHEST WIND DIRECTION    NW (320)
  HIGHEST GUST SPEED    18   HIGHEST GUST DIRECTION    NW (330)
  AVERAGE WIND SPEED     4.1


SKY COVER
  POSSIBLE SUNSHINE  MM
  AVERAGE SKY COVER 0.0


WEATHER CONDITIONS
 THE FOLLOWING WEATHER WAS RECORDED YESTERDAY.
  NO SIGNIFICANT WEATHER WAS OBSERVED.


RELATIVE HUMIDITY (PERCENT)
 HIGHEST    49           300 AM
 LOWEST     16           200 PM
 AVERAGE    33

..........................................................


THE CHARLOTTESVILLE VA CLIMATE NORMALS FOR TODAY
                         NORMAL    RECORD    YEAR
 MAXIMUM TEMPERATURE (F)   70        MM        MM
 MINIMUM TEMPERATURE (F)   46        MM        MM


SUNRISE AND SUNSET
APRIL 25 2014.........SUNRISE   625 AM EDT   SUNSET   759 PM EDT
APRIL 26 2014.........SUNRISE   624 AM EDT   SUNSET   800 PM EDT


-  INDICATES NEGATIVE NUMBERS.
R  INDICATES RECORD WAS SET OR TIED.
MM INDICATES DATA IS MISSING.
T  INDICATES TRACE AMOUNT.




$$
