000
CDUS41 KLWX 210525
CLICHO


CLIMATE REPORT
NATIONAL WEATHER SERVICE BALTIMORE MD/WASHINGTON DC
125 AM EDT THU SEP 21 2017


...................................

...THE CHARLOTTESVILLE VA CLIMATE SUMMARY FOR SEPTEMBER 20 2017...

CLIMATE NORMAL PERIOD 1981 TO 2010
CLIMATE RECORD PERIOD 1998 TO 2017


WEATHER ITEM   OBSERVED TIME   RECORD YEAR NORMAL DEPARTURE LAST
                VALUE   (LST)  VALUE       VALUE  FROM      YEAR
                                                  NORMAL
..................................................................
TEMPERATURE (F)
 YESTERDAY
  MAXIMUM         89    353 PM  MM      MM  77     12       81
  MINIMUM         61    617 AM  MM      MM  54      7       65
  AVERAGE         75                        65     10       73

PRECIPITATION (IN)
  YESTERDAY        0.00                      0.19  -0.19     0.00
  MONTH TO DATE    1.95                      2.69  -0.74     1.05
  SINCE SEP 1      1.95                      2.69  -0.74     1.05
  SINCE JAN 1     29.29                     30.83  -1.54    27.01

DEGREE DAYS
 HEATING
  YESTERDAY        0                         2     -2        0
  MONTH TO DATE   24                        17      7        0
  SINCE SEP 1     24                        17      7        0
  SINCE JUL 1     24                        20      4        0

 COOLING
  YESTERDAY       10                         3      7        8
  MONTH TO DATE   99                        93      6      231
  SINCE SEP 1     99                        93      6      231
  SINCE JAN 1   1417                      1003    414     1575
..................................................................


WIND (MPH)
  HIGHEST WIND SPEED    10   HIGHEST WIND DIRECTION    NW (330)
  HIGHEST GUST SPEED    13   HIGHEST GUST DIRECTION    NW (330)
  AVERAGE WIND SPEED     1.7


SKY COVER
  POSSIBLE SUNSHINE  MM
  AVERAGE SKY COVER 0.0


WEATHER CONDITIONS
 THE FOLLOWING WEATHER WAS RECORDED YESTERDAY.
  FOG
  HAZE


RELATIVE HUMIDITY (PERCENT)
 HIGHEST   100           600 AM
 LOWEST     38           300 PM
 AVERAGE    69

..........................................................


THE CHARLOTTESVILLE VA CLIMATE NORMALS FOR TODAY
                         NORMAL    RECORD    YEAR
 MAXIMUM TEMPERATURE (F)   76        MM        MM
 MINIMUM TEMPERATURE (F)   54        MM        MM


SUNRISE AND SUNSET
SEPTEMBER 21 2017.....SUNRISE   701 AM EDT   SUNSET   712 PM EDT
SEPTEMBER 22 2017.....SUNRISE   702 AM EDT   SUNSET   710 PM EDT


-  INDICATES NEGATIVE NUMBERS.
R  INDICATES RECORD WAS SET OR TIED.
MM INDICATES DATA IS MISSING.
T  INDICATES TRACE AMOUNT.




$$
