000
CDUS42 KCHS 280537
CLICHS


CLIMATE REPORT
NATIONAL WEATHER SERVICE CHARLESTON SC
136 AM EDT THU AUG 28 2014


...................................

...THE NORTH CHARLESTON SC CLIMATE SUMMARY FOR AUGUST 27 2014...

CLIMATE NORMAL PERIOD 1981 TO 2010
CLIMATE RECORD PERIOD 1938 TO 2014


WEATHER ITEM   OBSERVED TIME   RECORD YEAR NORMAL DEPARTURE LAST
                VALUE   (LST)  VALUE       VALUE  FROM      YEAR
                                                  NORMAL
..................................................................
TEMPERATURE (F)
 YESTERDAY
  MAXIMUM         90    414 PM  99    1954  88      2       87
  MINIMUM         65    618 AM  61    1966  71     -6       67
                                      1945
                                      1942
  AVERAGE         78                        80     -2       77

PRECIPITATION (IN)
  YESTERDAY        0.00          2.10 1995   0.26  -0.26     0.00
                                      1962
  MONTH TO DATE    7.08                      6.18   0.90     3.95
  SINCE JUN 1     18.08                     18.36  -0.28    22.62
  SINCE JAN 1     35.33                     34.67   0.66    46.06

DEGREE DAYS
 HEATING
  YESTERDAY        0                         0      0        0
  MONTH TO DATE    0                         0      0        0
  SINCE JUN 1      0                         1     -1        0
  SINCE JUL 1      0                         0      0        0

 COOLING
  YESTERDAY       13                        15     -2       12
  MONTH TO DATE  499                       435     64      442
  SINCE JUN 1   1583                      1385    198     1435
  SINCE JAN 1   2093                      1747    346     1782
..................................................................


WIND (MPH)
  HIGHEST WIND SPEED    16   HIGHEST WIND DIRECTION     N (20)
  HIGHEST GUST SPEED    21   HIGHEST GUST DIRECTION    NE (40)
  AVERAGE WIND SPEED     5.5


SKY COVER
  POSSIBLE SUNSHINE  MM
  AVERAGE SKY COVER 0.1


WEATHER CONDITIONS
 THE FOLLOWING WEATHER WAS RECORDED YESTERDAY.
  NO SIGNIFICANT WEATHER WAS OBSERVED.


RELATIVE HUMIDITY (PERCENT)
 HIGHEST    87           500 AM
 LOWEST     37           400 PM
 AVERAGE    62

..........................................................


THE NORTH CHARLESTON SC CLIMATE NORMALS FOR TODAY
                         NORMAL    RECORD    YEAR
 MAXIMUM TEMPERATURE (F)   88        98      1990
 MINIMUM TEMPERATURE (F)   71        60      1986


SUNRISE AND SUNSET
AUGUST 28 2014........SUNRISE   652 AM EDT   SUNSET   750 PM EDT
AUGUST 29 2014........SUNRISE   653 AM EDT   SUNSET   749 PM EDT


-  INDICATES NEGATIVE NUMBERS.
R  INDICATES RECORD WAS SET OR TIED.
MM INDICATES DATA IS MISSING.
T  INDICATES TRACE AMOUNT.




$$
