000
CDUS42 KCHS 282108
CLICHS


CLIMATE REPORT
NATIONAL WEATHER SERVICE CHARLESTON SC
506 PM EDT SUN MAY 28 2017


...................................

...THE NORTH CHARLESTON SC CLIMATE SUMMARY FOR MAY 28 2017...
VALID TODAY AS OF 0500 PM LOCAL TIME.

CLIMATE NORMAL PERIOD 1981 TO 2010
CLIMATE RECORD PERIOD 1938 TO 2017


WEATHER ITEM   OBSERVED TIME   RECORD YEAR NORMAL DEPARTURE LAST
                VALUE   (LST)  VALUE       VALUE  FROM      YEAR
                                                  NORMAL
..................................................................
TEMPERATURE (F)
 TODAY
  MAXIMUM         91    126 PM  97    1967  86      5       81
                                      1964
  MINIMUM         69    452 AM  45    1961  65      4       68
  AVERAGE         80                        76      4       75

PRECIPITATION (IN)
  TODAY            0.00          2.42 2016   0.12  -0.12     2.42
  MONTH TO DATE    3.74                      2.67   1.07     3.81
  SINCE MAR 1     10.98                      9.29   1.69     9.61
  SINCE JAN 1     15.16                     15.96  -0.80    17.90

SNOWFALL (IN)
  TODAY            0.0                       0.0    0.0
  SINCE MAR 1      T                         0.0    0.0
  SINCE JUL 1      T                         0.5   -0.5

DEGREE DAYS
 HEATING
  TODAY            0                         0      0        0
  MONTH TO DATE    3                         8     -5        4
  SINCE MAR 1    260                       335    -75      180
  SINCE JUL 1   1228                      1971   -743     1357

 COOLING
  TODAY           15                        11      4       10
  MONTH TO DATE  250                       212     38      252
  SINCE MAR 1    491                       323    168      452
  SINCE JAN 1    526                       330    196      460
..................................................................


WIND (MPH)
  HIGHEST WIND SPEED    21   HIGHEST WIND DIRECTION     W (250)
  HIGHEST GUST SPEED    26   HIGHEST GUST DIRECTION     W (280)
  AVERAGE WIND SPEED    10.5


SKY COVER
  POSSIBLE SUNSHINE  MM
  AVERAGE SKY COVER 0.4


WEATHER CONDITIONS
 THE FOLLOWING WEATHER WAS RECORDED TODAY.
  NO SIGNIFICANT WEATHER WAS OBSERVED.


RELATIVE HUMIDITY (PERCENT)
 HIGHEST    90           300 AM
 LOWEST     52           200 PM
 AVERAGE    71

..........................................................


THE NORTH CHARLESTON SC CLIMATE NORMALS FOR TOMORROW
                         NORMAL    RECORD    YEAR
 MAXIMUM TEMPERATURE (F)   86        95      1945
 MINIMUM TEMPERATURE (F)   66        53      1961


SUNRISE AND SUNSET
MAY 28 2017...........SUNRISE   614 AM EDT   SUNSET   821 PM EDT
MAY 29 2017...........SUNRISE   614 AM EDT   SUNSET   822 PM EDT


-  INDICATES NEGATIVE NUMBERS.
R  INDICATES RECORD WAS SET OR TIED.
MM INDICATES DATA IS MISSING.
T  INDICATES TRACE AMOUNT.




$$
