000
CDUS42 KCHS 260602
CLICHS


CLIMATE REPORT
NATIONAL WEATHER SERVICE CHARLESTON SC
102 AM EST SUN FEB 26 2017


...................................

...THE NORTH CHARLESTON SC CLIMATE SUMMARY FOR FEBRUARY 25 2017...

CLIMATE NORMAL PERIOD 1981 TO 2010
CLIMATE RECORD PERIOD 1938 TO 2017


WEATHER ITEM   OBSERVED TIME   RECORD YEAR NORMAL DEPARTURE LAST
                VALUE   (LST)  VALUE       VALUE  FROM      YEAR
                                                  NORMAL
..................................................................
TEMPERATURE (F)
 YESTERDAY
  MAXIMUM         81R   310 PM  80    1949  65     16       59
  MINIMUM         53    442 AM  18    1967  43     10       43
  AVERAGE         67                        54     13       51

PRECIPITATION (IN)
  YESTERDAY        0.00          1.73 1957   0.11  -0.11     0.00
  MONTH TO DATE    0.40                      2.65  -2.25     4.89
  SINCE DEC 1      8.96                      9.47  -0.51    11.43
  SINCE JAN 1      4.18                      6.36  -2.18     8.29

SNOWFALL (IN)
  YESTERDAY        0.0                       0.0    0.0
  SINCE DEC 1      T                         0.5   -0.5
  SINCE JUL 1      T                         0.5   -0.5

DEGREE DAYS
 HEATING
  YESTERDAY        0                        12    -12       14
  MONTH TO DATE  154                       345   -191      320
  SINCE DEC 1    734                      1312   -578      978
  SINCE JUL 1    952                      1604   -652     1124

 COOLING
  YESTERDAY        2                         0      2        0
  MONTH TO DATE   15                         0     15        8
  SINCE DEC 1     37                         9     28      105
  SINCE JAN 1     30                         2     28        8
..................................................................


WIND (MPH)
  HIGHEST WIND SPEED    24   HIGHEST WIND DIRECTION     W (250)
  HIGHEST GUST SPEED    30   HIGHEST GUST DIRECTION     W (260)
  AVERAGE WIND SPEED    10.7


SKY COVER
  POSSIBLE SUNSHINE  MM
  AVERAGE SKY COVER 0.2


WEATHER CONDITIONS
 THE FOLLOWING WEATHER WAS RECORDED YESTERDAY.
  FOG


RELATIVE HUMIDITY (PERCENT)
 HIGHEST   100           300 AM
 LOWEST     16          1000 PM
 AVERAGE    58

..........................................................


THE NORTH CHARLESTON SC CLIMATE NORMALS FOR TODAY
                         NORMAL    RECORD    YEAR
 MAXIMUM TEMPERATURE (F)   65        83      1996
 MINIMUM TEMPERATURE (F)   43        14      1967


SUNRISE AND SUNSET
FEBRUARY 26 2017......SUNRISE   651 AM EST   SUNSET   615 PM EST
FEBRUARY 27 2017......SUNRISE   650 AM EST   SUNSET   616 PM EST


-  INDICATES NEGATIVE NUMBERS.
R  INDICATES RECORD WAS SET OR TIED.
MM INDICATES DATA IS MISSING.
T  INDICATES TRACE AMOUNT.




$$
