000
CDUS42 KCHS 300527
CLICHS


CLIMATE REPORT
NATIONAL WEATHER SERVICE CHARLESTON SC
127 AM EDT TUE SEP 30 2014


...................................

...THE NORTH CHARLESTON SC CLIMATE SUMMARY FOR SEPTEMBER 29 2014...

CLIMATE NORMAL PERIOD 1981 TO 2010
CLIMATE RECORD PERIOD 1938 TO 2014


WEATHER ITEM   OBSERVED TIME   RECORD YEAR NORMAL DEPARTURE LAST
                VALUE   (LST)  VALUE       VALUE  FROM      YEAR
                                                  NORMAL
..................................................................
TEMPERATURE (F)
 YESTERDAY
  MAXIMUM         75    136 PM  92    1941  82     -7       79
  MINIMUM         66   1159 PM  46    1942  63      3       60
  AVERAGE         71                        72     -1       70

PRECIPITATION (IN)
  YESTERDAY        0.53          3.82 1959   0.17   0.36     0.00
  MONTH TO DATE    8.66                      5.93   2.73     5.01
  SINCE SEP 1      8.66                      5.93   2.73     5.01
  SINCE JAN 1     43.99                     41.57   2.42    51.07

DEGREE DAYS
 HEATING
  YESTERDAY        0                         0      0        0
  MONTH TO DATE    0                         0      0        0
  SINCE SEP 1      0                         0      0        0
  SINCE JUL 1      0                         0      0        0

 COOLING
  YESTERDAY        6                         8     -2        5
  MONTH TO DATE  396                       326     70      370
  SINCE SEP 1    396                       326     70      370
  SINCE JAN 1   2558                      2131    427     2225
..................................................................


WIND (MPH)
  HIGHEST WIND SPEED    17   HIGHEST WIND DIRECTION    NE (30)
  HIGHEST GUST SPEED    21   HIGHEST GUST DIRECTION    NE (30)
  AVERAGE WIND SPEED     8.0


SKY COVER
  POSSIBLE SUNSHINE  MM
  AVERAGE SKY COVER 0.9


WEATHER CONDITIONS
 THE FOLLOWING WEATHER WAS RECORDED YESTERDAY.
  RAIN
  LIGHT RAIN
  FOG


RELATIVE HUMIDITY (PERCENT)
 HIGHEST    93           100 AM
 LOWEST     84           300 PM
 AVERAGE    89

..........................................................


THE NORTH CHARLESTON SC CLIMATE NORMALS FOR TODAY
                         NORMAL    RECORD    YEAR
 MAXIMUM TEMPERATURE (F)   81        92      1973
 MINIMUM TEMPERATURE (F)   63        42      1967


SUNRISE AND SUNSET
SEPTEMBER 30 2014.....SUNRISE   714 AM EDT   SUNSET   706 PM EDT
OCTOBER  1 2014.......SUNRISE   714 AM EDT   SUNSET   705 PM EDT


-  INDICATES NEGATIVE NUMBERS.
R  INDICATES RECORD WAS SET OR TIED.
MM INDICATES DATA IS MISSING.
T  INDICATES TRACE AMOUNT.




$$
