000
CDUS42 KCHS 240617
CLICHS


CLIMATE REPORT
NATIONAL WEATHER SERVICE CHARLESTON SC
216 AM EDT MON JUL 24 2017


...................................

...THE NORTH CHARLESTON SC CLIMATE SUMMARY FOR JULY 23 2017...

CLIMATE NORMAL PERIOD 1981 TO 2010
CLIMATE RECORD PERIOD 1938 TO 2017


WEATHER ITEM   OBSERVED TIME   RECORD YEAR NORMAL DEPARTURE LAST
                VALUE   (LST)  VALUE       VALUE  FROM      YEAR
                                                  NORMAL
..................................................................
TEMPERATURE (F)
 YESTERDAY
  MAXIMUM         93   1255 PM  99    2015  91      2       95
                                      1952
                                      1940
  MINIMUM         77    607 AM  60    1974  73      4       76
                                      1966
  AVERAGE         85                        82      3       86

PRECIPITATION (IN)
  YESTERDAY        0.00          2.54 1941   0.21  -0.21     0.00
  MONTH TO DATE    5.81                      4.87   0.94     4.09
  SINCE JUN 1     12.28                     10.52   1.76     7.23
  SINCE JAN 1     27.44                     26.83   0.61    27.98

DEGREE DAYS
 HEATING
  YESTERDAY        0                         0      0        0
  MONTH TO DATE    0                         0      0        0
  SINCE JUN 1      0                         1     -1        0
  SINCE JUL 1      0                         0      0        0

 COOLING
  YESTERDAY       20                        17      3       21
  MONTH TO DATE  416                       388     28      483
  SINCE JUN 1    826                       809     17     1008
  SINCE JAN 1   1401                      1171    230     1503
..................................................................


WIND (MPH)
  HIGHEST WIND SPEED    23   HIGHEST WIND DIRECTION     S (180)
  HIGHEST GUST SPEED    29   HIGHEST GUST DIRECTION     S (190)
  AVERAGE WIND SPEED     9.2


SKY COVER
  POSSIBLE SUNSHINE  MM
  AVERAGE SKY COVER 0.4


WEATHER CONDITIONS
 THE FOLLOWING WEATHER WAS RECORDED YESTERDAY.
  THUNDERSTORM


RELATIVE HUMIDITY (PERCENT)
 HIGHEST    91           100 AM
 LOWEST     60          1200 PM
 AVERAGE    76

..........................................................


THE NORTH CHARLESTON SC CLIMATE NORMALS FOR TODAY
                         NORMAL    RECORD    YEAR
 MAXIMUM TEMPERATURE (F)   91       101      1940
 MINIMUM TEMPERATURE (F)   73        63      1944


SUNRISE AND SUNSET
JULY 24 2017..........SUNRISE   629 AM EDT   SUNSET   824 PM EDT
JULY 25 2017..........SUNRISE   629 AM EDT   SUNSET   824 PM EDT


-  INDICATES NEGATIVE NUMBERS.
R  INDICATES RECORD WAS SET OR TIED.
MM INDICATES DATA IS MISSING.
T  INDICATES TRACE AMOUNT.




$$
