000
CDUS43 KDVN 292127
CLICID


CLIMATE REPORT
NATIONAL WEATHER SERVICE QUAD CITIES IA IL
426 PM CDT SUN MAY 29 2016


...................................

...THE CEDAR RAPIDS IA CLIMATE SUMMARY FOR MAY 29 2016...
VALID TODAY AS OF 0400 PM LOCAL TIME.

CLIMATE NORMAL PERIOD 1981 TO 2010
CLIMATE RECORD PERIOD 1891 TO 2016


WEATHER ITEM   OBSERVED TIME   RECORD YEAR NORMAL DEPARTURE LAST
                VALUE   (LST)  VALUE       VALUE  FROM      YEAR
                                                  NORMAL
..................................................................
TEMPERATURE (F)
 TODAY
  MAXIMUM         80    258 PM  99    1934  75      5       79
  MINIMUM         60    519 AM  34    1947  54      6       64
  AVERAGE         70                        64      6       72

PRECIPITATION (IN)
  TODAY            0.00         MM      MM   0.14  -0.14     0.31
  MONTH TO DATE    2.75                      3.86  -1.11     3.62
  SINCE MAR 1      7.51                      9.01  -1.50     7.86
  SINCE JAN 1      8.11                     11.15  -3.04     9.19

DEGREE DAYS
 HEATING
  TODAY            0                         3     -3        0
  MONTH TO DATE  187                       186      1      123
  SINCE MAR 1   1338                      1548   -210     1414
  SINCE JUL 1   5649                      6831  -1182     6941

 COOLING
  TODAY            5                         3      2        7
  MONTH TO DATE   45                        36      9       50
  SINCE MAR 1     48                        43      5       50
  SINCE JAN 1     48                        43      5       50
..................................................................


WIND (MPH)
  HIGHEST WIND SPEED    18   HIGHEST WIND DIRECTION     W (270)
  HIGHEST GUST SPEED    23   HIGHEST GUST DIRECTION     W (260)
  AVERAGE WIND SPEED    12.1


SKY COVER
  POSSIBLE SUNSHINE  MM
  AVERAGE SKY COVER 0.3


WEATHER CONDITIONS
 THE FOLLOWING WEATHER WAS RECORDED TODAY.
  NO SIGNIFICANT WEATHER WAS OBSERVED.


RELATIVE HUMIDITY (PERCENT)
 HIGHEST   100           400 AM
 LOWEST     54           200 PM
 AVERAGE    77

..........................................................


THE CEDAR RAPIDS IA CLIMATE NORMALS FOR TOMORROW
                         NORMAL    RECORD    YEAR
 MAXIMUM TEMPERATURE (F)   76        96      1934
 MINIMUM TEMPERATURE (F)   54        33      1924


SUNRISE AND SUNSET
MAY 29 2016...........SUNRISE   535 AM CDT   SUNSET   834 PM CDT
MAY 30 2016...........SUNRISE   535 AM CDT   SUNSET   834 PM CDT


-  INDICATES NEGATIVE NUMBERS.
R  INDICATES RECORD WAS SET OR TIED.
MM INDICATES DATA IS MISSING.
T  INDICATES TRACE AMOUNT.




$$
