000
CDUS43 KDVN 272123
CLICID


CLIMATE REPORT
NATIONAL WEATHER SERVICE QUAD CITIES IA IL
423 PM CDT THU AUG 27 2015


...................................

...THE CEDAR RAPIDS IA CLIMATE SUMMARY FOR AUGUST 27 2015...
VALID TODAY AS OF 0400 PM LOCAL TIME.

CLIMATE NORMAL PERIOD 1981 TO 2010
CLIMATE RECORD PERIOD 1891 TO 2015


WEATHER ITEM   OBSERVED TIME   RECORD YEAR NORMAL DEPARTURE LAST
                VALUE   (LST)  VALUE       VALUE  FROM      YEAR
                                                  NORMAL
..................................................................
TEMPERATURE (F)
 TODAY
  MAXIMUM         73    256 PM  97    1995  80     -7       78
                                      1955
  MINIMUM         50    455 AM  43    1986  59     -9       64
  AVERAGE         62                        70     -8       71

PRECIPITATION (IN)
  TODAY            0.00         MM      MM   0.14  -0.14     0.04
  MONTH TO DATE    1.53                      3.93  -2.40     1.18
  SINCE JUN 1     15.96                     13.31   2.65    18.04
  SINCE JAN 1     25.16                     24.75   0.41    29.28

DEGREE DAYS
 HEATING
  TODAY            3                         1      2        0
  MONTH TO DATE   23                         8     15        0
  SINCE JUN 1     36                        41     -5       24
  SINCE JUL 1     27                        12     15       19

 COOLING
  TODAY            0                         5     -5        6
  MONTH TO DATE  134                       180    -46      189
  SINCE JUN 1    500                       598    -98      506
  SINCE JAN 1    550                       647    -97      586
..................................................................


WIND (MPH)
  HIGHEST WIND SPEED    17   HIGHEST WIND DIRECTION     S (170)
  HIGHEST GUST SPEED    24   HIGHEST GUST DIRECTION     S (160)
  AVERAGE WIND SPEED     5.8


SKY COVER
  POSSIBLE SUNSHINE  MM
  AVERAGE SKY COVER 0.0


WEATHER CONDITIONS
 THE FOLLOWING WEATHER WAS RECORDED TODAY.
  FOG


RELATIVE HUMIDITY (PERCENT)
 HIGHEST   100          1200 AM
 LOWEST     64           300 PM
 AVERAGE    82

..........................................................


THE CEDAR RAPIDS IA CLIMATE NORMALS FOR TOMORROW
                         NORMAL    RECORD    YEAR
 MAXIMUM TEMPERATURE (F)   80        96      2013
                                             1955
 MINIMUM TEMPERATURE (F)   59        40      1986


SUNRISE AND SUNSET
AUGUST 27 2015........SUNRISE   627 AM CDT   SUNSET   749 PM CDT
AUGUST 28 2015........SUNRISE   628 AM CDT   SUNSET   747 PM CDT


-  INDICATES NEGATIVE NUMBERS.
R  INDICATES RECORD WAS SET OR TIED.
MM INDICATES DATA IS MISSING.
T  INDICATES TRACE AMOUNT.




$$
