000
CDUS43 KDVN 202120
CLICID


CLIMATE REPORT
NATIONAL WEATHER SERVICE QUAD CITIES IA IL
418 PM CDT WED SEP 20 2017


...................................

...THE CEDAR RAPIDS IA CLIMATE SUMMARY FOR SEPTEMBER 20 2017...
VALID TODAY AS OF 0400 PM LOCAL TIME.

CLIMATE NORMAL PERIOD 1981 TO 2010
CLIMATE RECORD PERIOD 1891 TO 2017


WEATHER ITEM   OBSERVED TIME   RECORD YEAR NORMAL DEPARTURE LAST
                VALUE   (LST)  VALUE       VALUE  FROM      YEAR
                                                  NORMAL
..................................................................
TEMPERATURE (F)
 TODAY
  MAXIMUM         89    220 PM  93    1931  73     16       86
  MINIMUM         69    636 AM  29    1991  49     20       57
  AVERAGE         79                        61     18       72

PRECIPITATION (IN)
  TODAY            0.00         MM      MM   0.11  -0.11     0.00
  MONTH TO DATE    0.24                      2.20  -1.96     4.26
  SINCE SEP 1      0.24                      2.20  -1.96     4.26
  SINCE JAN 1     20.26                     27.50  -7.24    32.79

DEGREE DAYS
 HEATING
  TODAY            0                         6     -6        0
  MONTH TO DATE   37                        63    -26        4
  SINCE SEP 1     37                        63    -26        4
  SINCE JUL 1     48                        82    -34        8

 COOLING
  TODAY           14                         2     12        7
  MONTH TO DATE   58                        61     -3       97
  SINCE SEP 1     58                        61     -3       97
  SINCE JAN 1    657                       729    -72      908
..................................................................


WIND (MPH)
  HIGHEST WIND SPEED    21   HIGHEST WIND DIRECTION     S (190)
  HIGHEST GUST SPEED    25   HIGHEST GUST DIRECTION     S (180)
  AVERAGE WIND SPEED    12.4


SKY COVER
  POSSIBLE SUNSHINE  MM
  AVERAGE SKY COVER 0.2


WEATHER CONDITIONS
 THE FOLLOWING WEATHER WAS RECORDED TODAY.
  NO SIGNIFICANT WEATHER WAS OBSERVED.


RELATIVE HUMIDITY (PERCENT)
 HIGHEST    90           600 AM
 LOWEST     52           100 PM
 AVERAGE    71

..........................................................


THE CEDAR RAPIDS IA CLIMATE NORMALS FOR TOMORROW
                         NORMAL    RECORD    YEAR
 MAXIMUM TEMPERATURE (F)   73        93      1920
 MINIMUM TEMPERATURE (F)   49        33      1999


SUNRISE AND SUNSET
SEPTEMBER 20 2017.....SUNRISE   652 AM CDT   SUNSET   707 PM CDT
SEPTEMBER 21 2017.....SUNRISE   653 AM CDT   SUNSET   705 PM CDT


-  INDICATES NEGATIVE NUMBERS.
R  INDICATES RECORD WAS SET OR TIED.
MM INDICATES DATA IS MISSING.
T  INDICATES TRACE AMOUNT.




$$
