000
CDUS43 KDVN 230924
CLICID


CLIMATE REPORT
NATIONAL WEATHER SERVICE QUAD CITIES IA IL
424 AM CDT SUN JUL 23 2017


...................................

...THE CEDAR RAPIDS IA CLIMATE SUMMARY FOR JULY 22 2017...

CLIMATE NORMAL PERIOD 1981 TO 2010
CLIMATE RECORD PERIOD 1891 TO 2017


WEATHER ITEM   OBSERVED TIME   RECORD YEAR NORMAL DEPARTURE LAST
                VALUE   (LST)  VALUE       VALUE  FROM      YEAR
                                                  NORMAL
..................................................................
TEMPERATURE (F)
 YESTERDAY
  MAXIMUM         83    334 PM 101    1934  83      0       88
  MINIMUM         69    636 AM  44    1947  63      6       70
  AVERAGE         76                        73      3       79

PRECIPITATION (IN)
  YESTERDAY        0.40         MM      MM   0.13   0.27     0.52
  MONTH TO DATE    2.69                      3.30  -0.61     3.72
  SINCE JUN 1      5.65                      8.22  -2.57    12.05
  SINCE JAN 1     18.03                     19.66  -1.63    20.71

DEGREE DAYS
 HEATING
  YESTERDAY        0                         0      0        0
  MONTH TO DATE    0                         0      0        3
  SINCE JUN 1     22                        29     -7        8
  SINCE JUL 1      0                         0      0        3

 COOLING
  YESTERDAY       11                         8      3       14
  MONTH TO DATE  209                       176     33      166
  SINCE JUN 1    415                       342     73      403
  SINCE JAN 1    453                       391     62      463
..................................................................


WIND (MPH)
  HIGHEST WIND SPEED    22   HIGHEST WIND DIRECTION    NE (60)
  HIGHEST GUST SPEED    27   HIGHEST GUST DIRECTION    NE (60)
  AVERAGE WIND SPEED     5.8


SKY COVER
  POSSIBLE SUNSHINE  MM
  AVERAGE SKY COVER 0.8


WEATHER CONDITIONS
 THE FOLLOWING WEATHER WAS RECORDED YESTERDAY.
  THUNDERSTORM
  HEAVY RAIN
  RAIN
  LIGHT RAIN
  FOG


RELATIVE HUMIDITY (PERCENT)
 HIGHEST   100          1200 AM
 LOWEST     79           200 PM
 AVERAGE    90

..........................................................


THE CEDAR RAPIDS IA CLIMATE NORMALS FOR TODAY
                         NORMAL    RECORD    YEAR
 MAXIMUM TEMPERATURE (F)   83       104      1901
 MINIMUM TEMPERATURE (F)   63        44      1925


SUNRISE AND SUNSET
JULY 23 2017..........SUNRISE   552 AM CDT   SUNSET   834 PM CDT
JULY 24 2017..........SUNRISE   553 AM CDT   SUNSET   833 PM CDT


-  INDICATES NEGATIVE NUMBERS.
R  INDICATES RECORD WAS SET OR TIED.
MM INDICATES DATA IS MISSING.
T  INDICATES TRACE AMOUNT.




$$
