000
CDUS43 KDVN 011034
CLICID


CLIMATE REPORT
NATIONAL WEATHER SERVICE QUAD CITIES IA IL
434 AM CST SUN FEB 1 2015


...................................

...THE CEDAR RAPIDS IA CLIMATE SUMMARY FOR JANUARY 31 2015...

CLIMATE NORMAL PERIOD 1981 TO 2010
CLIMATE RECORD PERIOD 1891 TO 2015


WEATHER ITEM   OBSERVED TIME   RECORD YEAR NORMAL DEPARTURE LAST
                VALUE   (LST)  VALUE       VALUE  FROM      YEAR
                                                  NORMAL
..................................................................
TEMPERATURE (F)
 YESTERDAY
  MAXIMUM         39   1218 PM  65    1989  29     10       11
  MINIMUM         21    209 AM -21    1996  12      9        3
  AVERAGE         30                        20     10        7

PRECIPITATION (IN)
  YESTERDAY        0.37         MM      MM   0.04   0.33      T
  MONTH TO DATE    0.85                      0.92  -0.07     0.44
  SINCE DEC 1      1.50                      2.34  -0.84     1.12
  SINCE JAN 1      0.85                      0.92  -0.07     0.44

DEGREE DAYS
 HEATING
  YESTERDAY       35                        45    -10       58
  MONTH TO DATE 1342                      1412    -70     1627
  SINCE DEC 1   2389                      2702   -313     3102
  SINCE JUL 1   4050                      4148    -98     4545

 COOLING
  YESTERDAY        0                         0      0        0
  MONTH TO DATE    0                         0      0        0
  SINCE DEC 1      0                         0      0        0
  SINCE JAN 1      0                         0      0        0
..................................................................


WIND (MPH)
  HIGHEST WIND SPEED    14   HIGHEST WIND DIRECTION    SW (220)
  HIGHEST GUST SPEED    17   HIGHEST GUST DIRECTION    SW (210)
  AVERAGE WIND SPEED     7.5


SKY COVER
  POSSIBLE SUNSHINE  MM
  AVERAGE SKY COVER 0.7


WEATHER CONDITIONS
 THE FOLLOWING WEATHER WAS RECORDED YESTERDAY.
  LIGHT RAIN
  LIGHT SNOW
  FOG
  HAZE


RELATIVE HUMIDITY (PERCENT)
 HIGHEST   100           100 PM
 LOWEST     78           700 AM
 AVERAGE    89

..........................................................


THE CEDAR RAPIDS IA CLIMATE NORMALS FOR TODAY
                         NORMAL    RECORD    YEAR
 MAXIMUM TEMPERATURE (F)   30        54      1911
 MINIMUM TEMPERATURE (F)   12       -21      1918


SUNRISE AND SUNSET
FEBRUARY  1 2015......SUNRISE   719 AM CST   SUNSET   522 PM CST
FEBRUARY  2 2015......SUNRISE   718 AM CST   SUNSET   523 PM CST


-  INDICATES NEGATIVE NUMBERS.
R  INDICATES RECORD WAS SET OR TIED.
MM INDICATES DATA IS MISSING.
T  INDICATES TRACE AMOUNT.




$$
