000
CDUS43 KDVN 221018
CLICID


CLIMATE REPORT
NATIONAL WEATHER SERVICE QUAD CITIES IA IL
415 AM CST MON DEC 22 2014


...................................

...THE CEDAR RAPIDS IA CLIMATE SUMMARY FOR DECEMBER 21 2014...

CLIMATE NORMAL PERIOD 1981 TO 2010
CLIMATE RECORD PERIOD 1891 TO 2014


WEATHER ITEM   OBSERVED TIME   RECORD YEAR NORMAL DEPARTURE LAST
                VALUE   (LST)  VALUE       VALUE  FROM      YEAR
                                                  NORMAL
..................................................................
TEMPERATURE (F)
 YESTERDAY
  MAXIMUM         40    542 PM  57    1967  30     10       28
  MINIMUM         33    144 AM -20    1989  13     20       23
  AVERAGE         37                        22     15       26

PRECIPITATION (IN)
  YESTERDAY        T            MM      MM   0.04  -0.04     0.02
  MONTH TO DATE    0.22                      1.06  -0.84     0.28
  SINCE DEC 1      0.22                      1.06  -0.84     0.28
  SINCE JAN 1     38.11                     34.25   3.86    37.41

DEGREE DAYS
 HEATING
  YESTERDAY       28                        44    -16       39
  MONTH TO DATE  668                       848   -180      957
  SINCE DEC 1    668                       848   -180      957
  SINCE JUL 1   2329                      2294     35     2400

 COOLING
  YESTERDAY        0                         0      0        0
  MONTH TO DATE    0                         0      0        0
  SINCE DEC 1      0                         0      0        0
  SINCE JAN 1    670                       748    -78      884
..................................................................


WIND (MPH)
  HIGHEST WIND SPEED    20   HIGHEST WIND DIRECTION     S (160)
  HIGHEST GUST SPEED    27   HIGHEST GUST DIRECTION    SE (140)
  AVERAGE WIND SPEED    12.2


SKY COVER
  POSSIBLE SUNSHINE  MM
  AVERAGE SKY COVER 1.0


WEATHER CONDITIONS
 THE FOLLOWING WEATHER WAS RECORDED YESTERDAY.
  LIGHT RAIN
  FOG
  FOG W/VISIBILITY <= 1/4 MILE


RELATIVE HUMIDITY (PERCENT)
 HIGHEST   100          1200 AM
 LOWEST     85          1100 AM
 AVERAGE    93

..........................................................


THE CEDAR RAPIDS IA CLIMATE NORMALS FOR TODAY
                         NORMAL    RECORD    YEAR
 MAXIMUM TEMPERATURE (F)   30        59      1933
 MINIMUM TEMPERATURE (F)   13       -19      1989


SUNRISE AND SUNSET
DECEMBER 22 2014......SUNRISE   732 AM CST   SUNSET   439 PM CST
DECEMBER 23 2014......SUNRISE   732 AM CST   SUNSET   440 PM CST


-  INDICATES NEGATIVE NUMBERS.
R  INDICATES RECORD WAS SET OR TIED.
MM INDICATES DATA IS MISSING.
T  INDICATES TRACE AMOUNT.




$$
