000
CDUS43 KDVN 232122
CLICID


CLIMATE REPORT
NATIONAL WEATHER SERVICE QUAD CITIES IA IL
421 PM CDT SUN APR 23 2017


...................................

...THE CEDAR RAPIDS IA CLIMATE SUMMARY FOR APRIL 23 2017...
VALID TODAY AS OF 0400 PM LOCAL TIME.

CLIMATE NORMAL PERIOD 1981 TO 2010
CLIMATE RECORD PERIOD 1891 TO 2017


WEATHER ITEM   OBSERVED TIME   RECORD YEAR NORMAL DEPARTURE LAST
                VALUE   (LST)  VALUE       VALUE  FROM      YEAR
                                                  NORMAL
..................................................................
TEMPERATURE (F)
 TODAY
  MAXIMUM         71    257 PM  90    1925  64      7       68
  MINIMUM         35    451 AM  20    1927  41     -6       46
  AVERAGE         53                        52      1       57

PRECIPITATION (IN)
  TODAY            0.00         MM      MM   0.10  -0.10     0.00
  MONTH TO DATE    2.50                      2.22   0.28     1.60
  SINCE MAR 1      4.75                      4.32   0.43     3.40
  SINCE JAN 1      6.92                      6.46   0.46     4.00

DEGREE DAYS
 HEATING
  TODAY           12                        13     -1        8
  MONTH TO DATE  262                       399   -137      378
  SINCE MAR 1   1118                      1280   -162     1070
  SINCE JUL 1   5394                      6563  -1169     5381

 COOLING
  TODAY            0                         0      0        0
  MONTH TO DATE    9                         0      9        1
  SINCE MAR 1      9                         0      9        1
  SINCE JAN 1      9                         0      9        1
..................................................................


WIND (MPH)
  HIGHEST WIND SPEED    12   HIGHEST WIND DIRECTION    SW (240)
  HIGHEST GUST SPEED    16   HIGHEST GUST DIRECTION    SW (240)
  AVERAGE WIND SPEED     3.6


SKY COVER
  POSSIBLE SUNSHINE  MM
  AVERAGE SKY COVER 0.0


WEATHER CONDITIONS
 THE FOLLOWING WEATHER WAS RECORDED TODAY.
  NO SIGNIFICANT WEATHER WAS OBSERVED.


RELATIVE HUMIDITY (PERCENT)
 HIGHEST    82           500 AM
 LOWEST     23           200 PM
 AVERAGE    53

..........................................................


THE CEDAR RAPIDS IA CLIMATE NORMALS FOR TOMORROW
                         NORMAL    RECORD    YEAR
 MAXIMUM TEMPERATURE (F)   64        87      2009
                                             1990
 MINIMUM TEMPERATURE (F)   41        24      1910


SUNRISE AND SUNSET
APRIL 23 2017.........SUNRISE   614 AM CDT   SUNSET   757 PM CDT
APRIL 24 2017.........SUNRISE   612 AM CDT   SUNSET   758 PM CDT


-  INDICATES NEGATIVE NUMBERS.
R  INDICATES RECORD WAS SET OR TIED.
MM INDICATES DATA IS MISSING.
T  INDICATES TRACE AMOUNT.




$$
