076
CDUS43 KDVN 211001
CLICID


CLIMATE REPORT
NATIONAL WEATHER SERVICE QUAD CITIES IA IL
400 AM CST SAT JAN 21 2017


...................................

...THE CEDAR RAPIDS IA CLIMATE SUMMARY FOR JANUARY 20 2017...

CLIMATE NORMAL PERIOD 1981 TO 2010
CLIMATE RECORD PERIOD 1891 TO 2017


WEATHER ITEM   OBSERVED TIME   RECORD YEAR NORMAL DEPARTURE LAST
                VALUE   (LST)  VALUE       VALUE  FROM      YEAR
                                                  NORMAL
..................................................................
TEMPERATURE (F)
 YESTERDAY
  MAXIMUM         40    506 PM  54    1921  28     12       21
  MINIMUM         34    733 AM -22    1985  11     23        7
  AVERAGE         37                        19     18       14

PRECIPITATION (IN)
  YESTERDAY        0.01         MM      MM   0.02  -0.01     0.00
  MONTH TO DATE    1.41                      0.57   0.84     0.17
  SINCE DEC 1      2.66                      1.99   0.67     4.24
  SINCE JAN 1      1.41                      0.57   0.84     0.17

DEGREE DAYS
 HEATING
  YESTERDAY       28                        46    -18       51
  MONTH TO DATE  855                       915    -60      944
  SINCE DEC 1   2151                      2208    -57     1846
  SINCE JUL 1   3068                      3654   -586     2877

 COOLING
  YESTERDAY        0                         0      0        0
  MONTH TO DATE    0                         0      0        0
  SINCE DEC 1      0                         0      0        0
  SINCE JAN 1      0                         0      0        0
..................................................................


WIND (MPH)
  HIGHEST WIND SPEED    13   HIGHEST WIND DIRECTION     E (100)
  HIGHEST GUST SPEED    16   HIGHEST GUST DIRECTION     E (110)
  AVERAGE WIND SPEED     6.1


SKY COVER
  POSSIBLE SUNSHINE  MM
  AVERAGE SKY COVER 1.0


WEATHER CONDITIONS
 THE FOLLOWING WEATHER WAS RECORDED YESTERDAY.
  LIGHT RAIN
  FOG
  FOG W/VISIBILITY <= 1/4 MILE


RELATIVE HUMIDITY (PERCENT)
 HIGHEST   100          1200 AM
 LOWEST     92           700 PM
 AVERAGE    96

..........................................................


THE CEDAR RAPIDS IA CLIMATE NORMALS FOR TODAY
                         NORMAL    RECORD    YEAR
 MAXIMUM TEMPERATURE (F)   28        56      1957
 MINIMUM TEMPERATURE (F)   11       -23      1970


SUNRISE AND SUNSET
JANUARY 21 2017.......SUNRISE   728 AM CST   SUNSET   508 PM CST
JANUARY 22 2017.......SUNRISE   728 AM CST   SUNSET   510 PM CST


-  INDICATES NEGATIVE NUMBERS.
R  INDICATES RECORD WAS SET OR TIED.
MM INDICATES DATA IS MISSING.
T  INDICATES TRACE AMOUNT.




$$
