000
CDUS41 KCLE 200535
CLICLE


CLIMATE REPORT
NATIONAL WEATHER SERVICE CLEVELAND OH
125 AM EDT FRI OCT 20 2017


...................................

...THE CLEVELAND OH CLIMATE SUMMARY FOR OCTOBER 19 2017...

CLIMATE NORMAL PERIOD 1981 TO 2010
CLIMATE RECORD PERIOD 1871 TO 2017


WEATHER ITEM   OBSERVED TIME   RECORD YEAR NORMAL DEPARTURE LAST
                VALUE   (LST)  VALUE       VALUE  FROM      YEAR
                                                  NORMAL
..................................................................
TEMPERATURE (F)
 YESTERDAY
  MAXIMUM         74    251 PM  84    1953  61     13       72
  MINIMUM         49   1138 PM  29    1986  44      5       59
  AVERAGE         62                        53      9       66

PRECIPITATION (IN)
  YESTERDAY        0.00                      0.09  -0.09     0.00
  MONTH TO DATE    2.94                      1.92   1.02     0.69
  SINCE SEP 1      3.75                      5.73  -1.98     6.07
  SINCE JAN 1     35.38                     31.27   4.11    29.44

SNOWFALL (IN)
  YESTERDAY        0.0                       0.0    0.0      0.0
  MONTH TO DATE    0.0                       0.0    0.0      0.0
  SINCE SEP 1      0.0                       0.0    0.0      0.0
  SINCE JUL 1      0.0                       0.0    0.0      0.0
  SNOW DEPTH       0

DEGREE DAYS
 HEATING
  YESTERDAY        3                        12     -9        0
  MONTH TO DATE   48                       185   -137       72
  SINCE SEP 1     96                       276   -180       83
  SINCE JUL 1     98                       288   -190       83

 COOLING
  YESTERDAY        0                         0      0        1
  MONTH TO DATE   44                        10     34       43
  SINCE SEP 1    221                        99    122      228
  SINCE JAN 1   1112                       814    298     1312
..................................................................


WIND (MPH)
  HIGHEST WIND SPEED    21   HIGHEST WIND DIRECTION     W (260)
  HIGHEST GUST SPEED    25   HIGHEST GUST DIRECTION     W (260)
  AVERAGE WIND SPEED    10.3


SKY COVER
  POSSIBLE SUNSHINE  MM
  AVERAGE SKY COVER 0.3


WEATHER CONDITIONS
 THE FOLLOWING WEATHER WAS RECORDED YESTERDAY.
  NO SIGNIFICANT WEATHER WAS OBSERVED.


RELATIVE HUMIDITY (PERCENT)
 HIGHEST    77           900 PM
 LOWEST     44           200 PM
 AVERAGE    61

..........................................................


THE CLEVELAND OH CLIMATE NORMALS FOR TODAY
                         NORMAL    RECORD    YEAR
 MAXIMUM TEMPERATURE (F)   61        83      1953
 MINIMUM TEMPERATURE (F)   44        27      1992
                                             1972


SUNRISE AND SUNSET
OCTOBER 20 2017.......SUNRISE   745 AM EDT   SUNSET   638 PM EDT
OCTOBER 21 2017.......SUNRISE   746 AM EDT   SUNSET   637 PM EDT


-  INDICATES NEGATIVE NUMBERS.
R  INDICATES RECORD WAS SET OR TIED.
MM INDICATES DATA IS MISSING.
T  INDICATES TRACE AMOUNT.




$$
