000
CDUS41 KCLE 130534
CLICLE


CLIMATE REPORT
NATIONAL WEATHER SERVICE CLEVELAND OH
133 AM EDT SUN JUL 13 2014


...................................

...THE CLEVELAND OH CLIMATE SUMMARY FOR JULY 12 2014...

CLIMATE NORMAL PERIOD 1981 TO 2010
CLIMATE RECORD PERIOD 1871 TO 2014


WEATHER ITEM   OBSERVED TIME   RECORD YEAR NORMAL DEPARTURE LAST
                VALUE   (LST)  VALUE       VALUE  FROM      YEAR
                                                  NORMAL
..................................................................
TEMPERATURE (F)
 YESTERDAY
  MAXIMUM         85    337 PM  95    1936  83      2       78
  MINIMUM         63    250 AM  48    1978  64     -1       60
                                      1973
  AVERAGE         74                        74      0       69

PRECIPITATION (IN)
  YESTERDAY        T                         0.10  -0.10     0.00
  MONTH TO DATE    0.90                      1.30  -0.40     2.92
  SINCE JUN 1      7.16                      4.73   2.43    10.82
  SINCE JAN 1     23.43                     19.87   3.56    23.41

SNOWFALL (IN)
  YESTERDAY        0.0                       0.0    0.0      0.0
  MONTH TO DATE    0.0                       0.0    0.0      0.0
  SINCE JUN 1      0.0                       0.0    0.0      0.0
  SINCE JUL 1      0.0                       0.0    0.0      0.0
  SNOW DEPTH       0

DEGREE DAYS
 HEATING
  YESTERDAY        0                         0      0        0
  MONTH TO DATE    2                         0      2        0
  SINCE JUN 1     22                        42    -20       39
  SINCE JUL 1      2                         0      2        0

 COOLING
  YESTERDAY        9                         9      0        4
  MONTH TO DATE   80                       103    -23      114
  SINCE JUN 1    262                       271     -9      278
  SINCE JAN 1    328                       330     -2      392
..................................................................


WIND (MPH)
  HIGHEST WIND SPEED    16   HIGHEST WIND DIRECTION    SW (240)
  HIGHEST GUST SPEED    24   HIGHEST GUST DIRECTION    SW (230)
  AVERAGE WIND SPEED     8.2


SKY COVER
  POSSIBLE SUNSHINE  MM
  AVERAGE SKY COVER 0.5


WEATHER CONDITIONS
 THE FOLLOWING WEATHER WAS RECORDED YESTERDAY.
  NO SIGNIFICANT WEATHER WAS OBSERVED.


RELATIVE HUMIDITY (PERCENT)
 HIGHEST    73          1200 AM
 LOWEST     47           100 PM
 AVERAGE    60

..........................................................


THE CLEVELAND OH CLIMATE NORMALS FOR TODAY
                         NORMAL    RECORD    YEAR
 MAXIMUM TEMPERATURE (F)   83        95      1952
 MINIMUM TEMPERATURE (F)   65        51      1976


SUNRISE AND SUNSET
JULY 13 2014..........SUNRISE   605 AM EDT   SUNSET   901 PM EDT
JULY 14 2014..........SUNRISE   606 AM EDT   SUNSET   900 PM EDT


-  INDICATES NEGATIVE NUMBERS.
R  INDICATES RECORD WAS SET OR TIED.
MM INDICATES DATA IS MISSING.
T  INDICATES TRACE AMOUNT.




$$
