000
CDUS44 KHGX 200828
CLICLL


CLIMATE REPORT
NATIONAL WEATHER SERVICE HOUSTON/GALVESTON TX
218 AM CST SAT DEC 20 2014


...................................

...THE COLLEGE STATION CLIMATE SUMMARY FOR DECEMBER 19 2014...

CLIMATE NORMAL PERIOD 1981 TO 2010
CLIMATE RECORD PERIOD 1902 TO 2014


WEATHER ITEM   OBSERVED TIME   RECORD YEAR NORMAL DEPARTURE LAST
                VALUE   (LST)  VALUE       VALUE  FROM      YEAR
                                                  NORMAL
..................................................................
TEMPERATURE (F)
 YESTERDAY
  MAXIMUM         59    143 PM  82    2012  62     -3       77
  MINIMUM         49   1159 PM  17    1996  42      7       53
  AVERAGE         54                        52      2       65

PRECIPITATION (IN)
  YESTERDAY        1.50          2.22 1987   0.11   1.39     0.00
  MONTH TO DATE    1.75                      1.98  -0.23     0.20
  SINCE DEC 1      1.75                      1.98  -0.23     0.20
  SINCE JAN 1     38.79                     38.81  -0.02    38.79

SNOWFALL (IN)
  YESTERDAY       MM
  MONTH TO DATE    0.0
  SINCE JUL 1      0.0

DEGREE DAYS
 HEATING
  YESTERDAY       11                        14     -3        0
  MONTH TO DATE  129                       238   -109      310
  SINCE DEC 1    129                       238   -109      310
  SINCE JUL 1    424                       463    -39      612

 COOLING
  YESTERDAY        0                         0      0        0
  MONTH TO DATE   10                        13     -3        7
  SINCE DEC 1     10                        13     -3        7
  SINCE JAN 1   2943                      3086   -143     3275
..................................................................


WIND (MPH)
  HIGHEST WIND SPEED    22   HIGHEST WIND DIRECTION     N (10)
  HIGHEST GUST SPEED    25   HIGHEST GUST DIRECTION     N (360)
  AVERAGE WIND SPEED    12.8


SKY COVER
  AVERAGE SKY COVER 1.0


WEATHER CONDITIONS
 THE FOLLOWING WEATHER WAS RECORDED YESTERDAY.
  THUNDERSTORM
  HEAVY RAIN
  RAIN
  LIGHT RAIN
  FOG


RELATIVE HUMIDITY (PERCENT)
 HIGHEST   100           200 AM
 LOWEST     80           200 PM
 AVERAGE    90

..........................................................


THE COLLEGE STATION CLIMATE NORMALS FOR TODAY
                         NORMAL    RECORD    YEAR
 MAXIMUM TEMPERATURE (F)   61        81      2010
 MINIMUM TEMPERATURE (F)   41        18      1924


SUNRISE AND SUNSET
DECEMBER 20 2014......SUNRISE   718 AM CST   SUNSET   528 PM CST
DECEMBER 21 2014......SUNRISE   719 AM CST   SUNSET   529 PM CST


-  INDICATES NEGATIVE NUMBERS.
R  INDICATES RECORD WAS SET OR TIED.
MM INDICATES DATA IS MISSING.
T  INDICATES TRACE AMOUNT.




$$
