000
CDUS44 KHGX 240718
CLICLL


CLIMATE REPORT
NATIONAL WEATHER SERVICE HOUSTON/GALVESTON TX
217 AM CDT THU JUL 24 2014


...................................

...THE COLLEGE STATION CLIMATE SUMMARY FOR JULY 23 2014...

CLIMATE NORMAL PERIOD 1981 TO 2010
CLIMATE RECORD PERIOD 1902 TO 2014


WEATHER ITEM   OBSERVED TIME   RECORD YEAR NORMAL DEPARTURE LAST
                VALUE   (LST)  VALUE       VALUE  FROM      YEAR
                                                  NORMAL
..................................................................
TEMPERATURE (F)
 YESTERDAY
  MAXIMUM         93    508 PM 106    1913  96     -3       98
  MINIMUM         77    640 AM  63    1915  75      2       79
  AVERAGE         85                        85      0       89

PRECIPITATION (IN)
  YESTERDAY        0.00          2.85 1933   0.05  -0.05     0.00
  MONTH TO DATE    5.77                      1.65   4.12     1.43
  SINCE JUN 1      7.38                      6.10   1.28     2.68
  SINCE JAN 1     21.41                     22.35  -0.94    18.95

SNOWFALL (IN)
  YESTERDAY        0.0
  MONTH TO DATE    0.0
  SINCE JUL 1      0.0

DEGREE DAYS
 HEATING
  YESTERDAY        0                         0      0        0
  MONTH TO DATE    0                         0      0        0
  SINCE JUN 1      0                         0      0        0
  SINCE JUL 1      0                         0      0        0

 COOLING
  YESTERDAY       20                        20      0       24
  MONTH TO DATE  414                       449    -35      451
  SINCE JUN 1    941                       965    -24     1035
  SINCE JAN 1   1428                      1553   -125     1599
..................................................................


WIND (MPH)
  HIGHEST WIND SPEED    26   HIGHEST WIND DIRECTION    NE (60)
  HIGHEST GUST SPEED    37   HIGHEST GUST DIRECTION    NE (60)
  AVERAGE WIND SPEED     6.2


SKY COVER
  AVERAGE SKY COVER 0.2


WEATHER CONDITIONS
 THE FOLLOWING WEATHER WAS RECORDED YESTERDAY.
  FOG
  HAZE


RELATIVE HUMIDITY (PERCENT)
 HIGHEST    88           500 AM
 LOWEST     49           200 PM
 AVERAGE    69

..........................................................


THE COLLEGE STATION CLIMATE NORMALS FOR TODAY
                         NORMAL    RECORD    YEAR
 MAXIMUM TEMPERATURE (F)   96       109      1934
 MINIMUM TEMPERATURE (F)   75        62      1915


SUNRISE AND SUNSET
JULY 24 2014..........SUNRISE   639 AM CDT   SUNSET   825 PM CDT
JULY 25 2014..........SUNRISE   639 AM CDT   SUNSET   824 PM CDT


-  INDICATES NEGATIVE NUMBERS.
R  INDICATES RECORD WAS SET OR TIED.
MM INDICATES DATA IS MISSING.
T  INDICATES TRACE AMOUNT.




$$
