000
CDUS44 KHGX 300726
CLICLL


CLIMATE REPORT
NATIONAL WEATHER SERVICE HOUSTON/GALVESTON TX
225 AM CDT SAT MAY 30 2015


...................................

...THE COLLEGE STATION CLIMATE SUMMARY FOR MAY 29 2015...

CLIMATE NORMAL PERIOD 1981 TO 2010
CLIMATE RECORD PERIOD 1902 TO 2015


WEATHER ITEM   OBSERVED TIME   RECORD YEAR NORMAL DEPARTURE LAST
                VALUE   (LST)  VALUE       VALUE  FROM      YEAR
                                                  NORMAL
..................................................................
TEMPERATURE (F)
 YESTERDAY
  MAXIMUM         87    504 PM 100    1996  89     -2       87
  MINIMUM         67    734 AM  54    1947  70     -3       66
  AVERAGE         77                        79     -2       77

PRECIPITATION (IN)
  YESTERDAY        0.57          3.17 1987   0.14   0.43     0.00
  MONTH TO DATE    9.73                      4.04   5.69     9.01
  SINCE MAR 1     20.36                      9.87  10.49    11.85
  SINCE JAN 1     27.77                     15.96  11.81    14.03

SNOWFALL (IN)
  YESTERDAY        0.0
  MONTH TO DATE    0.0
  SINCE JUL 1      T

DEGREE DAYS
 HEATING
  YESTERDAY        0                         0      0        0
  MONTH TO DATE    0                         0      0        8
  SINCE MAR 1    227                       219      8      340
  SINCE JUL 1   1768                      1606    162     2064

 COOLING
  YESTERDAY       12                        14     -2       12
  MONTH TO DATE  306                       321    -15      250
  SINCE MAR 1    544                       532     12      437
  SINCE JAN 1    545                       560    -15      458
..................................................................


WIND (MPH)
  HIGHEST WIND SPEED    30   HIGHEST WIND DIRECTION    SW (210)
  HIGHEST GUST SPEED    37   HIGHEST GUST DIRECTION     S (200)
  AVERAGE WIND SPEED     7.5


SKY COVER
  AVERAGE SKY COVER 0.3


WEATHER CONDITIONS
 THE FOLLOWING WEATHER WAS RECORDED YESTERDAY.
  THUNDERSTORM
  HEAVY RAIN
  RAIN
  LIGHT RAIN
  FOG


RELATIVE HUMIDITY (PERCENT)
 HIGHEST    94           200 AM
 LOWEST     50           500 PM
 AVERAGE    72

..........................................................


THE COLLEGE STATION CLIMATE NORMALS FOR TODAY
                         NORMAL    RECORD    YEAR
 MAXIMUM TEMPERATURE (F)   89        99      2003
 MINIMUM TEMPERATURE (F)   70        54      1984


SUNRISE AND SUNSET
MAY 30 2015...........SUNRISE   624 AM CDT   SUNSET   822 PM CDT
MAY 31 2015...........SUNRISE   624 AM CDT   SUNSET   823 PM CDT


-  INDICATES NEGATIVE NUMBERS.
R  INDICATES RECORD WAS SET OR TIED.
MM INDICATES DATA IS MISSING.
T  INDICATES TRACE AMOUNT.




$$
