000
CDUS44 KHGX 210722
CLICLL


CLIMATE REPORT
NATIONAL WEATHER SERVICE HOUSTON/GALVESTON TX
222 AM CDT THU AUG 21 2014


...................................

...THE COLLEGE STATION CLIMATE SUMMARY FOR AUGUST 20 2014...

CLIMATE NORMAL PERIOD 1981 TO 2010
CLIMATE RECORD PERIOD 1902 TO 2014


WEATHER ITEM   OBSERVED TIME   RECORD YEAR NORMAL DEPARTURE LAST
                VALUE   (LST)  VALUE       VALUE  FROM      YEAR
                                                  NORMAL
..................................................................
TEMPERATURE (F)
 YESTERDAY
  MAXIMUM         97    253 PM 107    1999  96      1       98
  MINIMUM         77    651 AM  62    1940  75      2       74
  AVERAGE         87                        86      1       86

PRECIPITATION (IN)
  YESTERDAY        0.02          2.26 1966   0.09  -0.07     0.00
  MONTH TO DATE    0.35                      1.55  -1.20     0.78
  SINCE JUN 1      8.68                      8.14   0.54     3.46
  SINCE JAN 1     22.71                     24.39  -1.68    19.73

SNOWFALL (IN)
  YESTERDAY        0.0
  MONTH TO DATE    0.0
  SINCE JUL 1      0.0

DEGREE DAYS
 HEATING
  YESTERDAY        0                         0      0        0
  MONTH TO DATE    0                         0      0        0
  SINCE JUN 1      0                         0      0        0
  SINCE JUL 1      0                         0      0        0

 COOLING
  YESTERDAY       22                        20      2       21
  MONTH TO DATE  393                       418    -25      459
  SINCE JUN 1   1493                      1545    -52     1674
  SINCE JAN 1   1980                      2133   -153     2238
..................................................................


WIND (MPH)
  HIGHEST WIND SPEED    29   HIGHEST WIND DIRECTION    SE (140)
  HIGHEST GUST SPEED    38   HIGHEST GUST DIRECTION    SE (130)
  AVERAGE WIND SPEED    10.0


SKY COVER
  AVERAGE SKY COVER 0.1


WEATHER CONDITIONS
 THE FOLLOWING WEATHER WAS RECORDED YESTERDAY.
  THUNDERSTORM
  LIGHT RAIN


RELATIVE HUMIDITY (PERCENT)
 HIGHEST    94           600 AM
 LOWEST     42           300 PM
 AVERAGE    68

..........................................................


THE COLLEGE STATION CLIMATE NORMALS FOR TODAY
                         NORMAL    RECORD    YEAR
 MAXIMUM TEMPERATURE (F)   96       108      1925
 MINIMUM TEMPERATURE (F)   75        58      1940


SUNRISE AND SUNSET
AUGUST 21 2014........SUNRISE   656 AM CDT   SUNSET   801 PM CDT
AUGUST 22 2014........SUNRISE   656 AM CDT   SUNSET   800 PM CDT


-  INDICATES NEGATIVE NUMBERS.
R  INDICATES RECORD WAS SET OR TIED.
MM INDICATES DATA IS MISSING.
T  INDICATES TRACE AMOUNT.




$$
