000
CDUS44 KHGX 192217
CLICLL


CLIMATE REPORT
NATIONAL WEATHER SERVICE HOUSTON/GALVESTON TX
416 PM CST SUN FEB 19 2017


...................................

...THE COLLEGE STATION CLIMATE SUMMARY FOR FEBRUARY 19 2017...
VALID TODAY AS OF 400 PM LOCAL TIME.

CLIMATE NORMAL PERIOD 1981 TO 2010
CLIMATE RECORD PERIOD 1902 TO 2017


WEATHER ITEM   OBSERVED TIME   RECORD YEAR NORMAL DEPARTURE LAST
                VALUE   (LST)  VALUE       VALUE  FROM      YEAR
                                                  NORMAL
..................................................................
TEMPERATURE (F)
 TODAY
  MAXIMUM         81    151 PM  89    1986  66     15       80
  MINIMUM         68    505 AM  22    1978  45     23       58
  AVERAGE         75                        55     20       69

PRECIPITATION (IN)
  TODAY            0.00          2.33 1911   0.11  -0.11     0.00
  MONTH TO DATE    1.04                      1.99  -0.95     0.10
  SINCE DEC 1      7.55                      8.46  -0.91     9.48
  SINCE JAN 1      4.78                      5.23  -0.45     1.40

SNOWFALL (IN)
  TODAY            0.0
  MONTH TO DATE    0.0
  SINCE JUL 1      T

DEGREE DAYS
 HEATING
  TODAY            0                        10    -10        0
  MONTH TO DATE   86                       225   -139      153
  SINCE DEC 1    683                      1078   -395      839
  SINCE JUL 1    752                      1303   -551      986

 COOLING
  TODAY           10                         1      9        4
  MONTH TO DATE   68                        16     52       10
  SINCE DEC 1    147                        43    104       50
  SINCE JAN 1    103                        27     76       14
..................................................................


WIND (MPH)
  HIGHEST WIND SPEED    25   HIGHEST WIND DIRECTION    SE (140)
  HIGHEST GUST SPEED    32   HIGHEST GUST DIRECTION    SE (140)
  AVERAGE WIND SPEED    13.0


SKY COVER
  AVERAGE SKY COVER 0.9


WEATHER CONDITIONS
 THE FOLLOWING WEATHER WAS RECORDED TODAY.
  FOG
  HAZE


RELATIVE HUMIDITY (PERCENT)
 HIGHEST    97           700 AM
 LOWEST     62           200 PM
 AVERAGE    80

..........................................................


THE COLLEGE STATION CLIMATE NORMALS FOR TOMORROW
                         NORMAL    RECORD    YEAR
 MAXIMUM TEMPERATURE (F)   66        95      1986
 MINIMUM TEMPERATURE (F)   45        28      1929


SUNRISE AND SUNSET
FEBRUARY 19 2017......SUNRISE   702 AM CST   SUNSET   617 PM CST
FEBRUARY 20 2017......SUNRISE   701 AM CST   SUNSET   618 PM CST


-  INDICATES NEGATIVE NUMBERS.
R  INDICATES RECORD WAS SET OR TIED.
MM INDICATES DATA IS MISSING.
T  INDICATES TRACE AMOUNT.




$$
