000
CDUS44 KHGX 250718
CLICLL


CLIMATE REPORT
NATIONAL WEATHER SERVICE HOUSTON/GALVESTON TX
218 AM CDT WED MAY 25 2016


...................................

...THE COLLEGE STATION CLIMATE SUMMARY FOR MAY 24 2016...

CLIMATE NORMAL PERIOD 1981 TO 2010
CLIMATE RECORD PERIOD 1902 TO 2016


WEATHER ITEM   OBSERVED TIME   RECORD YEAR NORMAL DEPARTURE LAST
                VALUE   (LST)  VALUE       VALUE  FROM      YEAR
                                                  NORMAL
..................................................................
TEMPERATURE (F)
 YESTERDAY
  MAXIMUM         90    338 PM  99    1925  88      2       81
  MINIMUM         71    549 AM  55    1913  69      2       67
  AVERAGE         81                        78      3       74

PRECIPITATION (IN)
  YESTERDAY        T             2.60 1933   0.14  -0.14     0.74
  MONTH TO DATE    4.24                      3.30   0.94     6.30
  SINCE MAR 1     14.09                      9.13   4.96    16.93
  SINCE JAN 1     16.71                     15.22   1.49    24.34

SNOWFALL (IN)
  YESTERDAY        0.0
  MONTH TO DATE    0.0
  SINCE JUL 1      0.0

DEGREE DAYS
 HEATING
  YESTERDAY        0                         0      0        0
  MONTH TO DATE    2                         0      2        0
  SINCE MAR 1    101                       219   -118      227
  SINCE JUL 1   1148                      1606   -458     1768

 COOLING
  YESTERDAY       16                        13      3        9
  MONTH TO DATE  200                       252    -52      246
  SINCE MAR 1    446                       463    -17      484
  SINCE JAN 1    471                       491    -20      485
..................................................................


WIND (MPH)
  HIGHEST WIND SPEED    22   HIGHEST WIND DIRECTION    SE (150)
  HIGHEST GUST SPEED    25   HIGHEST GUST DIRECTION    SE (130)
  AVERAGE WIND SPEED    11.2


SKY COVER
  AVERAGE SKY COVER 0.5


WEATHER CONDITIONS
 THE FOLLOWING WEATHER WAS RECORDED YESTERDAY.
  NO SIGNIFICANT WEATHER WAS OBSERVED.


RELATIVE HUMIDITY (PERCENT)
 HIGHEST   100           300 AM
 LOWEST     63           100 PM
 AVERAGE    82

..........................................................


THE COLLEGE STATION CLIMATE NORMALS FOR TODAY
                         NORMAL    RECORD    YEAR
 MAXIMUM TEMPERATURE (F)   88        97      2011
 MINIMUM TEMPERATURE (F)   69        55      1947


SUNRISE AND SUNSET
MAY 25 2016...........SUNRISE   626 AM CDT   SUNSET   820 PM CDT
MAY 26 2016...........SUNRISE   625 AM CDT   SUNSET   820 PM CDT


-  INDICATES NEGATIVE NUMBERS.
R  INDICATES RECORD WAS SET OR TIED.
MM INDICATES DATA IS MISSING.
T  INDICATES TRACE AMOUNT.




$$
