000
CDUS44 KHGX 292119
CLICLL


CLIMATE REPORT
NATIONAL WEATHER SERVICE HOUSTON/GALVESTON TX
418 PM CDT FRI JUL 29 2016


...................................

...THE COLLEGE STATION CLIMATE SUMMARY FOR JULY 29 2016...
VALID TODAY AS OF 400 PM LOCAL TIME.

CLIMATE NORMAL PERIOD 1981 TO 2010
CLIMATE RECORD PERIOD 1902 TO 2016


WEATHER ITEM   OBSERVED TIME   RECORD YEAR NORMAL DEPARTURE LAST
                VALUE   (LST)  VALUE       VALUE  FROM      YEAR
                                                  NORMAL
..................................................................
TEMPERATURE (F)
 TODAY
  MAXIMUM         95    259 PM 105    1912  96     -1       99
  MINIMUM         76    608 AM  65    1994  75      1       75
  AVERAGE         86                        85      1       87

PRECIPITATION (IN)
  TODAY            0.00          3.41 1943   0.06  -0.06     0.00
  MONTH TO DATE    0.24                      2.02  -1.78     0.20
  SINCE JUN 1      2.82                      6.47  -3.65     5.41
  SINCE JAN 1     28.22                     22.72   5.50    33.18

SNOWFALL (IN)
  TODAY            0.0
  MONTH TO DATE    0.0
  SINCE JUL 1      0.0

DEGREE DAYS
 HEATING
  TODAY            0                         0      0        0
  MONTH TO DATE    0                         0      0        0
  SINCE JUN 1      0                         0      0        0
  SINCE JUL 1      0                         0      0        0

 COOLING
  TODAY           21                        20      1       22
  MONTH TO DATE  634                       569     65      581
  SINCE JUN 1   1170                      1085     85     1086
  SINCE JAN 1   1726                      1673     53     1657
..................................................................


WIND (MPH)
  HIGHEST WIND SPEED    12   HIGHEST WIND DIRECTION     S (200)
  HIGHEST GUST SPEED    16   HIGHEST GUST DIRECTION     S (160)
  AVERAGE WIND SPEED     5.6


SKY COVER
  AVERAGE SKY COVER 0.2


WEATHER CONDITIONS
 THE FOLLOWING WEATHER WAS RECORDED TODAY.
  NO SIGNIFICANT WEATHER WAS OBSERVED.


RELATIVE HUMIDITY (PERCENT)
 HIGHEST   100           600 AM
 LOWEST     44           300 PM
 AVERAGE    72

..........................................................


THE COLLEGE STATION CLIMATE NORMALS FOR TOMORROW
                         NORMAL    RECORD    YEAR
 MAXIMUM TEMPERATURE (F)   96       106      1914
 MINIMUM TEMPERATURE (F)   75        65      1936


SUNRISE AND SUNSET
JULY 29 2016..........SUNRISE   642 AM CDT   SUNSET   822 PM CDT
JULY 30 2016..........SUNRISE   643 AM CDT   SUNSET   821 PM CDT


-  INDICATES NEGATIVE NUMBERS.
R  INDICATES RECORD WAS SET OR TIED.
MM INDICATES DATA IS MISSING.
T  INDICATES TRACE AMOUNT.




$$
