000
CDUS44 KHGX 092229
CLICLL


CLIMATE REPORT
NATIONAL WEATHER SERVICE HOUSTON/GALVESTON TX
428 PM CST FRI DEC 9 2016


...................................

...THE COLLEGE STATION CLIMATE SUMMARY FOR DECEMBER 9 2016...
VALID TODAY AS OF 400 PM LOCAL TIME.

CLIMATE NORMAL PERIOD 1981 TO 2010
CLIMATE RECORD PERIOD 1902 TO 2016


WEATHER ITEM   OBSERVED TIME   RECORD YEAR NORMAL DEPARTURE LAST
                VALUE   (LST)  VALUE       VALUE  FROM      YEAR
                                                  NORMAL
..................................................................
TEMPERATURE (F)
 TODAY
  MAXIMUM         48    259 PM  83    2007  63    -15       75
  MINIMUM         33    821 AM  19    1917  43    -10       49
  AVERAGE         41                        53    -12       62

PRECIPITATION (IN)
  TODAY            0.00          1.85 2012   0.11  -0.11     0.00
  MONTH TO DATE    2.58                      0.96   1.62     0.00
  SINCE DEC 1      2.58                      0.96   1.62     0.00
  SINCE JAN 1     46.60                     37.79   8.81    50.23

SNOWFALL (IN)
  TODAY            0.0
  MONTH TO DATE    0.0
  SINCE JUL 1      0.0

DEGREE DAYS
 HEATING
  TODAY           24                        12     12        3
  MONTH TO DATE  132                       104     28       90
  SINCE DEC 1    132                       104     28       90
  SINCE JUL 1    201                       329   -128      237

 COOLING
  TODAY            0                         1     -1        0
  MONTH TO DATE    0                         9     -9        0
  SINCE DEC 1      0                         9     -9        0
  SINCE JAN 1   3290                      3082    208     3207
..................................................................


WIND (MPH)
  HIGHEST WIND SPEED    17   HIGHEST WIND DIRECTION     N (360)
  HIGHEST GUST SPEED    23   HIGHEST GUST DIRECTION    NE (30)
  AVERAGE WIND SPEED    10.4


SKY COVER
  AVERAGE SKY COVER 0.9


WEATHER CONDITIONS
 THE FOLLOWING WEATHER WAS RECORDED TODAY.
  NO SIGNIFICANT WEATHER WAS OBSERVED.


RELATIVE HUMIDITY (PERCENT)
 HIGHEST    56          1200 AM
 LOWEST     29           300 PM
 AVERAGE    43

..........................................................


THE COLLEGE STATION CLIMATE NORMALS FOR TOMORROW
                         NORMAL    RECORD    YEAR
 MAXIMUM TEMPERATURE (F)   63        81      1938
 MINIMUM TEMPERATURE (F)   43        19      1978


SUNRISE AND SUNSET
DECEMBER  9 2016......SUNRISE   711 AM CST   SUNSET   525 PM CST
DECEMBER 10 2016......SUNRISE   712 AM CST   SUNSET   525 PM CST


-  INDICATES NEGATIVE NUMBERS.
R  INDICATES RECORD WAS SET OR TIED.
MM INDICATES DATA IS MISSING.
T  INDICATES TRACE AMOUNT.




$$
