000
CDUS44 KHGX 301050
CLICLL


CLIMATE REPORT
NATIONAL WEATHER SERVICE HOUSTON/GALVESTON TX
450 AM CST FRI JAN 30 2015


...................................

...THE COLLEGE STATION CLIMATE SUMMARY FOR JANUARY 29 2015...

CLIMATE NORMAL PERIOD 1981 TO 2010
CLIMATE RECORD PERIOD 1902 TO 2015


WEATHER ITEM   OBSERVED TIME   RECORD YEAR NORMAL DEPARTURE LAST
                VALUE   (LST)  VALUE       VALUE  FROM      YEAR
                                                  NORMAL
..................................................................
TEMPERATURE (F)
 YESTERDAY
  MAXIMUM         73    424 PM  83    1917  62     11       43
  MINIMUM         55   1159 PM  16    1949  42     13       25
  AVERAGE         64                        52     12       34

PRECIPITATION (IN)
  YESTERDAY        0.00          2.90 1933   0.10  -0.10     0.00
  MONTH TO DATE    6.64                      3.04   3.60     1.29
  SINCE DEC 1      9.21                      6.27   2.94     2.05
  SINCE JAN 1      6.64                      3.04   3.60     1.29

SNOWFALL (IN)
  YESTERDAY        0.0
  MONTH TO DATE    0.0
  SINCE JUL 1      0.0

DEGREE DAYS
 HEATING
  YESTERDAY        1                        13    -12       31
  MONTH TO DATE  514                       418     96      509
  SINCE DEC 1    828                       829     -1     1025
  SINCE JUL 1   1123                      1054     69     1327

 COOLING
  YESTERDAY        0                         0      0        0
  MONTH TO DATE    0                         0      0        0
  SINCE DEC 1     10                        16     -6       14
  SINCE JAN 1      0                         0      0        0
..................................................................


WIND (MPH)
  HIGHEST WIND SPEED    21   HIGHEST WIND DIRECTION     N (10)
  HIGHEST GUST SPEED    26   HIGHEST GUST DIRECTION     N (20)
  AVERAGE WIND SPEED     9.1


SKY COVER
  AVERAGE SKY COVER 0.4


WEATHER CONDITIONS
 THE FOLLOWING WEATHER WAS RECORDED YESTERDAY.
  NO SIGNIFICANT WEATHER WAS OBSERVED.


RELATIVE HUMIDITY (PERCENT)
 HIGHEST   100           300 AM
 LOWEST     40           900 PM
 AVERAGE    70

..........................................................


THE COLLEGE STATION CLIMATE NORMALS FOR TODAY
                         NORMAL    RECORD    YEAR
 MAXIMUM TEMPERATURE (F)   62        86      1911
 MINIMUM TEMPERATURE (F)   42        12      1949


SUNRISE AND SUNSET
JANUARY 30 2015.......SUNRISE   718 AM CST   SUNSET   600 PM CST
JANUARY 31 2015.......SUNRISE   717 AM CST   SUNSET   601 PM CST


-  INDICATES NEGATIVE NUMBERS.
R  INDICATES RECORD WAS SET OR TIED.
MM INDICATES DATA IS MISSING.
T  INDICATES TRACE AMOUNT.




$$
