000
CDUS42 KGSP 260633
CLICLT

CLIMATE REPORT
NATIONAL WEATHER SERVICE GREENVILLE-SPARTANBURG SC
232 AM EDT SUN MAR 26 2017


...................................

...THE CHARLOTTE NC CLIMATE SUMMARY FOR MARCH 25 2017...

CLIMATE NORMAL PERIOD 1981 TO 2010
CLIMATE RECORD PERIOD 1878 TO 2017


WEATHER ITEM   OBSERVED TIME   RECORD YEAR NORMAL DEPARTURE LAST
                VALUE   (LST)  VALUE       VALUE  FROM      YEAR
                                                  NORMAL
..................................................................
TEMPERATURE (F)
 YESTERDAY
  MAXIMUM         75    419 PM  90    1929  66      9       78
  MINIMUM         51    546 AM  22    1940  42      9       58
  AVERAGE         63                        54      9       68

PRECIPITATION (IN)
  YESTERDAY        0.00          1.89 1884   0.12  -0.12      T
  MONTH TO DATE    1.93                      3.26  -1.33     0.40
  SINCE MAR 1      1.93                      3.26  -1.33     0.40
  SINCE JAN 1      8.84                      9.99  -1.15     7.18

SNOWFALL (IN)
  YESTERDAY        0.0           5.4  1971   0.0    0.0      0.0
  MONTH TO DATE    1.1                       0.5    0.6      0.0
  SINCE MAR 1      1.1                       0.5    0.6      0.0
  SINCE JUL 1      2.2                       4.2   -2.0      3.3
  SNOW DEPTH       0

DEGREE DAYS
 HEATING
  YESTERDAY        2                        12    -10        0
  MONTH TO DATE  381                       370     11      198
  SINCE MAR 1    381                       370     11      198
  SINCE JUL 1   2279                      3069   -790     2340

 COOLING
  YESTERDAY        0                         0      0        3
  MONTH TO DATE    6                         0      6       34
  SINCE MAR 1      6                         0      6       34
  SINCE JAN 1     11                         0     11       34
..................................................................


WIND (MPH)
  HIGHEST WIND SPEED    17   HIGHEST WIND DIRECTION     S (160)
  HIGHEST GUST SPEED    23   HIGHEST GUST DIRECTION    SW (220)
  AVERAGE WIND SPEED     8.1


SKY COVER
  POSSIBLE SUNSHINE  MM
  AVERAGE SKY COVER 0.7


WEATHER CONDITIONS
 THE FOLLOWING WEATHER WAS RECORDED YESTERDAY.
  NO SIGNIFICANT WEATHER WAS OBSERVED.


RELATIVE HUMIDITY (PERCENT)
 HIGHEST    83           600 AM
 LOWEST     36           400 PM
 AVERAGE    60

..........................................................


THE CHARLOTTE NC CLIMATE NORMALS FOR TODAY
                         NORMAL    RECORD    YEAR
 MAXIMUM TEMPERATURE (F)   66        86      1929
 MINIMUM TEMPERATURE (F)   42        22      1972
                                             1955


SUNRISE AND SUNSET
MARCH 26 2017.........SUNRISE   719 AM EDT   SUNSET   741 PM EDT
MARCH 27 2017.........SUNRISE   717 AM EDT   SUNSET   741 PM EDT


-  INDICATES NEGATIVE NUMBERS.
R  INDICATES RECORD WAS SET OR TIED.
MM INDICATES DATA IS MISSING.
T  INDICATES TRACE AMOUNT.




$$
