000
CDUS42 KGSP 020634
CLICLT

CLIMATE REPORT
NATIONAL WEATHER SERVICE GREENVILLE-SPARTANBURG SC
233 AM EDT TUE SEP 2 2014


...................................

...THE CHARLOTTE NC CLIMATE SUMMARY FOR SEPTEMBER 1 2014...

CLIMATE NORMAL PERIOD 1981 TO 2010
CLIMATE RECORD PERIOD 1878 TO 2014


WEATHER ITEM   OBSERVED TIME   RECORD YEAR NORMAL DEPARTURE LAST
                VALUE   (LST)  VALUE       VALUE  FROM      YEAR
                                                  NORMAL
..................................................................
TEMPERATURE (F)
 YESTERDAY
  MAXIMUM         93    351 PM  99    1957  85      8       90
  MINIMUM         71   1154 PM  51    1999  65      6       68
  AVERAGE         82                        75      7       79

PRECIPITATION (IN)
  YESTERDAY        0.00          2.93 1893   0.11  -0.11     0.14
  MONTH TO DATE    0.00                      0.11  -0.11     0.14
  SINCE SEP 1      0.00                      0.11  -0.11     0.14
  SINCE JAN 1     33.76                     28.71   5.05    35.46

SNOWFALL (IN)
  YESTERDAY        0.0           0.0    MM   0.0    0.0      0.0
  MONTH TO DATE    0.0                       0.0    0.0      0.0
  SINCE SEP 1      0.0                       0.0    0.0      0.0
  SINCE JUL 1      0.0                       0.0    0.0      0.0
  SNOW DEPTH       0

DEGREE DAYS
 HEATING
  YESTERDAY        0                         0      0        0
  MONTH TO DATE    0                         0      0        0
  SINCE SEP 1      0                         0      0        0
  SINCE JUL 1      0                         0      0        1

 COOLING
  YESTERDAY       17                        10      7       14
  MONTH TO DATE   17                        10      7       14
  SINCE SEP 1     17                        10      7       14
  SINCE JAN 1   1372                      1287     85     1302
..................................................................


WIND (MPH)
  HIGHEST WIND SPEED    10   HIGHEST WIND DIRECTION    SW (210)
  HIGHEST GUST SPEED    14   HIGHEST GUST DIRECTION    SW (220)
  AVERAGE WIND SPEED     3.8


SKY COVER
  POSSIBLE SUNSHINE  MM
  AVERAGE SKY COVER 0.6


WEATHER CONDITIONS
 THE FOLLOWING WEATHER WAS RECORDED YESTERDAY.
  NO SIGNIFICANT WEATHER WAS OBSERVED.


RELATIVE HUMIDITY (PERCENT)
 HIGHEST    93           600 AM
 LOWEST     41           200 PM
 AVERAGE    67

..........................................................


THE CHARLOTTE NC CLIMATE NORMALS FOR TODAY
                         NORMAL    RECORD    YEAR
 MAXIMUM TEMPERATURE (F)   85        99      1932
 MINIMUM TEMPERATURE (F)   65        53      1967


SUNRISE AND SUNSET
SEPTEMBER  2 2014.....SUNRISE   657 AM EDT   SUNSET   749 PM EDT
SEPTEMBER  3 2014.....SUNRISE   658 AM EDT   SUNSET   748 PM EDT


-  INDICATES NEGATIVE NUMBERS.
R  INDICATES RECORD WAS SET OR TIED.
MM INDICATES DATA IS MISSING.
T  INDICATES TRACE AMOUNT.




$$
