000
CDUS42 KGSP 290632
CLICLT

CLIMATE REPORT
NATIONAL WEATHER SERVICE GREENVILLE-SPARTANBURG SC
231 AM EDT THU SEP 29 2016

...THE CHARLOTTE NC CLIMATE SUMMARY FOR SEPTEMBER 28 2016...

CLIMATE NORMAL PERIOD 1981 TO 2010
CLIMATE RECORD PERIOD 1878 TO 2016


WEATHER ITEM   OBSERVED TIME   RECORD YEAR NORMAL DEPARTURE LAST
                VALUE   (LST)  VALUE       VALUE  FROM      YEAR
                                                  NORMAL
..................................................................
TEMPERATURE (F)
 YESTERDAY
  MAXIMUM         87    350 PM  93    1954  77     10       76
  MINIMUM         66    640 AM  41    1947  56     10       70
  AVERAGE         77                        66     11       73

PRECIPITATION (IN)
  YESTERDAY        0.13          3.38 1992   0.12   0.01     0.06
  MONTH TO DATE    5.31                      3.01   2.30     2.20
  SINCE SEP 1      5.31                      3.01   2.30     2.20
  SINCE JAN 1     26.85                     31.61  -4.76    24.62

SNOWFALL (IN)
  YESTERDAY        0.0           0.0    MM   0.0    0.0      0.0
  MONTH TO DATE    0.0                       0.0    0.0      0.0
  SINCE SEP 1      0.0                       0.0    0.0      0.0
  SINCE JUL 1      0.0                       0.0    0.0      0.0
  SNOW DEPTH       0

DEGREE DAYS
 HEATING
  YESTERDAY        0                         2     -2        0
  MONTH TO DATE    0                        17    -17        4
  SINCE SEP 1      0                        17    -17        4
  SINCE JUL 1      0                        17    -17        4

 COOLING
  YESTERDAY       12                         4      8        8
  MONTH TO DATE  347                       193    154      225
  SINCE SEP 1    347                       193    154      225
  SINCE JAN 1   2114                      1470    644     1966
..................................................................


WIND (MPH)
  HIGHEST WIND SPEED    18   HIGHEST WIND DIRECTION    SE (120)
  HIGHEST GUST SPEED    23   HIGHEST GUST DIRECTION    SE (130)
  AVERAGE WIND SPEED     7.0


SKY COVER
  POSSIBLE SUNSHINE  MM
  AVERAGE SKY COVER 0.5


WEATHER CONDITIONS
 THE FOLLOWING WEATHER WAS RECORDED YESTERDAY.
  THUNDERSTORM
  LIGHT RAIN


RELATIVE HUMIDITY (PERCENT)
 HIGHEST    93           300 AM
 LOWEST     51           200 PM
 AVERAGE    72

..........................................................


THE CHARLOTTE NC CLIMATE NORMALS FOR TODAY
                         NORMAL    RECORD    YEAR
 MAXIMUM TEMPERATURE (F)   77        93      1941
 MINIMUM TEMPERATURE (F)   55        40      1942


SUNRISE AND SUNSET
SEPTEMBER 29 2016.....SUNRISE   717 AM EDT   SUNSET   710 PM EDT
SEPTEMBER 30 2016.....SUNRISE   718 AM EDT   SUNSET   708 PM EDT


-  INDICATES NEGATIVE NUMBERS.
R  INDICATES RECORD WAS SET OR TIED.
MM INDICATES DATA IS MISSING.
T  INDICATES TRACE AMOUNT.

$$
