300
CDUS46 KLOX 220124
CLICMA


CLIMATE REPORT
NATIONAL WEATHER SERVICE LOS ANGELES/OXNARD CA
524 PM PST SAT JAN 21 2017


...................................

...THE CAMARILLO CLIMATE SUMMARY FOR JANUARY 21 2017...
VALID TODAY AS OF 0500 PM LOCAL TIME.

CLIMATE NORMAL PERIOD 1981 TO 2010
CLIMATE RECORD PERIOD 1948 TO 2017


WEATHER ITEM   OBSERVED TIME   RECORD YEAR NORMAL DEPARTURE LAST
                VALUE   (LST)  VALUE       VALUE  FROM      YEAR
                                                  NORMAL
..................................................................
TEMPERATURE (F)
 TODAY
  MAXIMUM         59    157 PM  84    2014  66     -7       78
                                      2013
  MINIMUM         42    721 AM  33    1966  43     -1       49
  AVERAGE         51                        54     -3       64

PRECIPITATION (IN)
  TODAY            0.00          1.05 1982   0.11  -0.11     0.00
  MONTH TO DATE    5.23                      2.76   2.47     2.26
  SINCE OCT 1      9.89                      6.76   3.13     2.82
  SINCE JAN 1      5.23                      2.76   2.47     2.26

SNOWFALL (IN)
  TODAY            0.0
  MONTH TO DATE    0.0
  SINCE DEC 1      0.0
  SINCE JUL 1      0.0

DEGREE DAYS
 HEATING
  TODAY           14                        11      3        1
  MONTH TO DATE  221                       231    -10      198
  SINCE DEC 1    487                       580    -93      476
  SINCE JUL 1    650                       912   -262      621

 COOLING
  TODAY            0                         0      0        0
  MONTH TO DATE    0                         0      0        0
  SINCE DEC 1      5                         2      3        4
  SINCE JAN 1      0                         0      0        0
..................................................................


WIND (MPH)
  HIGHEST WIND SPEED    21   HIGHEST WIND DIRECTION     W (290)
  HIGHEST GUST SPEED    24   HIGHEST GUST DIRECTION     W (290)
  AVERAGE WIND SPEED     8.7


SKY COVER
  POSSIBLE SUNSHINE  MM
  AVERAGE SKY COVER 0.0


WEATHER CONDITIONS
 THE FOLLOWING WEATHER WAS RECORDED TODAY.
  NO SIGNIFICANT WEATHER WAS OBSERVED.


RELATIVE HUMIDITY (PERCENT)
 HIGHEST    89           600 AM
 LOWEST     57           100 PM
 AVERAGE    73

..........................................................


THE CAMARILLO CLIMATE NORMALS FOR TOMORROW
                         NORMAL    RECORD    YEAR
 MAXIMUM TEMPERATURE (F)   66        85      1968
 MINIMUM TEMPERATURE (F)   43        28      1966


SUNRISE AND SUNSET
JANUARY 21 2017.......SUNRISE   700 AM PST   SUNSET   516 PM PST
JANUARY 22 2017.......SUNRISE   659 AM PST   SUNSET   517 PM PST


-  INDICATES NEGATIVE NUMBERS.
R  INDICATES RECORD WAS SET OR TIED.
MM INDICATES DATA IS MISSING.
T  INDICATES TRACE AMOUNT.




$$
