000
CDUS46 KLOX 300118
CLICMA


CLIMATE REPORT
NATIONAL WEATHER SERVICE LOS ANGELES/OXNARD CA
618 PM PDT SAT APR 29 2017


...................................

...THE CAMARILLO CLIMATE SUMMARY FOR APRIL 29 2017...
VALID TODAY AS OF 0600 PM LOCAL TIME.

CLIMATE NORMAL PERIOD 1981 TO 2010
CLIMATE RECORD PERIOD 1948 TO 2017


WEATHER ITEM   OBSERVED TIME   RECORD YEAR NORMAL DEPARTURE LAST
                VALUE   (LST)  VALUE       VALUE  FROM      YEAR
                                                  NORMAL
..................................................................
TEMPERATURE (F)
 TODAY
  MAXIMUM         87   1208 PM  96    1981  70     17       67
  MINIMUM         66   1213 AM  37    1970  49     17       48
  AVERAGE         77                        60     17       58

PRECIPITATION (IN)
  TODAY            0.00          0.79 1983   0.02  -0.02     0.00
  MONTH TO DATE    0.13                      0.76  -0.63     0.57
  SINCE OCT 1     19.36                     14.59   4.77     5.98
  SINCE JAN 1     14.70                     10.59   4.11     5.42

SNOWFALL (IN)
  TODAY            0.0
  MONTH TO DATE    0.0
  SINCE MAR 1      0.0
  SINCE JUL 1      0.0

DEGREE DAYS
 HEATING
  TODAY            0                         6     -6        7
  MONTH TO DATE   97                       201   -104      101
  SINCE MAR 1    259                       478   -219      289
  SINCE JUL 1   1247                      1814   -567     1106

 COOLING
  TODAY           12                         0     12        0
  MONTH TO DATE   22                         0     22       12
  SINCE MAR 1     26                         4     22       13
  SINCE JAN 1     27                        13     14       71
..................................................................


WIND (MPH)
  HIGHEST WIND SPEED    29   HIGHEST WIND DIRECTION    NE (60)
  HIGHEST GUST SPEED    38   HIGHEST GUST DIRECTION     E (80)
  AVERAGE WIND SPEED    19.4


SKY COVER
  POSSIBLE SUNSHINE  MM
  AVERAGE SKY COVER 0.0


WEATHER CONDITIONS
 THE FOLLOWING WEATHER WAS RECORDED TODAY.
  NO SIGNIFICANT WEATHER WAS OBSERVED.


RELATIVE HUMIDITY (PERCENT)
 HIGHEST    28          1200 AM
 LOWEST      7          1100 AM
 AVERAGE    18

..........................................................


THE CAMARILLO CLIMATE NORMALS FOR TOMORROW
                         NORMAL    RECORD    YEAR
 MAXIMUM TEMPERATURE (F)   71        94      2014
 MINIMUM TEMPERATURE (F)   49        39      1967


SUNRISE AND SUNSET
APRIL 29 2017.........SUNRISE   609 AM PDT   SUNSET   739 PM PDT
APRIL 30 2017.........SUNRISE   608 AM PDT   SUNSET   740 PM PDT


-  INDICATES NEGATIVE NUMBERS.
R  INDICATES RECORD WAS SET OR TIED.
MM INDICATES DATA IS MISSING.
T  INDICATES TRACE AMOUNT.




$$
