000
CDUS46 KLOX 210116
CLICMA


CLIMATE REPORT
NATIONAL WEATHER SERVICE LOS ANGELES/OXNARD CA
615 PM PDT SUN AUG 20 2017


...................................

...THE CAMARILLO CLIMATE SUMMARY FOR AUGUST 20 2017...
VALID TODAY AS OF 0600 PM LOCAL TIME.

CLIMATE NORMAL PERIOD 1981 TO 2010
CLIMATE RECORD PERIOD 1923 TO 2017


WEATHER ITEM   OBSERVED TIME   RECORD YEAR NORMAL DEPARTURE LAST
                VALUE   (LST)  VALUE       VALUE  FROM      YEAR
                                                  NORMAL
..................................................................
TEMPERATURE (F)
 TODAY
  MAXIMUM         76    208 PM  83    1986  77     -1       74
  MINIMUM         66    453 AM  48    1947  59      7       59
                                      1943
  AVERAGE         71                        68      3       67

PRECIPITATION (IN)
  TODAY            0.00          0.09 1983   0.00   0.00     0.00
  MONTH TO DATE    0.00                      0.02  -0.02     0.00
  SINCE OCT 1     19.44                     15.02   4.42     5.98
  SINCE JAN 1     14.78                     11.02   3.76     5.42

SNOWFALL (IN)
  TODAY            0.0
  MONTH TO DATE    0.0
  SINCE JUN 1      0.0
  SINCE JUL 1      0.0

DEGREE DAYS
 HEATING
  TODAY            0                         0      0        0
  MONTH TO DATE    0                         0      0        0
  SINCE JUN 1     20                        53    -33       17
  SINCE JUL 1      1                        10     -9        0

 COOLING
  TODAY            6                         3      3        2
  MONTH TO DATE  130                        60     70      100
  SINCE JUN 1    371                       154    217      346
  SINCE JAN 1    412                       185    227      417
..................................................................


WIND (MPH)
  HIGHEST WIND SPEED    15   HIGHEST WIND DIRECTION    SW (240)
  HIGHEST GUST SPEED    19   HIGHEST GUST DIRECTION    SW (240)
  AVERAGE WIND SPEED     6.1


SKY COVER
  POSSIBLE SUNSHINE  MM
  AVERAGE SKY COVER 0.7


WEATHER CONDITIONS
 THE FOLLOWING WEATHER WAS RECORDED TODAY.
  NO SIGNIFICANT WEATHER WAS OBSERVED.


RELATIVE HUMIDITY (PERCENT)
 HIGHEST    81          1200 AM
 LOWEST     64          1000 AM
 AVERAGE    73

..........................................................


THE CAMARILLO CLIMATE NORMALS FOR TOMORROW
                         NORMAL    RECORD    YEAR
 MAXIMUM TEMPERATURE (F)   77        83      1949
 MINIMUM TEMPERATURE (F)   59        47      1943


SUNRISE AND SUNSET
AUGUST 20 2017........SUNRISE   621 AM PDT   SUNSET   737 PM PDT
AUGUST 21 2017........SUNRISE   622 AM PDT   SUNSET   736 PM PDT


-  INDICATES NEGATIVE NUMBERS.
R  INDICATES RECORD WAS SET OR TIED.
MM INDICATES DATA IS MISSING.
T  INDICATES TRACE AMOUNT.




$$
