000
CDUS46 KLOX 290111
CLICMA


CLIMATE REPORT
NATIONAL WEATHER SERVICE LOS ANGELES/OXNARD CA
611 PM PDT THU MAY 28 2015


...................................

...THE CAMARILLO CLIMATE SUMMARY FOR MAY 28 2015...
VALID TODAY AS OF 0600 PM LOCAL TIME.

CLIMATE NORMAL PERIOD 1981 TO 2010
CLIMATE RECORD PERIOD 1948 TO 2015


WEATHER ITEM   OBSERVED TIME   RECORD YEAR NORMAL DEPARTURE LAST
                VALUE   (LST)  VALUE       VALUE  FROM      YEAR
                                                  NORMAL
..................................................................
TEMPERATURE (F)
 TODAY
  MAXIMUM         70    257 PM  85    2000  71     -1       74
  MINIMUM         52    316 AM  44    1964  54     -2       59
  AVERAGE         61                        63     -2       67

PRECIPITATION (IN)
  TODAY            0.00          0.14 1971   0.01  -0.01     0.00
  MONTH TO DATE    0.22                      0.31  -0.09     0.01
  SINCE OCT 1      8.35                     14.93  -6.58     4.97
  SINCE JAN 1      3.44                     10.93  -7.49     4.19

SNOWFALL (IN)
  TODAY            0.0
  MONTH TO DATE    0.0
  SINCE MAR 1      0.0
  SINCE JUL 1      0.0

DEGREE DAYS
 HEATING
  TODAY            4                         3      1        0
  MONTH TO DATE  106                       115     -9       53
  SINCE MAR 1    314                       599   -285      349
  SINCE JUL 1    971                      1935   -964     1302

 COOLING
  TODAY            0                         0      0        2
  MONTH TO DATE    1                         0      1       85
  SINCE MAR 1     70                        11     59      119
  SINCE JAN 1    109                        20     89      147
..................................................................


WIND (MPH)
  HIGHEST WIND SPEED    14   HIGHEST WIND DIRECTION    SW (240)
  HIGHEST GUST SPEED    19   HIGHEST GUST DIRECTION    SW (230)
  AVERAGE WIND SPEED     5.2


SKY COVER
  POSSIBLE SUNSHINE  MM
  AVERAGE SKY COVER 0.4


WEATHER CONDITIONS
 THE FOLLOWING WEATHER WAS RECORDED TODAY.
  FOG
  HAZE


RELATIVE HUMIDITY (PERCENT)
 HIGHEST    86           600 AM
 LOWEST     57           300 PM
 AVERAGE    72

..........................................................


THE CAMARILLO CLIMATE NORMALS FOR TOMORROW
                         NORMAL    RECORD    YEAR
 MAXIMUM TEMPERATURE (F)   71        90      2010
 MINIMUM TEMPERATURE (F)   54        43      1964


SUNRISE AND SUNSET
MAY 28 2015...........SUNRISE   547 AM PDT   SUNSET   800 PM PDT
MAY 29 2015...........SUNRISE   547 AM PDT   SUNSET   801 PM PDT


-  INDICATES NEGATIVE NUMBERS.
R  INDICATES RECORD WAS SET OR TIED.
MM INDICATES DATA IS MISSING.
T  INDICATES TRACE AMOUNT.




$$
