476
CDUS46 KLOX 130122
CLICMA


CLIMATE REPORT
NATIONAL WEATHER SERVICE LOS ANGELES/OXNARD CA
522 PM PST FRI FEB 12 2016


...................................

...THE CAMARILLO CLIMATE SUMMARY FOR FEBRUARY 12 2016...
VALID TODAY AS OF 0500 PM LOCAL TIME.

CLIMATE NORMAL PERIOD 1981 TO 2010
CLIMATE RECORD PERIOD 1948 TO 2016


WEATHER ITEM   OBSERVED TIME   RECORD YEAR NORMAL DEPARTURE LAST
                VALUE   (LST)  VALUE       VALUE  FROM      YEAR
                                                  NORMAL
..................................................................
TEMPERATURE (F)
 TODAY
  MAXIMUM         78    127 PM  87    1971  65     13       86
  MINIMUM         46    532 AM  32    1966  42      4       55
  AVERAGE         62                        54      8       71

PRECIPITATION (IN)
  TODAY            0.00          2.92 2003   0.14  -0.14     0.00
  MONTH TO DATE    0.00                      1.34  -1.34     0.16
  SINCE OCT 1      3.19                      8.81  -5.62     7.16
  SINCE JAN 1      2.63                      4.81  -2.18     2.25

SNOWFALL (IN)
  TODAY            0.0
  MONTH TO DATE    0.0
  SINCE DEC 1      0.0
  SINCE JUL 1      0.0

DEGREE DAYS
 HEATING
  TODAY            3                        12     -9        0
  MONTH TO DATE   57                       138    -81       59
  SINCE DEC 1    605                       825   -220      474
  SINCE JUL 1    750                      1157   -407      561

 COOLING
  TODAY            0                         0      0        6
  MONTH TO DATE   36                         0     36        9
  SINCE DEC 1     40                         9     31       37
  SINCE JAN 1     36                         7     29       33
..................................................................


WIND (MPH)
  HIGHEST WIND SPEED    10   HIGHEST WIND DIRECTION     W (280)
  HIGHEST GUST SPEED    13   HIGHEST GUST DIRECTION    SW (210)
  AVERAGE WIND SPEED     2.5


SKY COVER
  POSSIBLE SUNSHINE  MM
  AVERAGE SKY COVER 0.0


WEATHER CONDITIONS
 THE FOLLOWING WEATHER WAS RECORDED TODAY.
  NO SIGNIFICANT WEATHER WAS OBSERVED.


RELATIVE HUMIDITY (PERCENT)
 HIGHEST    68          1200 AM
 LOWEST     22           300 PM
 AVERAGE    45

..........................................................


THE CAMARILLO CLIMATE NORMALS FOR TOMORROW
                         NORMAL    RECORD    YEAR
 MAXIMUM TEMPERATURE (F)   65        89      1971
 MINIMUM TEMPERATURE (F)   42        30      1965


SUNRISE AND SUNSET
FEBRUARY 12 2016......SUNRISE   645 AM PST   SUNSET   537 PM PST
FEBRUARY 13 2016......SUNRISE   644 AM PST   SUNSET   538 PM PST


-  INDICATES NEGATIVE NUMBERS.
R  INDICATES RECORD WAS SET OR TIED.
MM INDICATES DATA IS MISSING.
T  INDICATES TRACE AMOUNT.




$$
