000
CDUS46 KLOX 200902
CLICMA


CLIMATE REPORT
NATIONAL WEATHER SERVICE LOS ANGELES/OXNARD CA
102 AM PST SAT DEC 20 2014


...................................

...THE CAMARILLO AIRPORT CA CLIMATE SUMMARY FOR DECEMBER 19 2014...

CLIMATE NORMAL PERIOD 1981 TO 2010
CLIMATE RECORD PERIOD 1948 TO 2014


WEATHER ITEM   OBSERVED TIME   RECORD YEAR NORMAL DEPARTURE LAST
                VALUE   (LST)  VALUE       VALUE  FROM      YEAR
                                                  NORMAL
..................................................................
TEMPERATURE (F)
 YESTERDAY
  MAXIMUM         63    347 PM  84    1985  65     -2       59
  MINIMUM         47    710 AM  31    2006  42      5       42
  AVERAGE         55                        53      2       51

PRECIPITATION (IN)
  YESTERDAY        0.00          2.80 1970   0.06  -0.06      T
  MONTH TO DATE    4.08                      0.82   3.26     0.22
  SINCE JUL 1      4.94                      3.00   1.94     0.82
  SINCE JAN 1      9.13                     13.98  -4.85     2.97

SNOWFALL (IN)
  YESTERDAY        0.0
  MONTH TO DATE    0.0
  SINCE DEC 1      0.0
  SINCE JUL 1      0.0

DEGREE DAYS
 HEATING
  YESTERDAY       10                        12     -2       14
  MONTH TO DATE  105                       213   -108      199
  SINCE DEC 1    105                       213   -108      199
  SINCE JUL 1    192                       545   -353      423

 COOLING
  YESTERDAY        0                         0      0        0
  MONTH TO DATE    0                         0      0       12
  SINCE DEC 1      0                         0      0       12
  SINCE JAN 1   1009                       330    679      646
..................................................................


WIND (MPH)
  HIGHEST WIND SPEED    10   HIGHEST WIND DIRECTION     W (260)
  HIGHEST GUST SPEED    12   HIGHEST GUST DIRECTION     W (260)
  AVERAGE WIND SPEED     3.4


SKY COVER
  POSSIBLE SUNSHINE  MM
  AVERAGE SKY COVER 0.0


WEATHER CONDITIONS
 THE FOLLOWING WEATHER WAS RECORDED YESTERDAY.
  NO SIGNIFICANT WEATHER WAS OBSERVED.


RELATIVE HUMIDITY (PERCENT)
 HIGHEST    93           100 AM
 LOWEST     52          1200 PM
 AVERAGE    73

..........................................................


THE CAMARILLO AIRPORT CA CLIMATE NORMALS FOR TODAY
                         NORMAL    RECORD    YEAR
 MAXIMUM TEMPERATURE (F)   65        84      1999
 MINIMUM TEMPERATURE (F)   42        31      1968


SUNRISE AND SUNSET
DECEMBER 20 2014......SUNRISE   658 AM PST   SUNSET   450 PM PST
DECEMBER 21 2014......SUNRISE   658 AM PST   SUNSET   451 PM PST


-  INDICATES NEGATIVE NUMBERS.
R  INDICATES RECORD WAS SET OR TIED.
MM INDICATES DATA IS MISSING.
T  INDICATES TRACE AMOUNT.




$$
