000
CDUS41 KILN 220540
CLICMH


CLIMATE REPORT
NATIONAL WEATHER SERVICE WILMINGTON OH
140 AM EDT MON SEP 22 2014


...................................

...THE COLUMBUS OH CLIMATE SUMMARY FOR SEPTEMBER 21 2014...

CLIMATE NORMAL PERIOD 1981 TO 2010
CLIMATE RECORD PERIOD 1869 TO 2014


WEATHER ITEM   OBSERVED TIME   RECORD YEAR NORMAL DEPARTURE LAST
                VALUE   (LST)  VALUE       VALUE  FROM      YEAR
                                                  NORMAL
..................................................................
TEMPERATURE (F)
 YESTERDAY
  MAXIMUM         82    157 PM  96    1895  75      7       74
  MINIMUM         57   1057 PM  31    1962  54      3       57
  AVERAGE         70                        65      5       66

PRECIPITATION (IN)
  YESTERDAY        T             1.52 2013   0.10  -0.10     1.52
  MONTH TO DATE    0.61                      2.03  -1.42     2.51
  SINCE SEP 1      0.61                      2.03  -1.42     2.51
  SINCE JAN 1     31.12                     29.72   1.40    29.15

SNOWFALL (IN)
  YESTERDAY        0.0          MM      MM   0.0    0.0      0.0
  MONTH TO DATE    0.0                       0.0    0.0      0.0
  SINCE SEP 1      0.0                       0.0    0.0      0.0
  SINCE JUL 1      0.0                       0.0    0.0      0.0
  SNOW DEPTH       0

DEGREE DAYS
 HEATING
  YESTERDAY        0                         3     -3        0
  MONTH TO DATE   29                        29      0       22
  SINCE SEP 1     29                        29      0       22
  SINCE JUL 1     29                        29      0       26

 COOLING
  YESTERDAY        5                         3      2        1
  MONTH TO DATE  119                       103     16      126
  SINCE SEP 1    119                       103     16      126
  SINCE JAN 1   1141                       992    149     1127
..................................................................


WIND (MPH)
  RESULTANT WIND SPEED  14   RESULTANT WIND DIRECTION   W (280)
  HIGHEST WIND SPEED    33   HIGHEST WIND DIRECTION     W (290)
  HIGHEST GUST SPEED    41   HIGHEST GUST DIRECTION     W (270)
  AVERAGE WIND SPEED    16.6


SKY COVER
  POSSIBLE SUNSHINE  MM
  AVERAGE SKY COVER 0.5


WEATHER CONDITIONS
 THE FOLLOWING WEATHER WAS RECORDED YESTERDAY.
  LIGHT RAIN


RELATIVE HUMIDITY (PERCENT)
 HIGHEST    79           700 AM
 LOWEST     17           100 PM
 AVERAGE    48

..........................................................


THE COLUMBUS OH CLIMATE NORMALS FOR TODAY
                         NORMAL    RECORD    YEAR
 MAXIMUM TEMPERATURE (F)   75        95      1895
 MINIMUM TEMPERATURE (F)   54        37      1995
                                             1974


SUNRISE AND SUNSET
SEPTEMBER 22 2014.....SUNRISE   719 AM EDT   SUNSET   729 PM EDT
SEPTEMBER 23 2014.....SUNRISE   720 AM EDT   SUNSET   727 PM EDT


-  INDICATES NEGATIVE NUMBERS.
R  INDICATES RECORD WAS SET OR TIED.
MM INDICATES DATA IS MISSING.
T  INDICATES TRACE AMOUNT.




$$
