000
CDUS41 KILN 290534
CLICMH


CLIMATE REPORT
NATIONAL WEATHER SERVICE WILMINGTON OH
134 AM EDT FRI APR 29 2016


...................................

...THE COLUMBUS OH CLIMATE SUMMARY FOR APRIL 28 2016...

CLIMATE NORMAL PERIOD 1981 TO 2010
CLIMATE RECORD PERIOD 1869 TO 2016


WEATHER ITEM   OBSERVED TIME   RECORD YEAR NORMAL DEPARTURE LAST
                VALUE   (LST)  VALUE       VALUE  FROM      YEAR
                                                  NORMAL
..................................................................
TEMPERATURE (F)
 YESTERDAY
  MAXIMUM         65    355 PM  85    1914  68     -3       63
  MINIMUM         49    743 AM  28    1967  47      2       34
  AVERAGE         57                        57      0       49

PRECIPITATION (IN)
  YESTERDAY        0.05          0.81 2013   0.12  -0.07     0.00
  MONTH TO DATE    2.05                      3.18  -1.13     4.04
  SINCE MAR 1      6.32                      6.20   0.12     7.96
  SINCE JAN 1     10.73                     11.18  -0.45    12.53

SNOWFALL (IN)
  YESTERDAY        0.0           0.0    MM   0.0    0.0      0.0
  MONTH TO DATE    0.3                       1.1   -0.8      0.0
  SINCE MAR 1      2.6                       5.3   -2.7      5.4
  SINCE JUL 1     17.1                      26.7   -9.6     33.4
  SNOW DEPTH       0

DEGREE DAYS
 HEATING
  YESTERDAY        8                         8      0       16
  MONTH TO DATE  373                       355     18      319
  SINCE MAR 1    877                      1071   -194     1153
  SINCE JUL 1   4318                      5066   -748     5707

 COOLING
  YESTERDAY        0                         1     -1        0
  MONTH TO DATE    1                        10     -9        0
  SINCE MAR 1      1                        10     -9        0
  SINCE JAN 1      1                        10     -9        0
..................................................................


WIND (MPH)
  RESULTANT WIND SPEED   4   RESULTANT WIND DIRECTION  NE (30)
  HIGHEST WIND SPEED    13   HIGHEST WIND DIRECTION    NE (30)
  HIGHEST GUST SPEED    18   HIGHEST GUST DIRECTION     N (360)
  AVERAGE WIND SPEED     4.9


SKY COVER
  POSSIBLE SUNSHINE  MM
  AVERAGE SKY COVER 1.0


WEATHER CONDITIONS
 THE FOLLOWING WEATHER WAS RECORDED YESTERDAY.
  LIGHT RAIN
  FOG


RELATIVE HUMIDITY (PERCENT)
 HIGHEST    89          1100 PM
 LOWEST     67          1200 PM
 AVERAGE    78

..........................................................


THE COLUMBUS OH CLIMATE NORMALS FOR TODAY
                         NORMAL    RECORD    YEAR
 MAXIMUM TEMPERATURE (F)   68        86      1899
 MINIMUM TEMPERATURE (F)   47        28      1977


SUNRISE AND SUNSET
APRIL 29 2016.........SUNRISE   633 AM EDT   SUNSET   825 PM EDT
APRIL 30 2016.........SUNRISE   632 AM EDT   SUNSET   826 PM EDT


-  INDICATES NEGATIVE NUMBERS.
R  INDICATES RECORD WAS SET OR TIED.
MM INDICATES DATA IS MISSING.
T  INDICATES TRACE AMOUNT.




$$
