000
CDUS41 KILN 220548
CLICMH


CLIMATE REPORT
NATIONAL WEATHER SERVICE WILMINGTON OH
1236 AM EST WED FEB 22 2017


...................................

...THE COLUMBUS OH CLIMATE SUMMARY FOR FEBRUARY 21 2017...

CLIMATE NORMAL PERIOD 1981 TO 2010
CLIMATE RECORD PERIOD 1869 TO 2017


WEATHER ITEM   OBSERVED TIME   RECORD YEAR NORMAL DEPARTURE LAST
                VALUE   (LST)  VALUE       VALUE  FROM      YEAR
                                                  NORMAL
..................................................................
TEMPERATURE (F)
 YESTERDAY
  MAXIMUM         69    324 PM  71    1997  42     27       58
  MINIMUM         46    359 AM  -8    1885  26     20       34
  AVERAGE         58                        34     24       46

PRECIPITATION (IN)
  YESTERDAY        0.04          1.22 2011   0.08  -0.04     0.00
  MONTH TO DATE    1.16                      1.69  -0.53     1.85
  SINCE DEC 1      7.08                      7.39  -0.31     7.85
  SINCE JAN 1      3.99                      4.42  -0.43     2.97

SNOWFALL (IN)
  YESTERDAY        0.0           6.8  2015   0.2   -0.2      0.0
  MONTH TO DATE    0.6                       4.5   -3.9      7.8
  SINCE DEC 1      7.6                      18.7  -11.1     13.2
  SINCE JUL 1      7.6                      19.8  -12.2     13.2
  SNOW DEPTH       0

DEGREE DAYS
 HEATING
  YESTERDAY        7                        31    -24       19
  MONTH TO DATE  540                       695   -155      697
  SINCE DEC 1   2408                      2773   -365     2447
  SINCE JUL 1   3174                      3787   -613     3252

 COOLING
  YESTERDAY        0                         0      0        0
  MONTH TO DATE    0                         0      0        0
  SINCE DEC 1      0                         0      0        0
  SINCE JAN 1      0                         0      0        0
..................................................................


WIND (MPH)
  RESULTANT WIND SPEED   3   RESULTANT WIND DIRECTION   S (190)
  HIGHEST WIND SPEED    15   HIGHEST WIND DIRECTION    SW (230)
  HIGHEST GUST SPEED    19   HIGHEST GUST DIRECTION     W (250)
  AVERAGE WIND SPEED     5.2


SKY COVER
  POSSIBLE SUNSHINE  MM
  AVERAGE SKY COVER 1.0


WEATHER CONDITIONS
 THE FOLLOWING WEATHER WAS RECORDED YESTERDAY.
  LIGHT RAIN
  FOG


RELATIVE HUMIDITY (PERCENT)
 HIGHEST    80          1100 PM
 LOWEST     45           300 PM
 AVERAGE    63

..........................................................


THE COLUMBUS OH CLIMATE NORMALS FOR TODAY
                         NORMAL    RECORD    YEAR
 MAXIMUM TEMPERATURE (F)   43        70      1930
 MINIMUM TEMPERATURE (F)   26        -8      1963


SUNRISE AND SUNSET
FEBRUARY 22 2017......SUNRISE   715 AM EST   SUNSET   616 PM EST
FEBRUARY 23 2017......SUNRISE   713 AM EST   SUNSET   617 PM EST


-  INDICATES NEGATIVE NUMBERS.
R  INDICATES RECORD WAS SET OR TIED.
MM INDICATES DATA IS MISSING.
T  INDICATES TRACE AMOUNT.




$$
