000
CDUS41 KILN 290547
CLICMH


CLIMATE REPORT
NATIONAL WEATHER SERVICE WILMINGTON OH
145 AM EDT FRI AUG 29 2014


...................................

...THE COLUMBUS OH CLIMATE SUMMARY FOR AUGUST 28 2014...

CLIMATE NORMAL PERIOD 1981 TO 2010
CLIMATE RECORD PERIOD 1869 TO 2014


WEATHER ITEM   OBSERVED TIME   RECORD YEAR NORMAL DEPARTURE LAST
                VALUE   (LST)  VALUE       VALUE  FROM      YEAR
                                                  NORMAL
..................................................................
TEMPERATURE (F)
 YESTERDAY
  MAXIMUM         81    311 PM  97    1948  83     -2       90
  MINIMUM         64    625 AM  44    1887  63      1       73
  AVERAGE         73                        73      0       82

PRECIPITATION (IN)
  YESTERDAY        0.00          2.44 2009   0.11  -0.11     0.07
  MONTH TO DATE    3.06                      2.99   0.07     2.05
  SINCE JUN 1     11.82                     11.79   0.03    13.38
  SINCE JAN 1     28.67                     27.36   1.31    25.85

SNOWFALL (IN)
  YESTERDAY        0.0           0.0    MM   0.0    0.0      0.0
  MONTH TO DATE    0.0                       0.0    0.0      0.0
  SINCE JUN 1      0.0                       0.0    0.0      0.0
  SINCE JUL 1      0.0                       0.0    0.0      0.0
  SNOW DEPTH       0

DEGREE DAYS
 HEATING
  YESTERDAY        0                         0      0        0
  MONTH TO DATE    0                         0      0        4
  SINCE JUN 1      1                        19    -18       10
  SINCE JUL 1      0                         0      0        4

 COOLING
  YESTERDAY        8                         8      0       17
  MONTH TO DATE  288                       258     30      240
  SINCE JUN 1    828                       784     44      798
  SINCE JAN 1    983                       866    117      959
..................................................................


WIND (MPH)
  RESULTANT WIND SPEED   4   RESULTANT WIND DIRECTION  NE (60)
  HIGHEST WIND SPEED    13   HIGHEST WIND DIRECTION    NE (30)
  HIGHEST GUST SPEED    15   HIGHEST GUST DIRECTION    NE (30)
  AVERAGE WIND SPEED     4.7


SKY COVER
  POSSIBLE SUNSHINE  MM
  AVERAGE SKY COVER 0.3


WEATHER CONDITIONS
 THE FOLLOWING WEATHER WAS RECORDED YESTERDAY.
  HAZE


RELATIVE HUMIDITY (PERCENT)
 HIGHEST    87           500 AM
 LOWEST     45           400 PM
 AVERAGE    66

..........................................................


THE COLUMBUS OH CLIMATE NORMALS FOR TODAY
                         NORMAL    RECORD    YEAR
 MAXIMUM TEMPERATURE (F)   83        98      1953
 MINIMUM TEMPERATURE (F)   62        39      1965


SUNRISE AND SUNSET
AUGUST 29 2014........SUNRISE   656 AM EDT   SUNSET   808 PM EDT
AUGUST 30 2014........SUNRISE   657 AM EDT   SUNSET   806 PM EDT


-  INDICATES NEGATIVE NUMBERS.
R  INDICATES RECORD WAS SET OR TIED.
MM INDICATES DATA IS MISSING.
T  INDICATES TRACE AMOUNT.




$$
