000
CDUS41 KILN 050530
CLICMH


CLIMATE REPORT
NATIONAL WEATHER SERVICE WILMINGTON OH
1230 AM EST THU MAR 5 2015


...................................

...THE COLUMBUS OH CLIMATE SUMMARY FOR MARCH 4 2015...

CLIMATE NORMAL PERIOD 1981 TO 2010
CLIMATE RECORD PERIOD 1869 TO 2015


WEATHER ITEM   OBSERVED TIME   RECORD YEAR NORMAL DEPARTURE LAST
                VALUE   (LST)  VALUE       VALUE  FROM      YEAR
                                                  NORMAL
..................................................................
TEMPERATURE (F)
 YESTERDAY
  MAXIMUM         38   1230 AM  78    1976  46     -8       33
  MINIMUM         23   1158 PM   1    1943  29     -6        7
  AVERAGE         31                        38     -7       20

PRECIPITATION (IN)
  YESTERDAY        0.55          3.25 1964   0.09   0.46     0.00
  MONTH TO DATE    1.38                      0.33   1.05     0.22
  SINCE MAR 1      1.38                      0.33   1.05     0.22
  SINCE JAN 1      5.95                      5.31   0.64     5.01

SNOWFALL (IN)
  YESTERDAY        0.9           2.3  1922   0.2    0.7      0.0
  MONTH TO DATE    4.5                       0.8    3.7      2.9
  SINCE MAR 1      4.5                       0.8    3.7      2.9
  SINCE JUL 1     32.5                      22.2   10.3     53.9
  SNOW DEPTH       4

DEGREE DAYS
 HEATING
  YESTERDAY       34                        27      7       45
  MONTH TO DATE  146                       111     35      161
  SINCE MAR 1    146                       111     35      161
  SINCE JUL 1   4700                      4106    594     4545

 COOLING
  YESTERDAY        0                         0      0        0
  MONTH TO DATE    0                         0      0        0
  SINCE MAR 1      0                         0      0        0
  SINCE JAN 1      0                         0      0        0
..................................................................


WIND (MPH)
  RESULTANT WIND SPEED   8   RESULTANT WIND DIRECTION  NW (310)
  HIGHEST WIND SPEED    21   HIGHEST WIND DIRECTION     N (350)
  HIGHEST GUST SPEED    28   HIGHEST GUST DIRECTION     N (350)
  AVERAGE WIND SPEED     8.1


SKY COVER
  POSSIBLE SUNSHINE  MM
  AVERAGE SKY COVER 1.0


WEATHER CONDITIONS
 THE FOLLOWING WEATHER WAS RECORDED YESTERDAY.
  RAIN
  LIGHT RAIN
  SNOW
  LIGHT SNOW
  SLEET
  FOG
  HAZE


RELATIVE HUMIDITY (PERCENT)
 HIGHEST   100           200 AM
 LOWEST     75           200 PM
 AVERAGE    88

..........................................................


THE COLUMBUS OH CLIMATE NORMALS FOR TODAY
                         NORMAL    RECORD    YEAR
 MAXIMUM TEMPERATURE (F)   47        78      1983
 MINIMUM TEMPERATURE (F)   29         1      1978


SUNRISE AND SUNSET
MARCH  5 2015.........SUNRISE   659 AM EST   SUNSET   627 PM EST
MARCH  6 2015.........SUNRISE   658 AM EST   SUNSET   629 PM EST


-  INDICATES NEGATIVE NUMBERS.
R  INDICATES RECORD WAS SET OR TIED.
MM INDICATES DATA IS MISSING.
T  INDICATES TRACE AMOUNT.




$$
