000
CDUS41 KILN 200533
CLICMH


CLIMATE REPORT
NATIONAL WEATHER SERVICE WILMINGTON OH
132 AM EDT WED SEP 20 2017


...................................

...THE COLUMBUS OH CLIMATE SUMMARY FOR SEPTEMBER 19 2017...

CLIMATE NORMAL PERIOD 1981 TO 2010
CLIMATE RECORD PERIOD 1869 TO 2017


WEATHER ITEM   OBSERVED TIME   RECORD YEAR NORMAL DEPARTURE LAST
                VALUE   (LST)  VALUE       VALUE  FROM      YEAR
                                                  NORMAL
..................................................................
TEMPERATURE (F)
 YESTERDAY
  MAXIMUM         78    340 PM  97    1895  76      2       84
  MINIMUM         68    140 AM  40    1929  55     13       63
                                      1916
                                      1901
  AVERAGE         73                        66      7       74

PRECIPITATION (IN)
  YESTERDAY        T             1.22 1902   0.09  -0.09     0.00
  MONTH TO DATE    2.58                      1.84   0.74     2.11
  SINCE SEP 1      2.58                      1.84   0.74     2.11
  SINCE JAN 1     36.61                     29.53   7.08    29.37

SNOWFALL (IN)
  YESTERDAY        0.0                       0.0    0.0      0.0
  MONTH TO DATE    0.0                       0.0    0.0      0.0
  SINCE SEP 1      0.0                       0.0    0.0      0.0
  SINCE JUL 1      0.0                       0.0    0.0      0.0
  SNOW DEPTH       0

DEGREE DAYS
 HEATING
  YESTERDAY        0                         3     -3        0
  MONTH TO DATE   42                        23     19        0
  SINCE SEP 1     42                        23     19        0
  SINCE JUL 1     42                        23     19        0

 COOLING
  YESTERDAY        8                         3      5        9
  MONTH TO DATE   42                        97    -55      138
  SINCE SEP 1     42                        97    -55      138
  SINCE JAN 1    951                       986    -35     1231
..................................................................


WIND (MPH)
  RESULTANT WIND SPEED   3   RESULTANT WIND DIRECTION   S (180)
  HIGHEST WIND SPEED    16   HIGHEST WIND DIRECTION    SW (230)
  HIGHEST GUST SPEED    19   HIGHEST GUST DIRECTION    SW (230)
  AVERAGE WIND SPEED     4.1


SKY COVER
  POSSIBLE SUNSHINE  MM
  AVERAGE SKY COVER 1.0


WEATHER CONDITIONS
 THE FOLLOWING WEATHER WAS RECORDED YESTERDAY.
  LIGHT RAIN


RELATIVE HUMIDITY (PERCENT)
 HIGHEST    90           200 AM
 LOWEST     69           400 PM
 AVERAGE    80

..........................................................


THE COLUMBUS OH CLIMATE NORMALS FOR TODAY
                         NORMAL    RECORD    YEAR
 MAXIMUM TEMPERATURE (F)   75        97      1895
 MINIMUM TEMPERATURE (F)   55        37      1956


SUNRISE AND SUNSET
SEPTEMBER 20 2017.....SUNRISE   717 AM EDT   SUNSET   731 PM EDT
SEPTEMBER 21 2017.....SUNRISE   718 AM EDT   SUNSET   730 PM EDT


-  INDICATES NEGATIVE NUMBERS.
R  INDICATES RECORD WAS SET OR TIED.
MM INDICATES DATA IS MISSING.
T  INDICATES TRACE AMOUNT.




$$
