000
CDUS41 KILN 212156
CLICMH


CLIMATE REPORT
NATIONAL WEATHER SERVICE WILMINGTON OH
455 PM EST SUN JAN 21 2018


...................................

...THE COLUMBUS OH CLIMATE SUMMARY FOR JANUARY 21 2018...
VALID TODAY AS OF 0400 PM LOCAL TIME.

CLIMATE NORMAL PERIOD 1981 TO 2010
CLIMATE RECORD PERIOD 1869 TO 2018


WEATHER ITEM   OBSERVED TIME   RECORD YEAR NORMAL DEPARTURE LAST
                VALUE   (LST)  VALUE       VALUE  FROM      YEAR
                                                  NORMAL
..................................................................
TEMPERATURE (F)
 TODAY
  MAXIMUM         50    359 PM  72    1906  36     14       62
  MINIMUM         31    331 AM -16    1985  22      9       46
                                      1984
  AVERAGE         41                        29     12       54

PRECIPITATION (IN)
  TODAY            0.01          4.79 1959   0.08  -0.07     0.03
  MONTH TO DATE    1.48                      1.89  -0.41     2.49
  SINCE DEC 1      3.24                      4.86  -1.62     5.58
  SINCE JAN 1      1.48                      1.89  -0.41     2.49

SNOWFALL (IN)
  TODAY            0.0           4.5  1926   0.3   -0.3      0.0
  MONTH TO DATE   10.0                       6.3    3.7      0.9
  SINCE DEC 1     18.1                      11.3    6.8      6.3
  SINCE JUL 1     18.1                      12.4    5.7      6.3
  SNOW DEPTH       0

DEGREE DAYS
 HEATING
  TODAY           24                        36    -12       11
  MONTH TO DATE  896                       749    147      586
  SINCE DEC 1   1938                      1726    212     1587
  SINCE JUL 1   2857                      2740    117     2353

 COOLING
  TODAY            0                         0      0        0
  MONTH TO DATE    0                         0      0        0
  SINCE DEC 1      0                         0      0        0
  SINCE JAN 1      0                         0      0        0
..................................................................


WIND (MPH)
  HIGHEST WIND SPEED     9   HIGHEST WIND DIRECTION    SW (210)
  HIGHEST GUST SPEED    12   HIGHEST GUST DIRECTION    SW (220)
  AVERAGE WIND SPEED     4.2


SKY COVER
  POSSIBLE SUNSHINE  MM
  AVERAGE SKY COVER 0.5


WEATHER CONDITIONS
 THE FOLLOWING WEATHER WAS RECORDED TODAY.
  LIGHT RAIN
  FOG
  HAZE


RELATIVE HUMIDITY (PERCENT)
 HIGHEST   100           800 AM
 LOWEST     80           100 PM
 AVERAGE    90

..........................................................


THE COLUMBUS OH CLIMATE NORMALS FOR TOMORROW
                         NORMAL    RECORD    YEAR
 MAXIMUM TEMPERATURE (F)   37        71      1906
 MINIMUM TEMPERATURE (F)   22       -16      1936


SUNRISE AND SUNSET
JANUARY 21 2018.......SUNRISE   748 AM EST   SUNSET   538 PM EST
JANUARY 22 2018.......SUNRISE   748 AM EST   SUNSET   539 PM EST


-  INDICATES NEGATIVE NUMBERS.
R  INDICATES RECORD WAS SET OR TIED.
MM INDICATES DATA IS MISSING.
T  INDICATES TRACE AMOUNT.




$$
