000
CDUS43 KILX 240644
CLICMI


CLIMATE REPORT
NATIONAL WEATHER SERVICE LINCOLN IL
143 AM CDT TUE OCT 24 2017


...................................

...THE CHAMPAIGN IL AIRPORT CLIMATE SUMMARY FOR OCTOBER 23 2017...

CLIMATE NORMAL PERIOD 1981 TO 2010
CLIMATE RECORD PERIOD 9999 TO 9999


WEATHER ITEM   OBSERVED TIME   RECORD YEAR NORMAL DEPARTURE LAST
                VALUE   (LST)  VALUE       VALUE  FROM      YEAR
                                                  NORMAL
..................................................................
TEMPERATURE (F)
 YESTERDAY
  MAXIMUM         55   1139 AM  MM      MM  63     -8       76
  MINIMUM         50   1159 PM  MM      MM  40     10       43
  AVERAGE         53                        51      2       60

PRECIPITATION (IN)
  YESTERDAY        0.75         MM      MM   0.10   0.65     0.00
  MONTH TO DATE    6.33                      2.37   3.96     1.78
  SINCE SEP 1      7.03                      5.65   1.38     7.87
  SINCE JAN 1     29.13                     32.93  -3.80    32.37

DEGREE DAYS
 HEATING
  YESTERDAY       12                        14     -2        5
  MONTH TO DATE   68                       245   -177      101
  SINCE SEP 1    112                       328   -216      116
  SINCE JUL 1    116                       337   -221      124

 COOLING
  YESTERDAY        0                         0      0        0
  MONTH TO DATE   57                        14     43       47
  SINCE SEP 1    238                       112    126      245
  SINCE JAN 1   1126                       939    187     1266
..................................................................


WIND (MPH)
  HIGHEST WIND SPEED    24   HIGHEST WIND DIRECTION     N (340)
  HIGHEST GUST SPEED    33   HIGHEST GUST DIRECTION     N (340)
  AVERAGE WIND SPEED    11.9


SKY COVER
  POSSIBLE SUNSHINE  MM
  AVERAGE SKY COVER 1.0


WEATHER CONDITIONS
 THE FOLLOWING WEATHER WAS RECORDED YESTERDAY.
  RAIN
  LIGHT RAIN
  FOG


RELATIVE HUMIDITY (PERCENT)
 HIGHEST    93          1200 AM
 LOWEST     83           500 PM
 AVERAGE    88

..........................................................


THE CHAMPAIGN IL AIRPORT CLIMATE NORMALS FOR TODAY
                         NORMAL    RECORD    YEAR
 MAXIMUM TEMPERATURE (F)   62        MM        MM
 MINIMUM TEMPERATURE (F)   40        MM        MM


SUNRISE AND SUNSET
OCTOBER 24 2017.......SUNRISE   714 AM CDT   SUNSET   600 PM CDT
OCTOBER 25 2017.......SUNRISE   715 AM CDT   SUNSET   559 PM CDT


-  INDICATES NEGATIVE NUMBERS.
R  INDICATES RECORD WAS SET OR TIED.
MM INDICATES DATA IS MISSING.
T  INDICATES TRACE AMOUNT.




$$
