000
CDUS43 KILX 300651
CLICMI


CLIMATE REPORT
NATIONAL WEATHER SERVICE LINCOLN IL
150 AM CDT THU JUL 30 2015


...................................

...THE CHAMPAIGN IL AIRPORT CLIMATE SUMMARY FOR JULY 29 2015...

CLIMATE NORMAL PERIOD 1981 TO 2010
CLIMATE RECORD PERIOD 9999 TO 9999


WEATHER ITEM   OBSERVED TIME   RECORD YEAR NORMAL DEPARTURE LAST
                VALUE   (LST)  VALUE       VALUE  FROM      YEAR
                                                  NORMAL
..................................................................
TEMPERATURE (F)
 YESTERDAY
  MAXIMUM         86    309 PM  MM      MM  83      3       77
  MINIMUM         65   1159 PM  MM      MM  63      2       52
  AVERAGE         76                        73      3       65

PRECIPITATION (IN)
  YESTERDAY        0.42         MM      MM   0.11   0.31     0.00
  MONTH TO DATE    2.79                      4.11  -1.32     5.98
  SINCE JUN 1     11.14                      8.28   2.86    12.32
  SINCE JAN 1     22.55                     23.44  -0.89    26.86

DEGREE DAYS
 HEATING
  YESTERDAY        0                         0      0        0
  MONTH TO DATE    1                         0      1        7
  SINCE JUN 1      7                        17    -10        7
  SINCE JUL 1      1                         0      1        7

 COOLING
  YESTERDAY       11                         8      3        0
  MONTH TO DATE  247                       267    -20      152
  SINCE JUN 1    478                       490    -12      433
  SINCE JAN 1    632                       582     50      585
..................................................................


WIND (MPH)
  HIGHEST WIND SPEED    20   HIGHEST WIND DIRECTION    NW (320)
  HIGHEST GUST SPEED    26   HIGHEST GUST DIRECTION    NW (320)
  AVERAGE WIND SPEED     6.4


SKY COVER
  POSSIBLE SUNSHINE  MM
  AVERAGE SKY COVER 0.2


WEATHER CONDITIONS
 THE FOLLOWING WEATHER WAS RECORDED YESTERDAY.
  THUNDERSTORM
  HEAVY RAIN
  RAIN
  FOG


RELATIVE HUMIDITY (PERCENT)
 HIGHEST    94           700 AM
 LOWEST     48           300 PM
 AVERAGE    71

..........................................................


THE CHAMPAIGN IL AIRPORT CLIMATE NORMALS FOR TODAY
                         NORMAL    RECORD    YEAR
 MAXIMUM TEMPERATURE (F)   83        MM        MM
 MINIMUM TEMPERATURE (F)   63        MM        MM


SUNRISE AND SUNSET
JULY 30 2015..........SUNRISE   549 AM CDT   SUNSET   809 PM CDT
JULY 31 2015..........SUNRISE   550 AM CDT   SUNSET   808 PM CDT


-  INDICATES NEGATIVE NUMBERS.
R  INDICATES RECORD WAS SET OR TIED.
MM INDICATES DATA IS MISSING.
T  INDICATES TRACE AMOUNT.




$$
