000
CDUS43 KTOP 212134
CLICNK


CLIMATE REPORT
NATIONAL WEATHER SERVICE TOPEKA KS
433 PM CDT FRI JUL 21 2017


...................................

...THE CONCORDIA KS CLIMATE SUMMARY FOR JULY 21 2017...
VALID TODAY AS OF 430 PM LOCAL TIME.

CLIMATE NORMAL PERIOD 1981 TO 2010
CLIMATE RECORD PERIOD 1885 TO 2017


WEATHER ITEM   OBSERVED TIME   RECORD YEAR NORMAL DEPARTURE LAST
                VALUE   (LST)  VALUE       VALUE  FROM      YEAR
                                                  NORMAL
..................................................................
TEMPERATURE (F)
 TODAY
  MAXIMUM        105    252 PM 107    1974  91     14      100
  MINIMUM         80    509 AM  50    1970  68     12       78
  AVERAGE         93                        79     14       89

PRECIPITATION (IN)
  TODAY            0.00          3.11 1978   0.12  -0.12     0.00
  MONTH TO DATE    1.71                      2.83  -1.12     3.45
  SINCE JUN 1      5.05                      6.88  -1.83     4.62
  SINCE JAN 1     23.43                     16.87   6.56    16.79

SNOWFALL (IN)
  TODAY           MM             T    1951   0.0   MM        0.0
  MONTH TO DATE    0.0                       0.0    0.0      0.0
  SINCE JAN 1      2.1                      13.7  -11.6     12.3
  SINCE JUL 1      0.0                       0.0    0.0      0.0
  SNOW DEPTH      MM

DEGREE DAYS
 HEATING
  TODAY            0                         0      0        0
  MONTH TO DATE    0                         0      0        1
  SINCE JUN 1      2                        13    -11        1
  SINCE JUL 1      0                         0      0        1

 COOLING
  TODAY           28                        14     14       24
  MONTH TO DATE  366                       290     76      314
  SINCE JUN 1    699                       555    144      735
  SINCE JAN 1    777                       644    133      795
..................................................................


WIND (MPH)
  HIGHEST WIND SPEED    23   HIGHEST WIND DIRECTION     S (200)
  HIGHEST GUST SPEED    31   HIGHEST GUST DIRECTION     S (200)
  AVERAGE WIND SPEED    17.3



WEATHER CONDITIONS
 THE FOLLOWING WEATHER WAS RECORDED TODAY.
  NO SIGNIFICANT WEATHER WAS OBSERVED.


RELATIVE HUMIDITY (PERCENT)
 HIGHEST    62           300 AM
 LOWEST     26           200 PM
 AVERAGE    44

..........................................................


THE CONCORDIA KS CLIMATE NORMALS FOR TOMORROW
                         NORMAL    RECORD    YEAR
 MAXIMUM TEMPERATURE (F)   91       107      2001
 MINIMUM TEMPERATURE (F)   68        54      1970


SUNRISE AND SUNSET
JULY 21 2017..........SUNRISE   621 AM CDT   SUNSET   853 PM CDT
JULY 22 2017..........SUNRISE   622 AM CDT   SUNSET   852 PM CDT


-  INDICATES NEGATIVE NUMBERS.
R  INDICATES RECORD WAS SET OR TIED.
MM INDICATES DATA IS MISSING.
T  INDICATES TRACE AMOUNT.




$$
