861
CDUS43 KICT 250636
CLICNU


CLIMATE REPORT
NATIONAL WEATHER SERVICE WICHITA KS
135 AM CDT MON SEP 25 2017


...................................

...THE CHANUTE KS CLIMATE SUMMARY FOR SEPTEMBER 24 2017...

CLIMATE NORMAL PERIOD 1981 TO 2010
CLIMATE RECORD PERIOD 1894 TO 2017


WEATHER ITEM   OBSERVED TIME   RECORD YEAR NORMAL DEPARTURE LAST
                VALUE   (LST)  VALUE       VALUE  FROM      YEAR
                                                  NORMAL
..................................................................
TEMPERATURE (F)
 YESTERDAY
  MAXIMUM         89    304 PM  95    1900  77     12       90
  MINIMUM         67    633 AM  33    1989  55     12       68
  AVERAGE         78                        66     12       79

PRECIPITATION (IN)
  YESTERDAY        0.00          5.59 1993   0.14  -0.14     0.25
  MONTH TO DATE    2.56                      2.84  -0.28     6.13
  SINCE SEP 1      2.56                      2.84  -0.28     6.13
  SINCE JAN 1     39.20                     33.33   5.87    31.36

DEGREE DAYS
 HEATING
  YESTERDAY        0                         3     -3        0
  MONTH TO DATE    3                        25    -22        0
  SINCE SEP 1      3                        25    -22        0
  SINCE JUL 1      3                        26    -23        0

 COOLING
  YESTERDAY       13                         4      9       14
  MONTH TO DATE  213                       175     38      258
  SINCE SEP 1    213                       175     38      258
  SINCE JAN 1   1520                      1479     41     1739
..................................................................


WIND (MPH)
  HIGHEST WIND SPEED    17   HIGHEST WIND DIRECTION     S (160)
  HIGHEST GUST SPEED    25   HIGHEST GUST DIRECTION     S (160)
  AVERAGE WIND SPEED     8.0


SKY COVER
  POSSIBLE SUNSHINE  MM
  AVERAGE SKY COVER 0.1


WEATHER CONDITIONS
 THE FOLLOWING WEATHER WAS RECORDED YESTERDAY.
  NO SIGNIFICANT WEATHER WAS OBSERVED.


RELATIVE HUMIDITY (PERCENT)
 HIGHEST    93           600 AM
 LOWEST     50           100 PM
 AVERAGE    72

..........................................................


THE CHANUTE KS CLIMATE NORMALS FOR TODAY
                         NORMAL    RECORD    YEAR
 MAXIMUM TEMPERATURE (F)   77        95      1939
 MINIMUM TEMPERATURE (F)   55        37      1989


SUNRISE AND SUNSET
SEPTEMBER 25 2017.....SUNRISE   713 AM CDT   SUNSET   714 PM CDT
SEPTEMBER 26 2017.....SUNRISE   713 AM CDT   SUNSET   712 PM CDT


-  INDICATES NEGATIVE NUMBERS.
R  INDICATES RECORD WAS SET OR TIED.
MM INDICATES DATA IS MISSING.
T  INDICATES TRACE AMOUNT.




$$
