000
CDUS41 KGYX 142156
CLICON


CLIMATE REPORT
NATIONAL WEATHER SERVICE GRAY ME
456 PM EST THU DEC 14 2017


...................................

...THE CONCORD NH CLIMATE SUMMARY FOR DECEMBER 14 2017...
VALID TODAY AS OF 0400 PM LOCAL TIME.

CLIMATE NORMAL PERIOD 1981 TO 2010
CLIMATE RECORD PERIOD 1868 TO 2017


WEATHER ITEM   OBSERVED TIME   RECORD YEAR NORMAL DEPARTURE LAST
                VALUE   (LST)  VALUE       VALUE  FROM      YEAR
                                                  NORMAL
..................................................................
TEMPERATURE (F)
 TODAY
  MAXIMUM         25    202 PM  63    1881  37    -12       38
  MINIMUM         17    120 AM -19    1898  18     -1       15
  AVERAGE         21                        27     -6       27

PRECIPITATION (IN)
  TODAY            0.00          2.00 1920   0.11  -0.11     0.00
  MONTH TO DATE    1.57                      1.54   0.03     1.60
  SINCE DEC 1      1.57                      1.54   0.03     1.60
  SINCE JAN 1     42.41                     38.95   3.46    31.35

SNOWFALL (IN)
  TODAY            0.0           9.6  1956   0.5   -0.5      0.0
  MONTH TO DATE    8.9                       5.8    3.1      7.7
  SINCE DEC 1      8.9                       5.8    3.1      7.7
  SINCE JUL 1      9.5                       8.4    1.1      8.4
  SNOW DEPTH       0

DEGREE DAYS
 HEATING
  TODAY           44                        38      6       38
  MONTH TO DATE  470                       492    -22      477
  SINCE DEC 1    470                       492    -22      477
  SINCE JUL 1   1671                      2052   -381     1729

 COOLING
  TODAY            0                         0      0        0
  MONTH TO DATE    0                         0      0        0
  SINCE DEC 1      0                         0      0        0
  SINCE JAN 1    564                       452    112      715
..................................................................


WIND (MPH)
  HIGHEST WIND SPEED    22   HIGHEST WIND DIRECTION    NW (300)
  HIGHEST GUST SPEED    28   HIGHEST GUST DIRECTION     W (290)
  AVERAGE WIND SPEED     9.9


SKY COVER
  POSSIBLE SUNSHINE  MM
  AVERAGE SKY COVER 0.5


WEATHER CONDITIONS
 THE FOLLOWING WEATHER WAS RECORDED TODAY.
  NO SIGNIFICANT WEATHER WAS OBSERVED.


RELATIVE HUMIDITY (PERCENT)
 HIGHEST    67           200 AM
 LOWEST     36           300 PM
 AVERAGE    52

..........................................................


THE CONCORD NH CLIMATE NORMALS FOR TOMORROW
                         NORMAL    RECORD    YEAR
 MAXIMUM TEMPERATURE (F)   36        60      2008
 MINIMUM TEMPERATURE (F)   17       -14      1874


SUNRISE AND SUNSET
DECEMBER 14 2017......SUNRISE   710 AM EST   SUNSET   411 PM EST
DECEMBER 15 2017......SUNRISE   711 AM EST   SUNSET   411 PM EST


-  INDICATES NEGATIVE NUMBERS.
R  INDICATES RECORD WAS SET OR TIED.
MM INDICATES DATA IS MISSING.
T  INDICATES TRACE AMOUNT.




$$
