000
CDUS41 KGYX 262104
CLICON


CLIMATE REPORT
NATIONAL WEATHER SERVICE GRAY ME
504 PM EDT FRI MAY 26 2017


...................................

...THE CONCORD NH CLIMATE SUMMARY FOR MAY 26 2017...
VALID TODAY AS OF 0500 PM LOCAL TIME.

CLIMATE NORMAL PERIOD 1981 TO 2010
CLIMATE RECORD PERIOD 1868 TO 2017


WEATHER ITEM   OBSERVED TIME   RECORD YEAR NORMAL DEPARTURE LAST
                VALUE   (LST)  VALUE       VALUE  FROM      YEAR
                                                  NORMAL
..................................................................
TEMPERATURE (F)
 TODAY
  MAXIMUM         60    259 PM  96    2010  72    -12       88
  MINIMUM         49    441 AM  28    1956  46      3       54
  AVERAGE         55                        59     -4       71

PRECIPITATION (IN)
  TODAY            1.17          1.21 2003   0.13   1.04     0.01
  MONTH TO DATE    5.66                      3.03   2.63     2.50
  SINCE MAR 1     13.87                      9.71   4.16     6.82
  SINCE JAN 1     18.82                     15.03   3.79    12.57

SNOWFALL (IN)
  TODAY            0.0           T    1967   0.0    0.0      0.0
  MONTH TO DATE    0.0                       0.2   -0.2      0.0
  SINCE MAR 1     29.3                      14.1   15.2      5.0
  SINCE JUL 1     86.3                      61.6   24.7     29.7
  SNOW DEPTH       0

DEGREE DAYS
 HEATING
  TODAY           10                         7      3        0
  MONTH TO DATE  293                       272     21      259
  SINCE MAR 1   1867                      1859      8     1667
  SINCE JUL 1   6365                      7119   -754     6016

 COOLING
  TODAY            0                         1     -1        6
  MONTH TO DATE   24                         9     15       13
  SINCE MAR 1     32                        11     21       13
  SINCE JAN 1     32                        11     21       13
..................................................................


WIND (MPH)
  HIGHEST WIND SPEED    17   HIGHEST WIND DIRECTION     N (10)
  HIGHEST GUST SPEED    24   HIGHEST GUST DIRECTION     N (360)
  AVERAGE WIND SPEED     8.9


SKY COVER
  POSSIBLE SUNSHINE  MM
  AVERAGE SKY COVER 1.0


WEATHER CONDITIONS
 THE FOLLOWING WEATHER WAS RECORDED TODAY.
  THUNDERSTORM
  HEAVY RAIN
  RAIN
  LIGHT RAIN
  FOG


RELATIVE HUMIDITY (PERCENT)
 HIGHEST    93           200 AM
 LOWEST     72           100 PM
 AVERAGE    83

..........................................................


THE CONCORD NH CLIMATE NORMALS FOR TOMORROW
                         NORMAL    RECORD    YEAR
 MAXIMUM TEMPERATURE (F)   72        93      1944
                                             1914
                                             1880
 MINIMUM TEMPERATURE (F)   46        24      1969


SUNRISE AND SUNSET
MAY 26 2017...........SUNRISE   512 AM EDT   SUNSET   814 PM EDT
MAY 27 2017...........SUNRISE   512 AM EDT   SUNSET   815 PM EDT


-  INDICATES NEGATIVE NUMBERS.
R  INDICATES RECORD WAS SET OR TIED.
MM INDICATES DATA IS MISSING.
T  INDICATES TRACE AMOUNT.




$$
