000
CDUS41 KGYX 232153
CLICON


CLIMATE REPORT
NATIONAL WEATHER SERVICE GRAY ME
453 PM EST THU FEB 23 2017


...................................

...THE CONCORD NH CLIMATE SUMMARY FOR FEBRUARY 23 2017...
VALID TODAY AS OF 0400 PM LOCAL TIME.

CLIMATE NORMAL PERIOD 1981 TO 2010
CLIMATE RECORD PERIOD 1868 TO 2017


WEATHER ITEM   OBSERVED TIME   RECORD YEAR NORMAL DEPARTURE LAST
                VALUE   (LST)  VALUE       VALUE  FROM      YEAR
                                                  NORMAL
..................................................................
TEMPERATURE (F)
 TODAY
  MAXIMUM         65R   249 PM  63    1875  37     28       37
  MINIMUM         28    621 AM -12    1963  16     12       15
  AVERAGE         47                        26     21       26

PRECIPITATION (IN)
  TODAY            0.00          1.00 1919   0.10  -0.10      T
  MONTH TO DATE    2.42                      2.12   0.30     2.70
  SINCE DEC 1      7.98                      8.02  -0.04     8.84
  SINCE JAN 1      4.66                      4.82  -0.16     4.06

SNOWFALL (IN)
  TODAY            0.0          10.0  1919   0.5   -0.5       T
  MONTH TO DATE   24.2                      10.3   13.9     11.8
  SINCE DEC 1     56.3                      42.9   13.4     23.8
  SINCE JUL 1     57.0                      45.5   11.5     23.8
  SNOW DEPTH      16

DEGREE DAYS
 HEATING
  TODAY           18                        39    -21       39
  MONTH TO DATE  864                       949    -85      895
  SINCE DEC 1   3139                      3511   -372     2903
  SINCE JUL 1   4391                      5071   -680     4183

 COOLING
  TODAY            0                         0      0        0
  MONTH TO DATE    0                         0      0        0
  SINCE DEC 1      0                         0      0        0
  SINCE JAN 1      0                         0      0        0
..................................................................


WIND (MPH)
  HIGHEST WIND SPEED    16   HIGHEST WIND DIRECTION     S (200)
  HIGHEST GUST SPEED    21   HIGHEST GUST DIRECTION    SW (220)
  AVERAGE WIND SPEED     3.9


SKY COVER
  POSSIBLE SUNSHINE  MM
  AVERAGE SKY COVER 0.3


WEATHER CONDITIONS
 THE FOLLOWING WEATHER WAS RECORDED TODAY.
  FOG
  HAZE


RELATIVE HUMIDITY (PERCENT)
 HIGHEST    92           300 AM
 LOWEST     40           300 PM
 AVERAGE    66

..........................................................


THE CONCORD NH CLIMATE NORMALS FOR TOMORROW
                         NORMAL    RECORD    YEAR
 MAXIMUM TEMPERATURE (F)   37        62      1930
 MINIMUM TEMPERATURE (F)   16       -21      2015


SUNRISE AND SUNSET
FEBRUARY 23 2017......SUNRISE   631 AM EST   SUNSET   528 PM EST
FEBRUARY 24 2017......SUNRISE   630 AM EST   SUNSET   529 PM EST


-  INDICATES NEGATIVE NUMBERS.
R  INDICATES RECORD WAS SET OR TIED.
MM INDICATES DATA IS MISSING.
T  INDICATES TRACE AMOUNT.




$$
