000
CDUS41 KGYX 290827
CLICON


CLIMATE REPORT
NATIONAL WEATHER SERVICE GRAY ME
426 AM EDT WED MAR 29 2017


...................................

...THE CONCORD NH CLIMATE SUMMARY FOR MARCH 28 2017...

CLIMATE NORMAL PERIOD 1981 TO 2010
CLIMATE RECORD PERIOD 1868 TO 2017


WEATHER ITEM   OBSERVED TIME   RECORD YEAR NORMAL DEPARTURE LAST
                VALUE   (LST)  VALUE       VALUE  FROM      YEAR
                                                  NORMAL
..................................................................
TEMPERATURE (F)
 YESTERDAY
  MAXIMUM         41    106 PM  86    1998  49     -8       43
  MINIMUM         33    533 AM   2    1923  27      6       31
  AVERAGE         37                        38     -1       37

PRECIPITATION (IN)
  YESTERDAY        0.33          1.54 2005   0.11   0.22     0.59
  MONTH TO DATE    3.17                      2.94   0.23     2.67
  SINCE MAR 1      3.17                      2.94   0.23     2.67
  SINCE JAN 1      8.12                      8.26  -0.14     8.42

SNOWFALL (IN)
  YESTERDAY        0.0           9.2  1932   0.3   -0.3      0.0
  MONTH TO DATE   16.5                      10.4    6.1      2.3
  SINCE MAR 1     16.5                      10.4    6.1      2.3
  SINCE JUL 1     73.5                      57.9   15.6     27.0
  SNOW DEPTH       8

DEGREE DAYS
 HEATING
  YESTERDAY       28                        27      1       28
  MONTH TO DATE 1024                       907    117      729
  SINCE MAR 1   1024                       907    117      729
  SINCE JUL 1   5522                      6167   -645     5078

 COOLING
  YESTERDAY        0                         0      0        0
  MONTH TO DATE    0                         0      0        0
  SINCE MAR 1      0                         0      0        0
  SINCE JAN 1      0                         0      0        0
..................................................................


WIND (MPH)
  RESULTANT WIND SPEED   1   RESULTANT WIND DIRECTION  SE (150)
  HIGHEST WIND SPEED     8   HIGHEST WIND DIRECTION     S (170)
  HIGHEST GUST SPEED     8   HIGHEST GUST DIRECTION     S (170)
  AVERAGE WIND SPEED     1.6


SKY COVER
  AVERAGE SKY COVER 1.0


WEATHER CONDITIONS
 THE FOLLOWING WEATHER WAS RECORDED YESTERDAY.
  LIGHT RAIN
  FOG


RELATIVE HUMIDITY (PERCENT)
 HIGHEST   100           900 PM
 LOWEST     85          1000 AM
 AVERAGE    93

..........................................................


THE CONCORD NH CLIMATE NORMALS FOR TODAY
                         NORMAL    RECORD    YEAR
 MAXIMUM TEMPERATURE (F)   49        85      1946
 MINIMUM TEMPERATURE (F)   27        -4      1923


SUNRISE AND SUNSET
MARCH 29 2017.........SUNRISE   633 AM EDT   SUNSET   709 PM EDT
MARCH 30 2017.........SUNRISE   631 AM EDT   SUNSET   710 PM EDT


-  INDICATES NEGATIVE NUMBERS.
R  INDICATES RECORD WAS SET OR TIED.
MM INDICATES DATA IS MISSING.
T  INDICATES TRACE AMOUNT.




$$
