000
CDUS45 KPUB 020058
CLICOS


CLIMATE REPORT
NATIONAL WEATHER SERVICE PUEBLO
558 PM MST SUN MAR 1 2015


...................................

...THE COLORADO SPRINGS CO CLIMATE SUMMARY FOR MARCH 1 2015...
VALID TODAY AS OF 0500 PM LOCAL TIME.

CLIMATE NORMAL PERIOD 1981 TO 2010
CLIMATE RECORD PERIOD 1872 TO 2015


WEATHER ITEM   OBSERVED TIME   RECORD YEAR NORMAL DEPARTURE LAST
                VALUE   (LST)  VALUE       VALUE  FROM      YEAR
                                                  NORMAL
..................................................................
TEMPERATURE (F)
 TODAY
  MAXIMUM         31    219 PM  73    2008  48    -17       26
  MINIMUM         10    422 AM  -9    1947  22    -12       11
  AVERAGE         21                        35    -14       19

PRECIPITATION (IN)
  TODAY            T             2.32 1896   0.02  -0.02     0.03
  MONTH TO DATE    T                         0.02  -0.02     0.03
  SINCE MAR 1      T                         0.02  -0.02     0.03
  SINCE JAN 1      2.32                      0.68   1.64     0.92

SNOWFALL (IN)
  TODAY            T            13.3  1896   0.2   -0.2       T
  MONTH TO DATE    T                         0.2   -0.2       T
  SINCE MAR 1      T                         0.2   -0.2       T
  SINCE JUL 1     40.9                      24.2   16.7     24.1
  SNOW DEPTH       2

DEGREE DAYS
 HEATING
  TODAY           44                        30     14       46
  MONTH TO DATE   44                        30     14       46
  SINCE MAR 1     44                        30     14       46
  SINCE JUL 1   4265                      4593   -328     4533

 COOLING
  TODAY            0                         0      0        0
  MONTH TO DATE    0                         0      0        0
  SINCE MAR 1      0                         0      0        0
  SINCE JAN 1      0                         0      0        0
..................................................................


WIND (MPH)
  HIGHEST WIND SPEED    14   HIGHEST WIND DIRECTION     S (170)
  HIGHEST GUST SPEED    16   HIGHEST GUST DIRECTION     S (160)
  AVERAGE WIND SPEED     4.2


SKY COVER
  POSSIBLE SUNSHINE  MM
  AVERAGE SKY COVER 0.6


WEATHER CONDITIONS
 THE FOLLOWING WEATHER WAS RECORDED TODAY.
  LIGHT SNOW
  FOG
  HAZE


RELATIVE HUMIDITY (PERCENT)
 HIGHEST    92           200 AM
 LOWEST     63           200 PM
 AVERAGE    78

..........................................................


THE COLORADO SPRINGS CO CLIMATE NORMALS FOR TOMORROW
                         NORMAL    RECORD    YEAR
 MAXIMUM TEMPERATURE (F)   48        72      2009
                                             1901
 MINIMUM TEMPERATURE (F)   23       -16      1943


SUNRISE AND SUNSET
MARCH  1 2015.........SUNRISE   632 AM MST   SUNSET   551 PM MST
MARCH  2 2015.........SUNRISE   630 AM MST   SUNSET   553 PM MST


-  INDICATES NEGATIVE NUMBERS.
R  INDICATES RECORD WAS SET OR TIED.
MM INDICATES DATA IS MISSING.
T  INDICATES TRACE AMOUNT.




$$
