000
CDUS45 KPUB 301024
CLICOS


CLIMATE REPORT
NATIONAL WEATHER SERVICE PUEBLO
424 AM MDT THU OCT 30 2014


...................................

...THE COLORADO SPRINGS CO CLIMATE SUMMARY FOR OCTOBER 29 2014...

CLIMATE NORMAL PERIOD 1981 TO 2010
CLIMATE RECORD PERIOD 1872 TO 2014


WEATHER ITEM   OBSERVED TIME   RECORD YEAR NORMAL DEPARTURE LAST
                VALUE   (LST)  VALUE       VALUE  FROM      YEAR
                                                  NORMAL
..................................................................
TEMPERATURE (F)
 YESTERDAY
  MAXIMUM         68    141 PM  83    1950  59      9       53
  MINIMUM         31    204 AM  -6    1917  32     -1       30
  AVERAGE         50                        45      5       42

PRECIPITATION (IN)
  YESTERDAY        0.00          0.49 1961   0.02  -0.02     0.03
  MONTH TO DATE    2.96                      0.78   2.18     0.42
  SINCE SEP 1      3.57                      1.97   1.60     5.22
  SINCE JAN 1     16.62                     15.76   0.86    18.88

SNOWFALL (IN)
  YESTERDAY        0.0           4.9  1961   0.2   -0.2      0.0
  MONTH TO DATE    T                         2.7   -2.7      0.2
  SINCE SEP 1      T                         2.9   -2.9      0.2
  SINCE JUL 1      T                         2.9   -2.9      0.2
  SNOW DEPTH       0

DEGREE DAYS
 HEATING
  YESTERDAY       15                        20     -5       23
  MONTH TO DATE  312                       444   -132      472
  SINCE SEP 1    399                       603   -204      545
  SINCE JUL 1    429                       634   -205      555

 COOLING
  YESTERDAY        0                         0      0        0
  MONTH TO DATE    0                         0      0        0
  SINCE SEP 1     60                        36     24       92
  SINCE JAN 1    487                       454     33      694
..................................................................


WIND (MPH)
  HIGHEST WIND SPEED    13   HIGHEST WIND DIRECTION     N (20)
  HIGHEST GUST SPEED    16   HIGHEST GUST DIRECTION    SE (150)
  AVERAGE WIND SPEED     6.8


SKY COVER
  POSSIBLE SUNSHINE  MM
  AVERAGE SKY COVER 0.1


WEATHER CONDITIONS
 THE FOLLOWING WEATHER WAS RECORDED YESTERDAY.
  NO SIGNIFICANT WEATHER WAS OBSERVED.


RELATIVE HUMIDITY (PERCENT)
 HIGHEST    66           100 AM
 LOWEST     12           100 PM
 AVERAGE    39

..........................................................


THE COLORADO SPRINGS CO CLIMATE NORMALS FOR TODAY
                         NORMAL    RECORD    YEAR
 MAXIMUM TEMPERATURE (F)   58        78      1933
 MINIMUM TEMPERATURE (F)   31         1      1917


SUNRISE AND SUNSET
OCTOBER 30 2014.......SUNRISE   724 AM MDT   SUNSET   601 PM MDT
OCTOBER 31 2014.......SUNRISE   725 AM MDT   SUNSET   600 PM MDT


-  INDICATES NEGATIVE NUMBERS.
R  INDICATES RECORD WAS SET OR TIED.
MM INDICATES DATA IS MISSING.
T  INDICATES TRACE AMOUNT.




$$
