000
CDUS45 KPUB 011055
CLICOS


CLIMATE REPORT
NATIONAL WEATHER SERVICE PUEBLO
454 AM MDT WED OCT 1 2014


...................................

...THE COLORADO SPRINGS CO CLIMATE SUMMARY FOR SEPTEMBER 30 2014...

CLIMATE NORMAL PERIOD 1981 TO 2010
CLIMATE RECORD PERIOD 1872 TO 2014


WEATHER ITEM   OBSERVED TIME   RECORD YEAR NORMAL DEPARTURE LAST
                VALUE   (LST)  VALUE       VALUE  FROM      YEAR
                                                  NORMAL
..................................................................
TEMPERATURE (F)
 YESTERDAY
  MAXIMUM         69    137 PM  84    2013  69      0       84
                                      1989
                                      1957
  MINIMUM         40    540 AM  25    1985  41     -1       50
  AVERAGE         55                        55      0       67

PRECIPITATION (IN)
  YESTERDAY        0.00          1.08 1959   0.02  -0.02     0.00
  MONTH TO DATE    0.61                      1.19  -0.58     4.80
  SINCE SEP 1      0.61                      1.19  -0.58     4.80
  SINCE JAN 1     13.66                     14.98  -1.32    18.46

SNOWFALL (IN)
  YESTERDAY        0.0           9.4  1959   0.0    0.0      0.0
  MONTH TO DATE    T                         0.2   -0.2       T
  SINCE SEP 1      T                         0.2   -0.2       T
  SINCE JUL 1      T                         0.2   -0.2       T
  SNOW DEPTH       0

DEGREE DAYS
 HEATING
  YESTERDAY       10                        10      0        0
  MONTH TO DATE   87                       160    -73       73
  SINCE SEP 1     87                       159    -72       73
  SINCE JUL 1    117                       190    -73       83

 COOLING
  YESTERDAY        0                         0      0        2
  MONTH TO DATE   60                        36     24       92
  SINCE SEP 1     60                        36     24       92
  SINCE JAN 1    487                       454     33      694
..................................................................


WIND (MPH)
  HIGHEST WIND SPEED    16   HIGHEST WIND DIRECTION    NW (310)
  HIGHEST GUST SPEED    22   HIGHEST GUST DIRECTION    NW (310)
  AVERAGE WIND SPEED     5.9


SKY COVER
  POSSIBLE SUNSHINE  MM
  AVERAGE SKY COVER 0.5


WEATHER CONDITIONS
 THE FOLLOWING WEATHER WAS RECORDED YESTERDAY.
  NO SIGNIFICANT WEATHER WAS OBSERVED.


RELATIVE HUMIDITY (PERCENT)
 HIGHEST    76           500 AM
 LOWEST     21           200 PM
 AVERAGE    49

..........................................................


THE COLORADO SPRINGS CO CLIMATE NORMALS FOR TODAY
                         NORMAL    RECORD    YEAR
 MAXIMUM TEMPERATURE (F)   68        86      1964
 MINIMUM TEMPERATURE (F)   41        23      1985


SUNRISE AND SUNSET
OCTOBER  1 2014.......SUNRISE   655 AM MDT   SUNSET   642 PM MDT
OCTOBER  2 2014.......SUNRISE   656 AM MDT   SUNSET   640 PM MDT


-  INDICATES NEGATIVE NUMBERS.
R  INDICATES RECORD WAS SET OR TIED.
MM INDICATES DATA IS MISSING.
T  INDICATES TRACE AMOUNT.




$$
