000
CDUS45 KPUB 290024
CLICOS


CLIMATE REPORT
NATIONAL WEATHER SERVICE PUEBLO
523 PM MST WED JAN 28 2015


...................................

...THE COLORADO SPRINGS CO CLIMATE SUMMARY FOR JANUARY 28 2015...
VALID TODAY AS OF 0500 PM LOCAL TIME.

CLIMATE NORMAL PERIOD 1981 TO 2010
CLIMATE RECORD PERIOD 1872 TO 2015


WEATHER ITEM   OBSERVED TIME   RECORD YEAR NORMAL DEPARTURE LAST
                VALUE   (LST)  VALUE       VALUE  FROM      YEAR
                                                  NORMAL
..................................................................
TEMPERATURE (F)
 TODAY
  MAXIMUM         59    252 PM  67    1986  43     16       22
  MINIMUM         47    753 AM -10    1895  18     29       -3
  AVERAGE         53                        30     23       10

PRECIPITATION (IN)
  TODAY            0.00          0.26 1956   0.01  -0.01      T
  MONTH TO DATE    0.80                      0.29   0.51     0.46
  SINCE DEC 1      0.96                      0.63   0.33     0.53
  SINCE JAN 1      0.80                      0.29   0.51     0.46

SNOWFALL (IN)
  TODAY            0.0           3.2  2000   0.2   -0.2       T
  MONTH TO DATE   14.4                       5.1    9.3     10.2
  SINCE DEC 1     18.1                      10.8    7.3     13.1
  SINCE JUL 1     25.2                      18.6    6.6     17.3
  SNOW DEPTH       0

DEGREE DAYS
 HEATING
  TODAY           12                        35    -23       55
  MONTH TO DATE  898                       964    -66      968
  SINCE DEC 1   1928                      2055   -127     2071
  SINCE JUL 1   3253                      3536   -283     3432

 COOLING
  TODAY            0                         0      0        0
  MONTH TO DATE    0                         0      0        0
  SINCE DEC 1      0                         0      0        0
  SINCE JAN 1      0                         0      0        0
..................................................................


WIND (MPH)
  HIGHEST WIND SPEED    33   HIGHEST WIND DIRECTION     W (290)
  HIGHEST GUST SPEED    43   HIGHEST GUST DIRECTION    NW (300)
  AVERAGE WIND SPEED    17.7


SKY COVER
  POSSIBLE SUNSHINE  MM
  AVERAGE SKY COVER 0.3


WEATHER CONDITIONS
 THE FOLLOWING WEATHER WAS RECORDED TODAY.
  NO SIGNIFICANT WEATHER WAS OBSERVED.


RELATIVE HUMIDITY (PERCENT)
 HIGHEST    31           400 AM
 LOWEST     17          1200 PM
 AVERAGE    24

..........................................................


THE COLORADO SPRINGS CO CLIMATE NORMALS FOR TOMORROW
                         NORMAL    RECORD    YEAR
 MAXIMUM TEMPERATURE (F)   43        66      1911
 MINIMUM TEMPERATURE (F)   18       -12      1951


SUNRISE AND SUNSET
JANUARY 28 2015.......SUNRISE   708 AM MST   SUNSET   516 PM MST
JANUARY 29 2015.......SUNRISE   708 AM MST   SUNSET   517 PM MST


-  INDICATES NEGATIVE NUMBERS.
R  INDICATES RECORD WAS SET OR TIED.
MM INDICATES DATA IS MISSING.
T  INDICATES TRACE AMOUNT.




$$
