000
CDUS45 KPUB 280025
CLICOS


CLIMATE REPORT
NATIONAL WEATHER SERVICE PUEBLO
525 PM MST MON FEB 27 2017


...................................

...THE COLORADO SPRINGS CO CLIMATE SUMMARY FOR FEBRUARY 27 2017...
VALID TODAY AS OF 0500 PM LOCAL TIME.

CLIMATE NORMAL PERIOD 1981 TO 2010
CLIMATE RECORD PERIOD 1872 TO 2017


WEATHER ITEM   OBSERVED TIME   RECORD YEAR NORMAL DEPARTURE LAST
                VALUE   (LST)  VALUE       VALUE  FROM      YEAR
                                                  NORMAL
..................................................................
TEMPERATURE (F)
 TODAY
  MAXIMUM         55    252 PM  73    1932  48      7       71
  MINIMUM         15    329 AM -12    1962  22     -7       30
  AVERAGE         35                        35      0       51

PRECIPITATION (IN)
  TODAY            0.00          0.34 1918   0.01  -0.01     0.00
  MONTH TO DATE    0.06                      0.32  -0.26     1.00
  SINCE DEC 1      1.06                      0.98   0.08     1.79
  SINCE JAN 1      0.38                      0.64  -0.26     1.54

SNOWFALL (IN)
  TODAY            0.0           4.0  1918   0.2   -0.2      0.0
  MONTH TO DATE    0.7                       4.7   -4.0     10.1
  SINCE DEC 1     13.4                      16.0   -2.6     21.3
  SINCE JUL 1     13.4                      23.8  -10.4     27.1
  SNOW DEPTH       0

DEGREE DAYS
 HEATING
  TODAY           30                        30      0       14
  MONTH TO DATE  665                       888   -223      770
  SINCE DEC 1   2816                      3050   -234     2764
  SINCE JUL 1   3719                      4531   -812     3867

 COOLING
  TODAY            0                         0      0        0
  MONTH TO DATE    0                         0      0        0
  SINCE DEC 1      0                         0      0        0
  SINCE JAN 1      0                         0      0        0
..................................................................


WIND (MPH)
  HIGHEST WIND SPEED    36   HIGHEST WIND DIRECTION    SW (220)
  HIGHEST GUST SPEED    45   HIGHEST GUST DIRECTION    SW (220)
  AVERAGE WIND SPEED    15.6


SKY COVER
  POSSIBLE SUNSHINE  MM
  AVERAGE SKY COVER 0.3


WEATHER CONDITIONS
 THE FOLLOWING WEATHER WAS RECORDED TODAY.
  NO SIGNIFICANT WEATHER WAS OBSERVED.


RELATIVE HUMIDITY (PERCENT)
 HIGHEST    43           300 AM
 LOWEST     13           100 PM
 AVERAGE    28

..........................................................


THE COLORADO SPRINGS CO CLIMATE NORMALS FOR TOMORROW
                         NORMAL    RECORD    YEAR
 MAXIMUM TEMPERATURE (F)   48        74      2006
 MINIMUM TEMPERATURE (F)   22       -16      1962


SUNRISE AND SUNSET
FEBRUARY 27 2017......SUNRISE   634 AM MST   SUNSET   550 PM MST
FEBRUARY 28 2017......SUNRISE   632 AM MST   SUNSET   551 PM MST


-  INDICATES NEGATIVE NUMBERS.
R  INDICATES RECORD WAS SET OR TIED.
MM INDICATES DATA IS MISSING.
T  INDICATES TRACE AMOUNT.




$$
