517
CDUS43 KLSX 302227
CLICOU


CLIMATE REPORT
NATIONAL WEATHER SERVICE ST LOUIS MO
527 PM CDT MON MAY 30 2016


...................................

...THE COLUMBIA ASOS CLIMATE SUMMARY FOR MAY 30 2016...
VALID TODAY AS OF 0500 PM LOCAL TIME.

CLIMATE NORMAL PERIOD 1981 TO 2010
CLIMATE RECORD PERIOD 1890 TO 2016


WEATHER ITEM   OBSERVED TIME   RECORD YEAR NORMAL DEPARTURE LAST
                VALUE   (LST)  VALUE       VALUE  FROM      YEAR
                                                  NORMAL
..................................................................
TEMPERATURE (F)
 TODAY
  MAXIMUM         85   1259 PM  99    1934  78      7       75
  MINIMUM         63    403 AM  39    1984  58      5       59
  AVERAGE         74                        68      6       67

PRECIPITATION (IN)
  TODAY            0.00          2.98 1974   0.16  -0.16     0.40
  MONTH TO DATE    3.94                      4.83  -0.89     5.68
  SINCE MAR 1      8.46                     12.23  -3.77    10.51
  SINCE JAN 1     10.11                     16.40  -6.29    12.86

SNOWFALL (IN)
  TODAY            0.0           0.0  2015   0.0    0.0      0.0
  MONTH TO DATE    0.0                       0.0    0.0      0.0
  SINCE MAR 1      T                         1.9   -1.9      1.6
  SINCE JUL 1      9.0                      18.0   -9.0     12.0
  SNOW DEPTH       0

DEGREE DAYS
 HEATING
  TODAY            0                         1     -1        0
  MONTH TO DATE  128                       108     20       73
  SINCE MAR 1    775                      1065   -290      877
  SINCE JUL 1   3952                      5011  -1059     4932

 COOLING
  TODAY            9                         4      5        2
  MONTH TO DATE   84                        73     11      104
  SINCE MAR 1    116                        98     18      119
  SINCE JAN 1    116                        98     18      119
..................................................................


WIND (MPH)
  HIGHEST WIND SPEED    10   HIGHEST WIND DIRECTION     S (160)
  HIGHEST GUST SPEED    16   HIGHEST GUST DIRECTION     S (170)
  AVERAGE WIND SPEED     5.4


SKY COVER
  AVERAGE SKY COVER 0.0



RELATIVE HUMIDITY (PERCENT)
 HIGHEST    93           400 AM
 LOWEST     48           100 PM
 AVERAGE    71

..........................................................


THE COLUMBIA ASOS CLIMATE NORMALS FOR TOMORROW
                         NORMAL    RECORD    YEAR
 MAXIMUM TEMPERATURE (F)   79       101      1934
 MINIMUM TEMPERATURE (F)   58        38      1894


SUNRISE AND SUNSET
MAY 30 2016...........SUNRISE   546 AM CDT   SUNSET   827 PM CDT
MAY 31 2016...........SUNRISE   546 AM CDT   SUNSET   828 PM CDT


-  INDICATES NEGATIVE NUMBERS.
R  INDICATES RECORD WAS SET OR TIED.
MM INDICATES DATA IS MISSING.
T  INDICATES TRACE AMOUNT.




$$
