000
CDUS43 KLSX 260728
CLICOU


CLIMATE REPORT
NATIONAL WEATHER SERVICE ST LOUIS MO
127 AM CST MON JAN 26 2015


...................................

...THE COLUMBIA ASOS CLIMATE SUMMARY FOR JANUARY 25 2015...

CLIMATE NORMAL PERIOD 1981 TO 2010
CLIMATE RECORD PERIOD 1890 TO 2015


WEATHER ITEM   OBSERVED TIME   RECORD YEAR NORMAL DEPARTURE LAST
                VALUE   (LST)  VALUE       VALUE  FROM      YEAR
                                                  NORMAL
..................................................................
TEMPERATURE (F)
 YESTERDAY
  MAXIMUM         52   1223 AM  73    1950  39     13       44
  MINIMUM         31   1159 PM -16    1894  21     10       21
  AVERAGE         42                        30     12       33

PRECIPITATION (IN)
  YESTERDAY        0.14          1.02 1895   0.06   0.08      T
  MONTH TO DATE    0.67                      1.54  -0.87     0.90
  SINCE DEC 1      2.85                      3.98  -1.13     2.61
  SINCE JAN 1      0.67                      1.54  -0.87     0.90

SNOWFALL (IN)
  YESTERDAY        T             7.5  1895   0.2   -0.2      0.0
  MONTH TO DATE    0.1                       4.9   -4.8      7.5
  SINCE DEC 1      1.1                       9.3   -8.2      9.9
  SINCE JUL 1      1.9                      10.2   -8.3      9.9
  SNOW DEPTH       0

DEGREE DAYS
 HEATING
  YESTERDAY       23                        35    -12       32
  MONTH TO DATE  854                       888    -34      990
  SINCE DEC 1   1724                      1898   -174     2070
  SINCE JUL 1   2805                      2883    -78     3077

 COOLING
  YESTERDAY        0                         0      0        0
  MONTH TO DATE    0                         0      0        0
  SINCE DEC 1      0                         0      0        0
  SINCE JAN 1      0                         0      0        0
..................................................................


WIND (MPH)
  HIGHEST WIND SPEED    26   HIGHEST WIND DIRECTION     N (350)
  HIGHEST GUST SPEED    33   HIGHEST GUST DIRECTION     N (350)
  AVERAGE WIND SPEED    13.8


SKY COVER
  AVERAGE SKY COVER 1.0


WEATHER CONDITIONS
 THE FOLLOWING WEATHER WAS RECORDED YESTERDAY.
  LIGHT RAIN
  FOG


RELATIVE HUMIDITY (PERCENT)
 HIGHEST   100
 LOWEST     52
 AVERAGE    76

..........................................................


THE COLUMBIA ASOS CLIMATE NORMALS FOR TODAY
                         NORMAL    RECORD    YEAR
 MAXIMUM TEMPERATURE (F)   39        71      1911
 MINIMUM TEMPERATURE (F)   21       -13      1904


SUNRISE AND SUNSET
JANUARY 26 2015.......SUNRISE   720 AM CST   SUNSET   523 PM CST
JANUARY 27 2015.......SUNRISE   719 AM CST   SUNSET   524 PM CST


-  INDICATES NEGATIVE NUMBERS.
R  INDICATES RECORD WAS SET OR TIED.
MM INDICATES DATA IS MISSING.
T  INDICATES TRACE AMOUNT.




$$
