000
CDUS43 KLSX 040734
CLICOU


CLIMATE REPORT
NATIONAL WEATHER SERVICE ST LOUIS MO
133 AM CST WED MAR 4 2015


...................................

...THE COLUMBIA ASOS CLIMATE SUMMARY FOR MARCH 3 2015...

CLIMATE NORMAL PERIOD 1981 TO 2010
CLIMATE RECORD PERIOD 1890 TO 2015


WEATHER ITEM   OBSERVED TIME   RECORD YEAR NORMAL DEPARTURE LAST
                VALUE   (LST)  VALUE       VALUE  FROM      YEAR
                                                  NORMAL
..................................................................
TEMPERATURE (F)
 YESTERDAY
  MAXIMUM         45   1231 PM  80    1983  50     -5       25
                                      1946
  MINIMUM         32    157 AM  -2    2014  30      2       -2
  AVERAGE         39                        40     -1       12

PRECIPITATION (IN)
  YESTERDAY        T             1.24 1976   0.08  -0.08     0.00
  MONTH TO DATE    0.07                      0.25  -0.18     0.05
  SINCE MAR 1      0.07                      0.25  -0.18     0.05
  SINCE JAN 1      2.42                      4.42  -2.00     2.31

SNOWFALL (IN)
  YESTERDAY        T             1.6  1988   0.1   -0.1      0.0
  MONTH TO DATE    1.0                       0.3    0.7      0.4
  SINCE MAR 1      1.0                       0.3    0.7      0.4
  SINCE JUL 1     11.4                      16.4   -5.0     17.7
  SNOW DEPTH       1

DEGREE DAYS
 HEATING
  YESTERDAY       26                        25      1       53
  MONTH TO DATE  107                        77     30      144
  SINCE MAR 1    107                        77     30      144
  SINCE JUL 1   4162                      4023    139     4573

 COOLING
  YESTERDAY        0                         0      0        0
  MONTH TO DATE    0                         0      0        0
  SINCE MAR 1      0                         0      0        0
  SINCE JAN 1      0                         0      0        0
..................................................................


WIND (MPH)
  HIGHEST WIND SPEED    24   HIGHEST WIND DIRECTION     W (260)
  HIGHEST GUST SPEED    33   HIGHEST GUST DIRECTION     W (260)
  AVERAGE WIND SPEED    10.9


SKY COVER
  AVERAGE SKY COVER 1.0


WEATHER CONDITIONS
 THE FOLLOWING WEATHER WAS RECORDED YESTERDAY.
  LIGHT RAIN
  FOG


RELATIVE HUMIDITY (PERCENT)
 HIGHEST   100
 LOWEST     61
 AVERAGE    81

..........................................................


THE COLUMBIA ASOS CLIMATE NORMALS FOR TODAY
                         NORMAL    RECORD    YEAR
 MAXIMUM TEMPERATURE (F)   50        80      1938
 MINIMUM TEMPERATURE (F)   30        -5      1978


SUNRISE AND SUNSET
MARCH  4 2015.........SUNRISE   637 AM CST   SUNSET   605 PM CST
MARCH  5 2015.........SUNRISE   636 AM CST   SUNSET   606 PM CST


-  INDICATES NEGATIVE NUMBERS.
R  INDICATES RECORD WAS SET OR TIED.
MM INDICATES DATA IS MISSING.
T  INDICATES TRACE AMOUNT.




$$
