000
CDUS45 KRIW 110741
CLICPR


CLIMATE REPORT
NATIONAL WEATHER SERVICE RIVERTON WY
1231 AM MST THU FEB 11 2016


...................................

...THE CASPER WY CLIMATE SUMMARY FOR FEBRUARY 10 2016...

CLIMATE NORMAL PERIOD 1981 TO 2010
CLIMATE RECORD PERIOD 1939 TO 2016


WEATHER ITEM   OBSERVED TIME   RECORD YEAR NORMAL DEPARTURE LAST
                VALUE   (LST)  VALUE       VALUE  FROM      YEAR
                                                  NORMAL
..................................................................
TEMPERATURE (F)
 YESTERDAY
  MAXIMUM         43    439 PM  60    1951  36      7       53
  MINIMUM         35    518 AM -19    1981  15     20       31
  AVERAGE         39                        26     13       42

PRECIPITATION (IN)
  YESTERDAY        0.00          0.31 1993   0.02  -0.02      T
  MONTH TO DATE    0.34                      0.19   0.15     0.30
  SINCE DEC 1      2.39                      1.19   1.20     2.07
  SINCE JAN 1      1.33                      0.70   0.63     0.82

SNOWFALL (IN)
  YESTERDAY        0.0                       0.3   -0.3      0.0
  MONTH TO DATE   14.6                       3.4   11.2      3.0
  SINCE DEC 1     44.8                      23.5   21.3     27.2
  SINCE JUL 1     58.1                      43.0   15.1     42.0
  SNOW DEPTH       5

DEGREE DAYS
 HEATING
  YESTERDAY       26                        39    -13       23
  MONTH TO DATE  441                       399     42      262
  SINCE DEC 1   2891                      2922    -31     2569
  SINCE JUL 1   4413                      4776   -363     4344

 COOLING
  YESTERDAY        0                         0      0        0
  MONTH TO DATE    0                         0      0        0
  SINCE DEC 1      0                         0      0        0
  SINCE JAN 1      0                         0      0        0
..................................................................


WIND (MPH)
  HIGHEST WIND SPEED    36   HIGHEST WIND DIRECTION    SW (210)
  HIGHEST GUST SPEED    46   HIGHEST GUST DIRECTION    SW (210)
  AVERAGE WIND SPEED    20.2


SKY COVER
  POSSIBLE SUNSHINE  MM
  AVERAGE SKY COVER 0.0


WEATHER CONDITIONS
 THE FOLLOWING WEATHER WAS RECORDED YESTERDAY.
  LIGHT RAIN
  LIGHT SNOW


RELATIVE HUMIDITY (PERCENT)
 HIGHEST    56           200 AM
 LOWEST     43           500 PM
 AVERAGE    50

..........................................................


THE CASPER WY CLIMATE NORMALS FOR TODAY
                         NORMAL    RECORD    YEAR
 MAXIMUM TEMPERATURE (F)   37        65      1962
 MINIMUM TEMPERATURE (F)   15       -17      1986


SUNRISE AND SUNSET
FEBRUARY 11 2016......SUNRISE   709 AM MST   SUNSET   532 PM MST
FEBRUARY 12 2016......SUNRISE   708 AM MST   SUNSET   533 PM MST


-  INDICATES NEGATIVE NUMBERS.
R  INDICATES RECORD WAS SET OR TIED.
MM INDICATES DATA IS MISSING.
T  INDICATES TRACE AMOUNT.




$$
