000
CDUS45 KRIW 230740
CLICPR


CLIMATE REPORT
NATIONAL WEATHER SERVICE RIVERTON WY
130 AM MDT SAT JUL 23 2016


...................................

...THE CASPER WY CLIMATE SUMMARY FOR JULY 22 2016...

CLIMATE NORMAL PERIOD 1981 TO 2010
CLIMATE RECORD PERIOD 1939 TO 2016


WEATHER ITEM   OBSERVED TIME   RECORD YEAR NORMAL DEPARTURE LAST
                VALUE   (LST)  VALUE       VALUE  FROM      YEAR
                                                  NORMAL
..................................................................
TEMPERATURE (F)
 YESTERDAY
  MAXIMUM         96    502 PM 103    2005  89      7       88
  MINIMUM         59    329 AM  44    1978  54      5       52
  AVERAGE         78                        72      6       70

PRECIPITATION (IN)
  YESTERDAY        0.07          1.78 1983   0.05   0.02     0.10
  MONTH TO DATE    0.08                      1.00  -0.92     0.55
  SINCE JUN 1      1.25                      2.61  -1.36     2.05
  SINCE JAN 1     10.71                      7.82   2.89     9.55

SNOWFALL (IN)
  YESTERDAY        0.0                       0.0    0.0      0.0
  MONTH TO DATE    0.0                       0.0    0.0      0.0
  SINCE JUN 1      0.0                       0.1   -0.1      0.0
  SINCE JUL 1      0.0                       0.0    0.0      0.0
  SNOW DEPTH       0

DEGREE DAYS
 HEATING
  YESTERDAY        0                         0      0        0
  MONTH TO DATE    5                        11     -6        7
  SINCE JUN 1     42                       147   -105       33
  SINCE JUL 1      5                        11     -6        7

 COOLING
  YESTERDAY       13                         7      6        5
  MONTH TO DATE  131                       127      4       92
  SINCE JUN 1    234                       180     54      168
  SINCE JAN 1    234                       184     50      168
..................................................................


WIND (MPH)
  HIGHEST WIND SPEED    36   HIGHEST WIND DIRECTION     W (250)
  HIGHEST GUST SPEED    43   HIGHEST GUST DIRECTION     W (260)
  AVERAGE WIND SPEED    10.2


SKY COVER
  POSSIBLE SUNSHINE  MM
  AVERAGE SKY COVER 0.0


WEATHER CONDITIONS
 THE FOLLOWING WEATHER WAS RECORDED YESTERDAY.
  HEAVY RAIN
  LIGHT RAIN


RELATIVE HUMIDITY (PERCENT)
 HIGHEST    52           300 AM
 LOWEST     13           500 PM
 AVERAGE    33

..........................................................


THE CASPER WY CLIMATE NORMALS FOR TODAY
                         NORMAL    RECORD    YEAR
 MAXIMUM TEMPERATURE (F)   89       100      2014
                                             2006
                                             2000
 MINIMUM TEMPERATURE (F)   54        43      1972


SUNRISE AND SUNSET
JULY 23 2016..........SUNRISE   548 AM MDT   SUNSET   836 PM MDT
JULY 24 2016..........SUNRISE   549 AM MDT   SUNSET   835 PM MDT


-  INDICATES NEGATIVE NUMBERS.
R  INDICATES RECORD WAS SET OR TIED.
MM INDICATES DATA IS MISSING.
T  INDICATES TRACE AMOUNT.




$$
