000
CDUS45 KRIW 290035
CLICPR


CLIMATE REPORT
NATIONAL WEATHER SERVICE RIVERTON WY
535 PM MST FRI NOV 28 2014


...................................

...THE CASPER WY CLIMATE SUMMARY FOR NOVEMBER 28 2014...
VALID TODAY AS OF 0500 PM LOCAL TIME.

CLIMATE NORMAL PERIOD 1981 TO 2010
CLIMATE RECORD PERIOD 1939 TO 2014


WEATHER ITEM   OBSERVED TIME   RECORD YEAR NORMAL DEPARTURE LAST
                VALUE   (LST)  VALUE       VALUE  FROM      YEAR
                                                  NORMAL
..................................................................
TEMPERATURE (F)
 TODAY
  MAXIMUM         57        MM  61    1998  38     19       45
  MINIMUM         40        MM  -9    1952  17     23       15
  AVERAGE         49                        27     22       30

PRECIPITATION (IN)
  TODAY            0.00          0.24 1975   0.02  -0.02     0.00
  MONTH TO DATE    0.77                      0.72   0.05     0.24
  SINCE SEP 1      2.46                      2.91  -0.45     4.74
  SINCE JAN 1     10.84                     11.99  -1.15    13.94

SNOWFALL (IN)
  TODAY            0.0                       0.3   -0.3      0.0
  MONTH TO DATE   10.6                       9.6    1.0      3.6
  SINCE SEP 1     14.8                      18.8   -4.0     24.8
  SINCE JUL 1     14.8                      18.8   -4.0     24.8
  SNOW DEPTH       0

DEGREE DAYS
 HEATING
  TODAY           16                        38    -22       35
  MONTH TO DATE  996                       881    115      908
  SINCE SEP 1   1640                      1734    -94     1797
  SINCE JUL 1   1687                      1780    -93     1797

 COOLING
  TODAY            0                         0      0        0
  MONTH TO DATE    0                         0      0        0
  SINCE SEP 1     29                        25      4       80
  SINCE JAN 1    357                       422    -65      618
..................................................................


WIND (MPH)
  HIGHEST WIND SPEED    22   HIGHEST WIND DIRECTION    SW (230)
  HIGHEST GUST SPEED    38   HIGHEST GUST DIRECTION    SW (230)
  AVERAGE WIND SPEED    16.7


SKY COVER
  POSSIBLE SUNSHINE  MM
  AVERAGE SKY COVER 0.0


WEATHER CONDITIONS
 THE FOLLOWING WEATHER WAS RECORDED TODAY.
  NO SIGNIFICANT WEATHER WAS OBSERVED.


RELATIVE HUMIDITY (PERCENT)
 HIGHEST    51          1200 AM
 LOWEST     20           300 PM
 AVERAGE    36

..........................................................


THE CASPER WY CLIMATE NORMALS FOR TOMORROW
                         NORMAL    RECORD    YEAR
 MAXIMUM TEMPERATURE (F)   37        58      1999
                                             1945
 MINIMUM TEMPERATURE (F)   16       -10      1975


SUNRISE AND SUNSET
NOVEMBER 28 2014......SUNRISE   714 AM MST   SUNSET   434 PM MST
NOVEMBER 29 2014......SUNRISE   715 AM MST   SUNSET   433 PM MST


-  INDICATES NEGATIVE NUMBERS.
R  INDICATES RECORD WAS SET OR TIED.
MM INDICATES DATA IS MISSING.
T  INDICATES TRACE AMOUNT.




$$
