000
CDUS45 KRIW 020028
CLICPR


CLIMATE REPORT
NATIONAL WEATHER SERVICE RIVERTON WY
628 PM MDT FRI AUG 1 2014


...................................

...THE CASPER WY CLIMATE SUMMARY FOR AUGUST 1 2014...
VALID TODAY AS OF 0500 PM LOCAL TIME.

CLIMATE NORMAL PERIOD 1981 TO 2010
CLIMATE RECORD PERIOD 1939 TO 2014


WEATHER ITEM   OBSERVED TIME   RECORD YEAR NORMAL DEPARTURE LAST
                VALUE   (LST)  VALUE       VALUE  FROM      YEAR
                                                  NORMAL
..................................................................
TEMPERATURE (F)
 TODAY
  MAXIMUM         89        MM  99    2008  89      0       92
  MINIMUM         49        MM  42    1968  54     -5       52
  AVERAGE         69                        72     -3       72

PRECIPITATION (IN)
  TODAY            0.00          0.31 2006   0.04  -0.04     0.00
  MONTH TO DATE    0.00                      0.04  -0.04     0.00
  SINCE JUN 1      2.52                      3.06  -0.54     2.53
  SINCE JAN 1      7.28                      8.27  -0.99     8.50

SNOWFALL (IN)
  TODAY            0.0                       0.0    0.0      0.0
  MONTH TO DATE    0.0                       0.0    0.0      0.0
  SINCE JUN 1      T                         0.1   -0.1      0.0
  SINCE JUL 1      T                         0.0    0.0      0.0
  SNOW DEPTH       0

DEGREE DAYS
 HEATING
  TODAY            0                         0      0        0
  MONTH TO DATE    0                         0      0        0
  SINCE JUN 1    174                       152     22       72
  SINCE JUL 1     16                        16      0        0

 COOLING
  TODAY            4                         7     -3        7
  MONTH TO DATE    4                         7     -3        7
  SINCE JUN 1    209                       248    -39      320
  SINCE JAN 1    215                       252    -37      330
..................................................................


WIND (MPH)
  HIGHEST WIND SPEED    13   HIGHEST WIND DIRECTION     N (360)
  HIGHEST GUST SPEED    17   HIGHEST GUST DIRECTION    NW (330)
  AVERAGE WIND SPEED     6.6


SKY COVER
  POSSIBLE SUNSHINE  MM
  AVERAGE SKY COVER 0.0


WEATHER CONDITIONS
 THE FOLLOWING WEATHER WAS RECORDED TODAY.
  NO SIGNIFICANT WEATHER WAS OBSERVED.


RELATIVE HUMIDITY (PERCENT)
 HIGHEST    64           600 AM
 LOWEST     12          1200 PM
 AVERAGE    38

..........................................................


THE CASPER WY CLIMATE NORMALS FOR TOMORROW
                         NORMAL    RECORD    YEAR
 MAXIMUM TEMPERATURE (F)   89        99      2000
 MINIMUM TEMPERATURE (F)   54        45      1975


SUNRISE AND SUNSET
AUGUST  1 2014........SUNRISE   557 AM MDT   SUNSET   827 PM MDT
AUGUST  2 2014........SUNRISE   558 AM MDT   SUNSET   825 PM MDT


-  INDICATES NEGATIVE NUMBERS.
R  INDICATES RECORD WAS SET OR TIED.
MM INDICATES DATA IS MISSING.
T  INDICATES TRACE AMOUNT.




$$
