000
CDUS45 KRIW 020737
CLICPR


CLIMATE REPORT
NATIONAL WEATHER SERVICE RIVERTON WY
135 AM MDT THU JUL 2 2015


...................................

...THE CASPER WY CLIMATE SUMMARY FOR JULY 1 2015...

CLIMATE NORMAL PERIOD 1981 TO 2010
CLIMATE RECORD PERIOD 1939 TO 2015


WEATHER ITEM   OBSERVED TIME   RECORD YEAR NORMAL DEPARTURE LAST
                VALUE   (LST)  VALUE       VALUE  FROM      YEAR
                                                  NORMAL
..................................................................
TEMPERATURE (F)
 YESTERDAY
  MAXIMUM         92    244 PM 100    2012  85      7       77
  MINIMUM         57    333 AM  37    1968  50      7       40
  AVERAGE         75                        68      7       59

PRECIPITATION (IN)
  YESTERDAY        0.06          0.65 2009   0.05   0.01     0.00
  MONTH TO DATE    0.06                      0.05   0.01     0.00
  SINCE JUN 1      1.56                      1.66  -0.10     1.35
  SINCE JAN 1      9.06                      6.87   2.19     6.11

SNOWFALL (IN)
  YESTERDAY        0.0                       0.0    0.0      0.0
  MONTH TO DATE    0.0                       0.0    0.0      0.0
  SINCE JUN 1      0.0                       0.1   -0.1      0.0
  SINCE JUL 1      0.0                       0.0    0.0      0.0
  SNOW DEPTH       0

DEGREE DAYS
 HEATING
  YESTERDAY        0                         1     -1        6
  MONTH TO DATE    0                         1     -1        6
  SINCE JUN 1     26                       137   -111      164
  SINCE JUL 1      0                         1     -1        6

 COOLING
  YESTERDAY       10                         4      6        0
  MONTH TO DATE   10                         4      6        0
  SINCE JUN 1     86                        57     29       17
  SINCE JAN 1     86                        61     25       23
..................................................................


WIND (MPH)
  HIGHEST WIND SPEED    20   HIGHEST WIND DIRECTION     S (200)
  HIGHEST GUST SPEED    23   HIGHEST GUST DIRECTION    NE (50)
  AVERAGE WIND SPEED     6.8


SKY COVER
  POSSIBLE SUNSHINE  MM
  AVERAGE SKY COVER 0.1


WEATHER CONDITIONS
 THE FOLLOWING WEATHER WAS RECORDED YESTERDAY.
  THUNDERSTORM


RELATIVE HUMIDITY (PERCENT)
 HIGHEST    84           900 PM
 LOWEST     20           300 PM
 AVERAGE    52

..........................................................


THE CASPER WY CLIMATE NORMALS FOR TODAY
                         NORMAL    RECORD    YEAR
 MAXIMUM TEMPERATURE (F)   86       101      1990
 MINIMUM TEMPERATURE (F)   51        34      1997


SUNRISE AND SUNSET
JULY  2 2015..........SUNRISE   531 AM MDT   SUNSET   848 PM MDT
JULY  3 2015..........SUNRISE   532 AM MDT   SUNSET   848 PM MDT


-  INDICATES NEGATIVE NUMBERS.
R  INDICATES RECORD WAS SET OR TIED.
MM INDICATES DATA IS MISSING.
T  INDICATES TRACE AMOUNT.




$$
