000
CDUS46 KLOX 270918
CLICQT


CLIMATE REPORT
NATIONAL WEATHER SERVICE LOS ANGELES/OXNARD CA
118 AM PST MON FEB 27 2017


...................................

...THE DOWNTOWN LOS ANGELES (USC) CA CLIMATE SUMMARY FOR FEBRUARY 26 2017...

CLIMATE NORMAL PERIOD 1981 TO 2010
CLIMATE RECORD PERIOD 1877 TO 2017


WEATHER ITEM   OBSERVED TIME   RECORD YEAR NORMAL DEPARTURE LAST
                VALUE   (LST)  VALUE       VALUE  FROM      YEAR
                                                  NORMAL
..................................................................
TEMPERATURE (F)
 YESTERDAY
  MAXIMUM         58   1248 PM  87    2002  69    -11       79
                                      1980
                                      1926
  MINIMUM         49    538 AM  37    1894  50     -1       54
  AVERAGE         54                        60     -6       67

PRECIPITATION (IN)
  YESTERDAY        0.06          1.08 1983   0.13  -0.07     0.00
  MONTH TO DATE    4.17                      3.55   0.62     0.79
  SINCE OCT 1     18.50                     10.70   7.80     4.99
  SINCE JAN 1     12.55                      6.67   5.88     3.96

SNOWFALL (IN)
  YESTERDAY       MM
  MONTH TO DATE    0.0
  SINCE DEC 1      0.0
  SINCE JUL 1      0.0

DEGREE DAYS
 HEATING
  YESTERDAY       11                         6      5        0
  MONTH TO DATE  128                       174    -46       68
  SINCE DEC 1    565                       634    -69      535
  SINCE JUL 1    636                       765   -129      639

 COOLING
  YESTERDAY        0                         1     -1        2
  MONTH TO DATE    5                        13     -8       74
  SINCE DEC 1     14                        26    -12       84
  SINCE JAN 1      8                        22    -14       74
..................................................................


WIND (MPH)
  HIGHEST WIND SPEED     8   HIGHEST WIND DIRECTION    SE (130)
  HIGHEST GUST SPEED    13   HIGHEST GUST DIRECTION     E (100)
  AVERAGE WIND SPEED     2.0


SKY COVER
  POSSIBLE SUNSHINE  MM
  AVERAGE SKY COVER 0.9


WEATHER CONDITIONS
 THE FOLLOWING WEATHER WAS RECORDED YESTERDAY.
  LIGHT RAIN


RELATIVE HUMIDITY (PERCENT)
 HIGHEST    77           300 PM
 LOWEST     59           400 AM
 AVERAGE    68

..........................................................


THE DOWNTOWN LOS ANGELES (USC) CA CLIMATE NORMALS FOR TODAY
                         NORMAL    RECORD    YEAR
 MAXIMUM TEMPERATURE (F)   69        86      1992
                                             1901
 MINIMUM TEMPERATURE (F)   50        38      1894
                                             1893


SUNRISE AND SUNSET
FEBRUARY 27 2017......SUNRISE   624 AM PST   SUNSET   548 PM PST
FEBRUARY 28 2017......SUNRISE   623 AM PST   SUNSET   549 PM PST


-  INDICATES NEGATIVE NUMBERS.
R  INDICATES RECORD WAS SET OR TIED.
MM INDICATES DATA IS MISSING.
T  INDICATES TRACE AMOUNT.




$$
