000
CDUS46 KLOX 190122
CLICQT


CLIMATE REPORT
NATIONAL WEATHER SERVICE LOS ANGELES/OXNARD CA
521 PM PST WED JAN 18 2017


...................................

...THE DOWNTOWN LOS ANGELES (USC) CA CLIMATE SUMMARY FOR JANUARY 18 2017...
VALID TODAY AS OF 0500 PM LOCAL TIME.

CLIMATE NORMAL PERIOD 1981 TO 2010
CLIMATE RECORD PERIOD 1877 TO 2017


WEATHER ITEM   OBSERVED TIME   RECORD YEAR NORMAL DEPARTURE LAST
                VALUE   (LST)  VALUE       VALUE  FROM      YEAR
                                                  NORMAL
..................................................................
TEMPERATURE (F)
 TODAY
  MAXIMUM         62    121 PM  95    1971  68     -6       63
  MINIMUM         47    714 AM  37    1892  48     -1       55
                                      1884
  AVERAGE         55                        58     -3       59

PRECIPITATION (IN)
  TODAY            0.00          2.30 1914   0.10  -0.10     0.00
  MONTH TO DATE    2.85                      1.86   0.99     2.72
  SINCE OCT 1      8.80                      5.89   2.91     3.75
  SINCE JAN 1      2.85                      1.86   0.99     2.72

SNOWFALL (IN)
  TODAY            0.0
  MONTH TO DATE    0.0
  SINCE DEC 1      0.0
  SINCE JUL 1      0.0

DEGREE DAYS
 HEATING
  TODAY           10                         7      3        6
  MONTH TO DATE  128                       132     -4      160
  SINCE DEC 1    325                       366    -41      407
  SINCE JUL 1    396                       497   -101      511

 COOLING
  TODAY            0                         0      0        0
  MONTH TO DATE    1                         0      1        0
  SINCE DEC 1      7                         4      3       10
  SINCE JAN 1      1                         0      1        0
..................................................................


WIND (MPH)
  HIGHEST WIND SPEED     9   HIGHEST WIND DIRECTION     W (280)
  HIGHEST GUST SPEED    17   HIGHEST GUST DIRECTION     W (270)
  AVERAGE WIND SPEED     1.4


SKY COVER
  POSSIBLE SUNSHINE  MM
  AVERAGE SKY COVER 0.4


WEATHER CONDITIONS
 THE FOLLOWING WEATHER WAS RECORDED TODAY.
  HAZE


RELATIVE HUMIDITY (PERCENT)
 HIGHEST    89           100 AM
 LOWEST     62          1000 AM
 AVERAGE    76

..........................................................


THE DOWNTOWN LOS ANGELES (USC) CA CLIMATE NORMALS FOR TOMORROW
                         NORMAL    RECORD    YEAR
 MAXIMUM TEMPERATURE (F)   68        92      1971
 MINIMUM TEMPERATURE (F)   48        32      1889


SUNRISE AND SUNSET
JANUARY 18 2017.......SUNRISE   657 AM PST   SUNSET   510 PM PST
JANUARY 19 2017.......SUNRISE   657 AM PST   SUNSET   511 PM PST


-  INDICATES NEGATIVE NUMBERS.
R  INDICATES RECORD WAS SET OR TIED.
MM INDICATES DATA IS MISSING.
T  INDICATES TRACE AMOUNT.




$$
