000
CDUS46 KLOX 220901
CLICQT


CLIMATE REPORT
NATIONAL WEATHER SERVICE LOS ANGELES/OXNARD CA
101 AM PST THU FEB 22 2018


...................................

...THE DOWNTOWN LOS ANGELES (USC) CA CLIMATE SUMMARY FOR FEBRUARY 21 2018...

CLIMATE NORMAL PERIOD 1981 TO 2010
CLIMATE RECORD PERIOD 1877 TO 2018


WEATHER ITEM   OBSERVED TIME   RECORD YEAR NORMAL DEPARTURE LAST
                VALUE   (LST)  VALUE       VALUE  FROM      YEAR
                                                  NORMAL
..................................................................
TEMPERATURE (F)
 YESTERDAY
  MAXIMUM         62   1229 PM  88    2002  69     -7       68
  MINIMUM         47    708 AM  35    1897  50     -3       58
  AVERAGE         55                        59     -4       63

PRECIPITATION (IN)
  YESTERDAY        0.00          2.08 2005   0.15  -0.15     0.03
  MONTH TO DATE    0.01                      2.86  -2.85     4.11
  SINCE OCT 1      1.90                     10.01  -8.11    18.44
  SINCE JAN 1      1.78                      5.98  -4.20    12.49

SNOWFALL (IN)
  YESTERDAY        0.0
  MONTH TO DATE    0.0
  SINCE DEC 1      0.0
  SINCE JUL 1      0.0

DEGREE DAYS
 HEATING
  YESTERDAY       10                         6      4        2
  MONTH TO DATE   78                       144    -66       81
  SINCE DEC 1    309                       604   -295      518
  SINCE JUL 1    327                       735   -408      589

 COOLING
  YESTERDAY        0                         1     -1        0
  MONTH TO DATE   13                         8      5        5
  SINCE DEC 1     48                        21     27       14
  SINCE JAN 1     36                        17     19        8
..................................................................


WIND (MPH)
  HIGHEST WIND SPEED    12   HIGHEST WIND DIRECTION     W (270)
  HIGHEST GUST SPEED    18   HIGHEST GUST DIRECTION     W (280)
  AVERAGE WIND SPEED     2.0


SKY COVER
  POSSIBLE SUNSHINE  MM
  AVERAGE SKY COVER 0.3


WEATHER CONDITIONS
 THE FOLLOWING WEATHER WAS RECORDED YESTERDAY.
  NO SIGNIFICANT WEATHER WAS OBSERVED.


RELATIVE HUMIDITY (PERCENT)
 HIGHEST    54          1100 PM
 LOWEST     22           100 PM
 AVERAGE    38

..........................................................


THE DOWNTOWN LOS ANGELES (USC) CA CLIMATE NORMALS FOR TODAY
                         NORMAL    RECORD    YEAR
 MAXIMUM TEMPERATURE (F)   69        90      2002
 MINIMUM TEMPERATURE (F)   50        35      1897


SUNRISE AND SUNSET
FEBRUARY 22 2018......SUNRISE   630 AM PST   SUNSET   544 PM PST
FEBRUARY 23 2018......SUNRISE   629 AM PST   SUNSET   544 PM PST


-  INDICATES NEGATIVE NUMBERS.
R  INDICATES RECORD WAS SET OR TIED.
MM INDICATES DATA IS MISSING.
T  INDICATES TRACE AMOUNT.




$$
