000
CDUS46 KLOX 280856
CLICQT


CLIMATE REPORT
NATIONAL WEATHER SERVICE LOS ANGELES/OXNARD CA
156 AM PDT WED JUN 28 2017


...................................

...THE DOWNTOWN LOS ANGELES (USC) CA CLIMATE SUMMARY FOR JUNE 27 2017...

CLIMATE NORMAL PERIOD 1981 TO 2010
CLIMATE RECORD PERIOD 1877 TO 2017


WEATHER ITEM   OBSERVED TIME   RECORD YEAR NORMAL DEPARTURE LAST
                VALUE   (LST)  VALUE       VALUE  FROM      YEAR
                                                  NORMAL
..................................................................
TEMPERATURE (F)
 YESTERDAY
  MAXIMUM         89   1120 AM 109    1990  81      8       88
  MINIMUM         64   1159 PM  49    1894  62      2       65
  AVERAGE         77                        71      6       77

PRECIPITATION (IN)
  YESTERDAY        0.00          0.39 1913   0.00   0.00     0.00
  MONTH TO DATE    0.01                      0.09  -0.08     0.00
  SINCE OCT 1     19.00                     14.64   4.36     6.88
  SINCE JAN 1     13.05                     10.61   2.44     5.85

SNOWFALL (IN)
  YESTERDAY        0.0
  MONTH TO DATE    0.0
  SINCE JUN 1      0.0
  SINCE JUL 1      0.0

DEGREE DAYS
 HEATING
  YESTERDAY        0                         0      0        0
  MONTH TO DATE    0                         6     -6        0
  SINCE JUN 1      0                         6     -6        0
  SINCE JUL 1    729                      1082   -353      758

 COOLING
  YESTERDAY       12                         6      6       12
  MONTH TO DATE  183                       115     68      163
  SINCE JUN 1    183                       115     68      163
  SINCE JAN 1    459                       269    190      370
..................................................................


WIND (MPH)
  HIGHEST WIND SPEED     9   HIGHEST WIND DIRECTION     W (260)
  HIGHEST GUST SPEED    15   HIGHEST GUST DIRECTION     W (280)
  AVERAGE WIND SPEED     1.3


SKY COVER
  POSSIBLE SUNSHINE  MM
  AVERAGE SKY COVER 0.0


WEATHER CONDITIONS
 THE FOLLOWING WEATHER WAS RECORDED YESTERDAY.
  NO SIGNIFICANT WEATHER WAS OBSERVED.


RELATIVE HUMIDITY (PERCENT)
 HIGHEST    73           500 AM
 LOWEST     30          1000 AM
 AVERAGE    52

..........................................................


THE DOWNTOWN LOS ANGELES (USC) CA CLIMATE NORMALS FOR TODAY
                         NORMAL    RECORD    YEAR
 MAXIMUM TEMPERATURE (F)   81        98      1980
                                             1974
 MINIMUM TEMPERATURE (F)   62        52      1887


SUNRISE AND SUNSET
JUNE 28 2017..........SUNRISE   544 AM PDT   SUNSET   808 PM PDT
JUNE 29 2017..........SUNRISE   545 AM PDT   SUNSET   808 PM PDT


-  INDICATES NEGATIVE NUMBERS.
R  INDICATES RECORD WAS SET OR TIED.
MM INDICATES DATA IS MISSING.
T  INDICATES TRACE AMOUNT.




$$
