000
CDUS46 KLOX 230112
CLICQT


CLIMATE REPORT
NATIONAL WEATHER SERVICE LOS ANGELES/OXNARD CA
511 PM PST SAT NOV 22 2014


...................................

...THE DOWNTOWN LOS ANGELES (USC) CA CLIMATE SUMMARY FOR NOVEMBER 22 2014...
VALID TODAY AS OF 0500 PM LOCAL TIME.

CLIMATE NORMAL PERIOD 1981 TO 2010
CLIMATE RECORD PERIOD 1877 TO 2014


WEATHER ITEM   OBSERVED TIME   RECORD YEAR NORMAL DEPARTURE LAST
                VALUE   (LST)  VALUE       VALUE  FROM      YEAR
                                                  NORMAL
..................................................................
TEMPERATURE (F)
 TODAY
  MAXIMUM         73    119 PM  89    1950  71      2       67
  MINIMUM         52    530 AM  36    1882  50      2       53
  AVERAGE         63                        61      2       60

PRECIPITATION (IN)
  TODAY            0.00          3.51 1965   0.04  -0.04     0.05
  MONTH TO DATE    0.18                      0.69  -0.51     0.39
  SINCE JUL 1      0.48                      1.64  -1.16     0.54
  SINCE JAN 1      5.59                     12.25  -6.66     3.17

SNOWFALL (IN)
  TODAY            0.0
  MONTH TO DATE    0.0
  SINCE SEP 1      0.0
  SINCE JUL 1      0.0

DEGREE DAYS
 HEATING
  TODAY            2                         5     -3        5
  MONTH TO DATE   19                        68    -49       26
  SINCE SEP 1     19                        88    -69       50
  SINCE JUL 1     19                        88    -69       50

 COOLING
  TODAY            0                         1     -1        0
  MONTH TO DATE   41                        32      9       45
  SINCE SEP 1    646                       405    241      404
  SINCE JAN 1   1723                      1239    484     1209
..................................................................


WIND (MPH)
  HIGHEST WIND SPEED     8   HIGHEST WIND DIRECTION     W (280)
  HIGHEST GUST SPEED    13   HIGHEST GUST DIRECTION     W (280)
  AVERAGE WIND SPEED     1.2


SKY COVER
  POSSIBLE SUNSHINE  MM
  AVERAGE SKY COVER 0.0


WEATHER CONDITIONS
 THE FOLLOWING WEATHER WAS RECORDED TODAY.
  HAZE


RELATIVE HUMIDITY (PERCENT)
 HIGHEST    66           500 AM
 LOWEST     41           100 PM
 AVERAGE    54

..........................................................


THE DOWNTOWN LOS ANGELES (USC) CA CLIMATE NORMALS FOR TOMORROW
                         NORMAL    RECORD    YEAR
 MAXIMUM TEMPERATURE (F)   71        91      1933
 MINIMUM TEMPERATURE (F)   50        39      1886


SUNRISE AND SUNSET
NOVEMBER 22 2014......SUNRISE   632 AM PST   SUNSET   446 PM PST
NOVEMBER 23 2014......SUNRISE   633 AM PST   SUNSET   446 PM PST


-  INDICATES NEGATIVE NUMBERS.
R  INDICATES RECORD WAS SET OR TIED.
MM INDICATES DATA IS MISSING.
T  INDICATES TRACE AMOUNT.




$$
