000
CDUS46 KLOX 132211
CLICQT


CLIMATE REPORT
NATIONAL WEATHER SERVICE LOS ANGELES/OXNARD CA
211 PM PST WED DEC 13 2017


...................................

...THE DOWNTOWN LOS ANGELES (USC) CA CLIMATE SUMMARY FOR DECEMBER 13 2017...
VALID AS OF 0200 PM LOCAL TIME.

CLIMATE NORMAL PERIOD 1981 TO 2010
CLIMATE RECORD PERIOD 1877 TO 2017


WEATHER ITEM   OBSERVED TIME   RECORD YEAR NORMAL DEPARTURE LAST
                VALUE   (LST)  VALUE       VALUE  FROM      YEAR
                                                  NORMAL
..................................................................
TEMPERATURE (F)
 TODAY
  MAXIMUM         81    126 PM  83    1952  67     14       67
  MINIMUM         49    454 AM  31    1901  47      2       54
  AVERAGE         65                        57      8       61

PRECIPITATION (IN)
  TODAY            0.00          1.67 1933   0.07  -0.07     0.00
  MONTH TO DATE    0.00                      0.77  -0.77     0.00
  SINCE OCT 1      0.11                      2.47  -2.36     1.40
  SINCE JAN 1     13.23                     13.37  -0.14     7.25

SNOWFALL (IN)
  TODAY            0.0
  MONTH TO DATE    0.0
  SINCE DEC 1      0.0
  SINCE JUL 1      0.0

DEGREE DAYS
 HEATING
  TODAY            0                         8     -8        4
  MONTH TO DATE   27                        93    -66       81
  SINCE DEC 1     27                        93    -66       81
  SINCE JUL 1     45                       224   -179      152

 COOLING
  TODAY            0                         0      0        0
  MONTH TO DATE    8                         0      8        0
  SINCE DEC 1      8                         0      8        0
  SINCE JAN 1   1883                      1240    643     1522
..................................................................


WIND (MPH)
  HIGHEST WIND SPEED     7   HIGHEST WIND DIRECTION     W (270)
  HIGHEST GUST SPEED    10   HIGHEST GUST DIRECTION     W (270)
  AVERAGE WIND SPEED     0.2


SKY COVER
  POSSIBLE SUNSHINE  MM
  AVERAGE SKY COVER 0.0


WEATHER CONDITIONS
 THE FOLLOWING WEATHER WAS RECORDED TODAY.
  NO SIGNIFICANT WEATHER WAS OBSERVED.


RELATIVE HUMIDITY (PERCENT)
 HIGHEST    41           100 AM
 LOWEST      8          1100 AM
 AVERAGE    25

..........................................................


THE DOWNTOWN LOS ANGELES (USC) CA CLIMATE NORMALS FOR TOMORROW
                         NORMAL    RECORD    YEAR
 MAXIMUM TEMPERATURE (F)   67        85      1886
 MINIMUM TEMPERATURE (F)   47        30      1878


SUNRISE AND SUNSET
DECEMBER 13 2017......SUNRISE   650 AM PST   SUNSET   445 PM PST
DECEMBER 14 2017......SUNRISE   651 AM PST   SUNSET   445 PM PST


-  INDICATES NEGATIVE NUMBERS.
R  INDICATES RECORD WAS SET OR TIED.
MM INDICATES DATA IS MISSING.
T  INDICATES TRACE AMOUNT.




$$
