000
CDUS42 KILM 240841
CLICRE


CLIMATE REPORT
NATIONAL WEATHER SERVICE WILMINGTON NC
440 AM EDT SUN MAY 24 2015


...................................

...THE NORTH MYRTLE BEACH SC CLIMATE SUMMARY FOR MAY 23 2015...

CLIMATE NORMAL PERIOD 1981 TO 2010
CLIMATE RECORD PERIOD 1949 TO 2015


WEATHER ITEM   OBSERVED TIME   RECORD YEAR NORMAL DEPARTURE LAST
                VALUE   (LST)  VALUE       VALUE  FROM      YEAR
                                                  NORMAL
..................................................................
TEMPERATURE (F)
 YESTERDAY
  MAXIMUM         78    249 PM  94    1953  80     -2       93
  MINIMUM         54    504 AM  43    1954  63     -9       68
  AVERAGE         66                        72     -6       81

PRECIPITATION (IN)
  YESTERDAY        0.00                      0.10  -0.10     0.30
  MONTH TO DATE    6.80                      2.37   4.43     1.35
  SINCE MAR 1     12.87                      9.25   3.62     8.62
  SINCE JAN 1     20.06                     16.36   3.70    12.74

DEGREE DAYS
 HEATING
  YESTERDAY        0                         0      0        0
  MONTH TO DATE    8                        23    -15        9
  SINCE MAR 1    363                       502   -139      562
  SINCE JUL 1   2418                      2446    -28     2586

 COOLING
  YESTERDAY        1                         7     -6       16
  MONTH TO DATE  127                       108     19      165
  SINCE MAR 1    179                       150     29      207
  SINCE JAN 1    180                       150     30      207
..................................................................


WIND (MPH)
  HIGHEST WIND SPEED    16   HIGHEST WIND DIRECTION     E (100)
  HIGHEST GUST SPEED    20   HIGHEST GUST DIRECTION     E (110)
  AVERAGE WIND SPEED     7.1


SKY COVER
  POSSIBLE SUNSHINE  MM
  AVERAGE SKY COVER 0.0


WEATHER CONDITIONS
 THE FOLLOWING WEATHER WAS RECORDED YESTERDAY.
  FOG


RELATIVE HUMIDITY (PERCENT)
 HIGHEST   100           200 AM
 LOWEST     41          1000 AM
 AVERAGE    71

..........................................................


THE NORTH MYRTLE BEACH SC CLIMATE NORMALS FOR TODAY
                         NORMAL    RECORD    YEAR
 MAXIMUM TEMPERATURE (F)   80        90      1949
 MINIMUM TEMPERATURE (F)   63        46      1954


SUNRISE AND SUNSET
MAY 24 2015...........SUNRISE   608 AM EDT   SUNSET   815 PM EDT
MAY 25 2015...........SUNRISE   608 AM EDT   SUNSET   816 PM EDT


-  INDICATES NEGATIVE NUMBERS.
R  INDICATES RECORD WAS SET OR TIED.
MM INDICATES DATA IS MISSING.
T  INDICATES TRACE AMOUNT.




$$
