000
CDUS42 KILM 232044
CLICRE


CLIMATE REPORT
NATIONAL WEATHER SERVICE WILMINGTON NC
444 PM EDT SUN JUL 23 2017


...................................

...THE NORTH MYRTLE BEACH SC CLIMATE SUMMARY FOR JULY 23 2017...
VALID TODAY AS OF 0400 PM LOCAL TIME.

CLIMATE NORMAL PERIOD 1981 TO 2010
CLIMATE RECORD PERIOD 1949 TO 2017


WEATHER ITEM   OBSERVED TIME   RECORD YEAR NORMAL DEPARTURE LAST
                VALUE   (LST)  VALUE       VALUE  FROM      YEAR
                                                  NORMAL
..................................................................
TEMPERATURE (F)
 TODAY
  MAXIMUM         89   1210 PM  96    1999  88      1       89
                                      1952
  MINIMUM         79    600 AM  62    2007  73      6       77
  AVERAGE         84                        80      4       83

PRECIPITATION (IN)
  TODAY            0.00                      0.21  -0.21      T
  MONTH TO DATE    1.90                      4.41  -2.51     2.66
  SINCE JUN 1      5.60                      9.05  -3.45     5.90
  SINCE JAN 1     18.81                     26.45  -7.64    21.64

DEGREE DAYS
 HEATING
  TODAY            0                         0      0        0
  MONTH TO DATE    0                         0      0        0
  SINCE JUN 1      3                         0      3        0
  SINCE JUL 1      0                         0      0        0

 COOLING
  TODAY           19                        15      4       18
  MONTH TO DATE  384                       357     27      405
  SINCE JUN 1    740                       714     26      847
  SINCE JAN 1   1103                       926    177     1143
..................................................................


WIND (MPH)
  HIGHEST WIND SPEED    24   HIGHEST WIND DIRECTION     S (200)
  HIGHEST GUST SPEED    33   HIGHEST GUST DIRECTION     S (200)
  AVERAGE WIND SPEED    13.5


SKY COVER
  POSSIBLE SUNSHINE  MM
  AVERAGE SKY COVER 0.0


WEATHER CONDITIONS
 THE FOLLOWING WEATHER WAS RECORDED TODAY.
  NO SIGNIFICANT WEATHER WAS OBSERVED.


RELATIVE HUMIDITY (PERCENT)
 HIGHEST    91           500 AM
 LOWEST     75          1100 AM
 AVERAGE    83

..........................................................


THE NORTH MYRTLE BEACH SC CLIMATE NORMALS FOR TOMORROW
                         NORMAL    RECORD    YEAR
 MAXIMUM TEMPERATURE (F)   88        98      2012
 MINIMUM TEMPERATURE (F)   73        64      2007


SUNRISE AND SUNSET
JULY 23 2017..........SUNRISE   621 AM EDT   SUNSET   822 PM EDT
JULY 24 2017..........SUNRISE   621 AM EDT   SUNSET   821 PM EDT


-  INDICATES NEGATIVE NUMBERS.
R  INDICATES RECORD WAS SET OR TIED.
MM INDICATES DATA IS MISSING.
T  INDICATES TRACE AMOUNT.




$$
