000
CDUS42 KILM 281001
CLICRE


CLIMATE REPORT
NATIONAL WEATHER SERVICE WILMINGTON NC
500 AM EST SUN DEC 28 2014


...................................

...THE NORTH MYRTLE BEACH SC CLIMATE SUMMARY FOR DECEMBER 27 2014...

CLIMATE NORMAL PERIOD 1981 TO 2010
CLIMATE RECORD PERIOD 1949 TO 2014


WEATHER ITEM   OBSERVED TIME   RECORD YEAR NORMAL DEPARTURE LAST
                VALUE   (LST)  VALUE       VALUE  FROM      YEAR
                                                  NORMAL
..................................................................
TEMPERATURE (F)
 YESTERDAY
  MAXIMUM         60    304 PM  75    1949  56      4       55
  MINIMUM         35    450 AM  24    2004  37     -2       35
  AVERAGE         48                        47      1       45

PRECIPITATION (IN)
  YESTERDAY        0.00                      0.09  -0.09     0.00
  MONTH TO DATE    3.10                      3.11  -0.01     0.96
  SINCE DEC 1      3.10                      3.11  -0.01     0.96
  SINCE JAN 1     40.89                     51.66 -10.77    47.94

SNOWFALL (IN)
  YESTERDAY       MM
  MONTH TO DATE   MM
  SINCE DEC 1     MM
  SINCE JUL 1     MM
  SNOW DEPTH      MM

DEGREE DAYS
 HEATING
  YESTERDAY       17                        18     -1       20
  MONTH TO DATE  392                       432    -40      359
  SINCE DEC 1    392                       432    -40      359
  SINCE JUL 1    842                       793     49      772

 COOLING
  YESTERDAY        0                         0      0        0
  MONTH TO DATE    2                         0      2        8
  SINCE DEC 1      2                         0      2        8
  SINCE JAN 1   2031                      1899    132     1848
..................................................................


WIND (MPH)
  HIGHEST WIND SPEED     9   HIGHEST WIND DIRECTION    SE (150)
  HIGHEST GUST SPEED    11   HIGHEST GUST DIRECTION    SE (150)
  AVERAGE WIND SPEED     1.5


SKY COVER
  POSSIBLE SUNSHINE  MM
  AVERAGE SKY COVER 0.0


WEATHER CONDITIONS
 THE FOLLOWING WEATHER WAS RECORDED YESTERDAY.
  FOG


RELATIVE HUMIDITY (PERCENT)
 HIGHEST   100          1200 AM
 LOWEST     51          1200 PM
 AVERAGE    76

..........................................................


THE NORTH MYRTLE BEACH SC CLIMATE NORMALS FOR TODAY
                         NORMAL    RECORD    YEAR
 MAXIMUM TEMPERATURE (F)   56        70      2008
 MINIMUM TEMPERATURE (F)   37        20      1951


SUNRISE AND SUNSET
DECEMBER 28 2014......SUNRISE   719 AM EST   SUNSET   514 PM EST
DECEMBER 29 2014......SUNRISE   719 AM EST   SUNSET   515 PM EST


-  INDICATES NEGATIVE NUMBERS.
R  INDICATES RECORD WAS SET OR TIED.
MM INDICATES DATA IS MISSING.
T  INDICATES TRACE AMOUNT.




$$
