000
CDUS42 KILM 200942
CLICRE


CLIMATE REPORT
NATIONAL WEATHER SERVICE WILMINGTON NC
441 AM EST MON NOV 20 2017


...................................

...THE N.MYRTLE BEACH SOUTH CAROLINA CLIMATE SUMMARY FOR NOVEMBER 19 2017...

CLIMATE NORMAL PERIOD 1981 TO 2010
CLIMATE RECORD PERIOD 1949 TO 2017


WEATHER ITEM   OBSERVED TIME   RECORD YEAR NORMAL DEPARTURE LAST
                VALUE   (LST)  VALUE       VALUE  FROM      YEAR
                                                  NORMAL
..................................................................
TEMPERATURE (F)
 YESTERDAY
  MAXIMUM         67    930 AM  77    2009  66      1       75
  MINIMUM         40   1122 PM  22    2014  46     -6       46
  AVERAGE         54                        56     -2       61

PRECIPITATION (IN)
  YESTERDAY        0.02          1.33 2003   0.10  -0.08     0.00
  MONTH TO DATE    1.33                      1.91  -0.58     0.17
  SINCE SEP 1      9.88                     12.07  -2.19    27.92
  SINCE JAN 1     45.49                     47.42  -1.93    53.56

SNOWFALL (IN)
  YESTERDAY       MM
  MONTH TO DATE   MM
  SINCE SEP 1     MM
  SINCE JUL 1     MM
  SNOW DEPTH      MM

DEGREE DAYS
 HEATING
  YESTERDAY       11                        10      1        4
  MONTH TO DATE  146                       146      0      156
  SINCE SEP 1    208                       236    -28      184
  SINCE JUL 1    208                       236    -28      184

 COOLING
  YESTERDAY        0                         0      0        0
  MONTH TO DATE   17                        12      5        7
  SINCE SEP 1    532                       419    113      509
  SINCE JAN 1   2197                      1895    302     2365
..................................................................


WIND (MPH)
  HIGHEST WIND SPEED    28   HIGHEST WIND DIRECTION    SW (220)
  HIGHEST GUST SPEED    36   HIGHEST GUST DIRECTION    SW (210)
  AVERAGE WIND SPEED    10.3


SKY COVER
  POSSIBLE SUNSHINE  MM
  AVERAGE SKY COVER 0.3


WEATHER CONDITIONS
 THE FOLLOWING WEATHER WAS RECORDED YESTERDAY.
  LIGHT RAIN
  FOG


RELATIVE HUMIDITY (PERCENT)
 HIGHEST    87          1200 AM
 LOWEST     28           300 PM
 AVERAGE    58

..........................................................


THE N.MYRTLE BEACH SOUTH CAROLINA CLIMATE NORMALS FOR TODAY
                         NORMAL    RECORD    YEAR
 MAXIMUM TEMPERATURE (F)   65        76      2007
 MINIMUM TEMPERATURE (F)   45        20      1951


SUNRISE AND SUNSET
NOVEMBER 20 2017......SUNRISE   652 AM EST   SUNSET   509 PM EST
NOVEMBER 21 2017......SUNRISE   653 AM EST   SUNSET   509 PM EST


-  INDICATES NEGATIVE NUMBERS.
R  INDICATES RECORD WAS SET OR TIED.
MM INDICATES DATA IS MISSING.
T  INDICATES TRACE AMOUNT.




$$
