000
CDUS44 KCRP 010910
CLICRP

CLIMATE REPORT
NATIONAL WEATHER SERVICE CORPUS CHRISTI TX
409 AM CDT FRI AUG 1 2014


...................................

...THE CORPUS CHRISTI CLIMATE SUMMARY FOR JULY 31 2014...

CLIMATE NORMAL PERIOD 1981 TO 2010
CLIMATE RECORD PERIOD 1887 TO 2014


WEATHER ITEM   OBSERVED TIME   RECORD YEAR NORMAL DEPARTURE LAST
                VALUE   (LST)  VALUE       VALUE  FROM      YEAR
                                                  NORMAL
..................................................................
TEMPERATURE (F)
 YESTERDAY
  MAXIMUM         99    133 PM 100    2012  94      5       97
  MINIMUM         78    225 AM  70    1949  75      3       74
                                      1946
  AVERAGE         89                        85      4       86

PRECIPITATION (IN)
  YESTERDAY        0.00          3.77 1978   0.06  -0.06     0.00
  MONTH TO DATE    0.74                      2.79  -2.05     2.73
  SINCE JUN 1      2.15                      6.15  -4.00     5.07
  SINCE JAN 1      9.25                     16.42  -7.17     9.80

SNOWFALL (IN)
  YESTERDAY        0.0
  MONTH TO DATE    0.0
  SINCE JUN 1      0.0
  SINCE JUL 1      0.0
  SNOW DEPTH       0

DEGREE DAYS
 HEATING
  YESTERDAY        0                         0      0        0
  MONTH TO DATE    0                         0      0        0
  SINCE JUN 1      0                         0      0        0
  SINCE JUL 1      0                         0      0        0

 COOLING
  YESTERDAY       24                        20      4       21
  MONTH TO DATE  620                       587     33      657
  SINCE JUN 1   1227                      1109    118     1315
  SINCE JAN 1   2033                      1950     83     2333
..................................................................


WIND (MPH)
  HIGHEST WIND SPEED    24   HIGHEST WIND DIRECTION    SE (150)
  HIGHEST GUST SPEED    33   HIGHEST GUST DIRECTION    SE (120)
  AVERAGE WIND SPEED    14.5


SKY COVER
  POSSIBLE SUNSHINE  MM
  AVERAGE SKY COVER 0.5


WEATHER CONDITIONS
 THE FOLLOWING WEATHER WAS RECORDED YESTERDAY.
  NO SIGNIFICANT WEATHER WAS OBSERVED.


RELATIVE HUMIDITY (PERCENT)
 HIGHEST    91           500 AM
 LOWEST     45          1200 PM
 AVERAGE    68

..........................................................


THE CORPUS CHRISTI CLIMATE NORMALS FOR TODAY
                         NORMAL    RECORD    YEAR
 MAXIMUM TEMPERATURE (F)   94       101      1989
 MINIMUM TEMPERATURE (F)   75        69      2005


SUNRISE AND SUNSET
AUGUST  1 2014........SUNRISE   653 AM CDT   SUNSET   819 PM CDT
AUGUST  2 2014........SUNRISE   654 AM CDT   SUNSET   819 PM CDT


-  INDICATES NEGATIVE NUMBERS.
R  INDICATES RECORD WAS SET OR TIED.
MM INDICATES DATA IS MISSING.
T  INDICATES TRACE AMOUNT.

$$
