000
CDUS44 KCRP 270931
CLICRP

CLIMATE REPORT
NATIONAL WEATHER SERVICE CORPUS CHRISTI TX
324 AM CST SAT DEC 27 2014


...................................

...THE CORPUS CHRISTI CLIMATE SUMMARY FOR DECEMBER 26 2014...

CLIMATE NORMAL PERIOD 1981 TO 2010
CLIMATE RECORD PERIOD 1887 TO 2014


WEATHER ITEM   OBSERVED TIME   RECORD YEAR NORMAL DEPARTURE LAST
                VALUE   (LST)  VALUE       VALUE  FROM      YEAR
                                                  NORMAL
..................................................................
TEMPERATURE (F)
 YESTERDAY
  MAXIMUM         80    157 PM  83    1950  67     13       58
                                      1916
  MINIMUM         64    751 AM  24    2004  47     17       51
  AVERAGE         72                        57     15       55

PRECIPITATION (IN)
  YESTERDAY        T             1.18 1991   0.06  -0.06     0.10
  MONTH TO DATE    0.43                      1.50  -1.07     0.15
  SINCE DEC 1      0.43                      1.50  -1.07     0.15
  SINCE JAN 1     28.75                     31.43  -2.68    23.31

SNOWFALL (IN)
  YESTERDAY        0.0
  MONTH TO DATE    0.0
  SINCE DEC 1      0.0
  SINCE JUL 1      0.0
  SNOW DEPTH       0

DEGREE DAYS
 HEATING
  YESTERDAY        0                         9     -9       10
  MONTH TO DATE   89                       204   -115      235
  SINCE DEC 1     89                       204   -115      235
  SINCE JUL 1    250                       305    -55      392

 COOLING
  YESTERDAY        7                         1      6        0
  MONTH TO DATE   59                        44     15       36
  SINCE DEC 1     59                        44     15       36
  SINCE JAN 1   3700                      3519    181     4148
..................................................................


WIND (MPH)
  HIGHEST WIND SPEED    29   HIGHEST WIND DIRECTION     S (180)
  HIGHEST GUST SPEED    36   HIGHEST GUST DIRECTION     S (180)
  AVERAGE WIND SPEED    16.3


SKY COVER
  POSSIBLE SUNSHINE  MM
  AVERAGE SKY COVER 0.8


WEATHER CONDITIONS
 THE FOLLOWING WEATHER WAS RECORDED YESTERDAY.
  LIGHT RAIN
  FOG


RELATIVE HUMIDITY (PERCENT)
 HIGHEST    93           600 AM
 LOWEST     54           200 PM
 AVERAGE    74

..........................................................


THE CORPUS CHRISTI CLIMATE NORMALS FOR TODAY
                         NORMAL    RECORD    YEAR
 MAXIMUM TEMPERATURE (F)   67        90      2008
 MINIMUM TEMPERATURE (F)   47        27      1892


SUNRISE AND SUNSET
DECEMBER 27 2014......SUNRISE   719 AM CST   SUNSET   543 PM CST
DECEMBER 28 2014......SUNRISE   720 AM CST   SUNSET   544 PM CST


-  INDICATES NEGATIVE NUMBERS.
R  INDICATES RECORD WAS SET OR TIED.
MM INDICATES DATA IS MISSING.
T  INDICATES TRACE AMOUNT.

$$

CB
