000
CDUS44 KCRP 041021
CLICRP

CLIMATE REPORT
NATIONAL WEATHER SERVICE CORPUS CHRISTI TX
421 AM CST WED MAR 4 2015


...................................

...THE CORPUS CHRISTI CLIMATE SUMMARY FOR MARCH 3 2015...

CLIMATE NORMAL PERIOD 1981 TO 2010
CLIMATE RECORD PERIOD 1887 TO 2015


WEATHER ITEM   OBSERVED TIME   RECORD YEAR NORMAL DEPARTURE LAST
                VALUE   (LST)  VALUE       VALUE  FROM      YEAR
                                                  NORMAL
..................................................................
TEMPERATURE (F)
 YESTERDAY
  MAXIMUM         68   1159 PM  88    1966  73     -5       47
                                      1956
                                      1893
  MINIMUM         53    341 AM  28    1943  54     -1       34
  AVERAGE         61                        64     -3       41

PRECIPITATION (IN)
  YESTERDAY        0.01          1.16 1957   0.07  -0.06      T
  MONTH TO DATE    0.06                      0.21  -0.15      T
  SINCE MAR 1      0.06                      0.21  -0.15      T
  SINCE JAN 1      3.51                      3.68  -0.17     0.91

SNOWFALL (IN)
  YESTERDAY        0.0
  MONTH TO DATE    0.0
  SINCE MAR 1      0.0
  SINCE JUL 1      0.0
  SNOW DEPTH       0

DEGREE DAYS
 HEATING
  YESTERDAY        4                         4      0       24
  MONTH TO DATE   33                        12     21       28
  SINCE MAR 1     33                        12     21       28
  SINCE JUL 1    970                       812    158     1027

 COOLING
  YESTERDAY        0                         3     -3        0
  MONTH TO DATE    0                         8     -8        4
  SINCE MAR 1      0                         8     -8        4
  SINCE JAN 1     28                        84    -56       81
..................................................................


WIND (MPH)
  HIGHEST WIND SPEED    26   HIGHEST WIND DIRECTION    SE (150)
  HIGHEST GUST SPEED    32   HIGHEST GUST DIRECTION    SE (150)
  AVERAGE WIND SPEED     8.6


SKY COVER
  POSSIBLE SUNSHINE  MM
  AVERAGE SKY COVER 0.9


WEATHER CONDITIONS
 THE FOLLOWING WEATHER WAS RECORDED YESTERDAY.
  LIGHT RAIN
  FOG
  FOG W/VISIBILITY <= 1/4 MILE


RELATIVE HUMIDITY (PERCENT)
 HIGHEST   100           200 AM
 LOWEST     93           200 PM
 AVERAGE    97

..........................................................


THE CORPUS CHRISTI CLIMATE NORMALS FOR TODAY
                         NORMAL    RECORD    YEAR
 MAXIMUM TEMPERATURE (F)   74        94      1983
 MINIMUM TEMPERATURE (F)   54        28      2002


SUNRISE AND SUNSET
MARCH  4 2015.........SUNRISE   652 AM CST   SUNSET   632 PM CST
MARCH  5 2015.........SUNRISE   651 AM CST   SUNSET   633 PM CST


-  INDICATES NEGATIVE NUMBERS.
R  INDICATES RECORD WAS SET OR TIED.
MM INDICATES DATA IS MISSING.
T  INDICATES TRACE AMOUNT.




$$
