000
CDUS44 KCRP 270036
CLICRP

CLIMATE REPORT
NATIONAL WEATHER SERVICE CORPUS CHRISTI TX
733 PM CDT WED APR 26 2017


...................................

...THE CORPUS CHRISTI CLIMATE SUMMARY FOR APRIL 26 2017...
VALID TODAY AS OF 700 PM LOCAL TIME.

CLIMATE NORMAL PERIOD 1981 TO 2010
CLIMATE RECORD PERIOD 1887 TO 2017


WEATHER ITEM   OBSERVED TIME   RECORD YEAR NORMAL DEPARTURE LAST
                VALUE   (LST)  VALUE       VALUE  FROM      YEAR
                                                  NORMAL
..................................................................
TEMPERATURE (F)
 TODAY
  MAXIMUM         99    326 PM 102    1984  83     16       83
  MINIMUM         75    600 AM  51    1952  66      9       75
  AVERAGE         87                        74     13       79

PRECIPITATION (IN)
  TODAY            0.00          3.74 1941   0.07  -0.07     0.00
  MONTH TO DATE    2.19                      1.55   0.64     3.40
  SINCE MAR 1      7.18                      3.44   3.74     9.94
  SINCE JAN 1     10.02                      6.91   3.11    12.23

SNOWFALL (IN)
  TODAY            0.0
  MONTH TO DATE    0.0
  SINCE MAR 1      0.0
  SINCE JUL 1      0.0
  SNOW DEPTH       0

DEGREE DAYS
 HEATING
  TODAY            0                         0      0        0
  MONTH TO DATE    0                        15    -15        0
  SINCE MAR 1     16                        96    -80       21
  SINCE JUL 1    368                       896   -528      640

 COOLING
  TODAY           22                        10     12       14
  MONTH TO DATE  256                       197     59      226
  SINCE MAR 1    459                       312    147      426
  SINCE JAN 1    728                       388    340      503
..................................................................


WIND (MPH)
  HIGHEST WIND SPEED    30   HIGHEST WIND DIRECTION     S (170)
  HIGHEST GUST SPEED    36   HIGHEST GUST DIRECTION     S (180)


SKY COVER
  POSSIBLE SUNSHINE  MM
  AVERAGE SKY COVER 0.8


WEATHER CONDITIONS
 THE FOLLOWING WEATHER WAS RECORDED TODAY.
  FOG
  HAZE


RELATIVE HUMIDITY (PERCENT)
 HIGHEST    94           600 AM
 LOWEST     18           400 PM
 AVERAGE    56

..........................................................


THE CORPUS CHRISTI CLIMATE NORMALS FOR TOMORROW
                         NORMAL    RECORD    YEAR
 MAXIMUM TEMPERATURE (F)   84       103      2014
 MINIMUM TEMPERATURE (F)   66        50      1980


SUNRISE AND SUNSET
APRIL 26 2017.........SUNRISE   654 AM CDT   SUNSET   801 PM CDT
APRIL 27 2017.........SUNRISE   654 AM CDT   SUNSET   802 PM CDT


-  INDICATES NEGATIVE NUMBERS.
R  INDICATES RECORD WAS SET OR TIED.
MM INDICATES DATA IS MISSING.
T  INDICATES TRACE AMOUNT.




$$

92
