000
CDUS44 KCRP 281108 CCA
CLICRP

CLIMATE REPORT...CORRECTION FOR PRECIPITATION
NATIONAL WEATHER SERVICE CORPUS CHRISTI TX
323 AM CDT SAT MAY 28 2016


...................................

...THE CORPUS CHRISTI CLIMATE SUMMARY FOR MAY 27 2016...

CLIMATE NORMAL PERIOD 1981 TO 2010
CLIMATE RECORD PERIOD 1887 TO 2016


WEATHER ITEM   OBSERVED TIME   RECORD YEAR NORMAL DEPARTURE LAST
                VALUE   (LST)  VALUE       VALUE  FROM      YEAR
                                                  NORMAL
..................................................................
TEMPERATURE (F)
 YESTERDAY
  MAXIMUM         89    348 PM  99    1973  89      0       88
  MINIMUM         75   1137 PM  60    1901  72      3       77
  AVERAGE         82                        80      2       83

PRECIPITATION (IN)
  YESTERDAY        0.00          1.74 1957   0.12  -0.12     0.00
  MONTH TO DATE    5.81                      2.64   3.17    13.41
  SINCE MAR 1     15.75                      6.37   9.38    25.90
  SINCE JAN 1     18.04                      9.84   8.20    29.35

SNOWFALL (IN)
  YESTERDAY        0.0
  MONTH TO DATE    0.0
  SINCE MAR 1      0.0
  SINCE JUL 1      0.0
  SNOW DEPTH       0

DEGREE DAYS
 HEATING
  YESTERDAY        0                         0      0        0
  MONTH TO DATE    0                         0      0        0
  SINCE MAR 1     21                        98    -77      116
  SINCE JUL 1    640                       898   -258     1053

 COOLING
  YESTERDAY       17                        15      2       18
  MONTH TO DATE  392                       351     41      385
  SINCE MAR 1    890                       703    187      741
  SINCE JAN 1    967                       779    188      769
..................................................................


WIND (MPH)
  HIGHEST WIND SPEED    32   HIGHEST WIND DIRECTION     S (160)
  HIGHEST GUST SPEED    38   HIGHEST GUST DIRECTION    SE (150)
  AVERAGE WIND SPEED    17.6


SKY COVER
  POSSIBLE SUNSHINE  MM
  AVERAGE SKY COVER 0.7


WEATHER CONDITIONS
 THE FOLLOWING WEATHER WAS RECORDED YESTERDAY.
  FOG


RELATIVE HUMIDITY (PERCENT)
 HIGHEST    94           700 AM
 LOWEST     70           300 PM
 AVERAGE    82

..........................................................


THE CORPUS CHRISTI CLIMATE NORMALS FOR TODAY
                         NORMAL    RECORD    YEAR
 MAXIMUM TEMPERATURE (F)   89        94      2010
                                             1974
 MINIMUM TEMPERATURE (F)   72        62      1901


SUNRISE AND SUNSET
MAY 28 2016...........SUNRISE   635 AM CDT   SUNSET   820 PM CDT
MAY 29 2016...........SUNRISE   635 AM CDT   SUNSET   820 PM CDT


-  INDICATES NEGATIVE NUMBERS.
R  INDICATES RECORD WAS SET OR TIED.
MM INDICATES DATA IS MISSING.
T  INDICATES TRACE AMOUNT.

$$

CB
