000
CDUS44 KCRP 210727
CLICRP

CLIMATE REPORT
NATIONAL WEATHER SERVICE CORPUS CHRISTI TX
227 AM CDT SAT OCT 21 2017


...THE CORPUS CHRISTI CLIMATE SUMMARY FOR OCTOBER 20 2017...

CLIMATE NORMAL PERIOD 1981 TO 2010
CLIMATE RECORD PERIOD 1887 TO 2017


WEATHER ITEM   OBSERVED TIME   RECORD YEAR NORMAL DEPARTURE LAST
                VALUE   (LST)  VALUE       VALUE  FROM      YEAR
                                                  NORMAL
..................................................................
TEMPERATURE (F)
 YESTERDAY
  MAXIMUM         87    202 PM  96    2016  84      3       96
  MINIMUM         69    637 AM  39    1989  64      5       72
  AVERAGE         78                        74      4       84

PRECIPITATION (IN)
  YESTERDAY        0.12          1.68 2014   0.14  -0.02     0.81
  MONTH TO DATE    2.44                      2.43   0.01     0.93
  SINCE SEP 1      3.90                      7.41  -3.51     3.98
  SINCE JAN 1     26.26                     26.75  -0.49    29.27

SNOWFALL (IN)
  YESTERDAY        0.0
  MONTH TO DATE    0.0
  SINCE SEP 1      0.0
  SINCE JUL 1      0.0
  SNOW DEPTH       0

DEGREE DAYS
 HEATING
  YESTERDAY        0                         0      0        0
  MONTH TO DATE    0                         0      0        0
  SINCE SEP 1      0                         0      0        0
  SINCE JUL 1      0                         0      0        0

 COOLING
  YESTERDAY       13                         9      4       19
  MONTH TO DATE  254                       222     32      318
  SINCE SEP 1    755                       704     51      917
  SINCE JAN 1   3736                      3265    471     3834
..................................................................


WIND (MPH)
  HIGHEST WIND SPEED    18   HIGHEST WIND DIRECTION     E (110)
  HIGHEST GUST SPEED    23   HIGHEST GUST DIRECTION     E (90)
  AVERAGE WIND SPEED     6.8


SKY COVER
  POSSIBLE SUNSHINE  MM
  AVERAGE SKY COVER 0.6


WEATHER CONDITIONS
 THE FOLLOWING WEATHER WAS RECORDED YESTERDAY.
  LIGHT RAIN
  FOG
  HAZE


RELATIVE HUMIDITY (PERCENT)
 HIGHEST   100           300 AM
 LOWEST     46           100 PM
 AVERAGE    73

..........................................................


THE CORPUS CHRISTI CLIMATE NORMALS FOR TODAY
                         NORMAL    RECORD    YEAR
 MAXIMUM TEMPERATURE (F)   84        94      2012
                                             2004
 MINIMUM TEMPERATURE (F)   64        43      1964


SUNRISE AND SUNSET
OCTOBER 21 2017.......SUNRISE   734 AM CDT   SUNSET   655 PM CDT
OCTOBER 22 2017.......SUNRISE   735 AM CDT   SUNSET   654 PM CDT


-  INDICATES NEGATIVE NUMBERS.
R  INDICATES RECORD WAS SET OR TIED.
MM INDICATES DATA IS MISSING.
T  INDICATES TRACE AMOUNT.

$$

TMT
