000
CDUS44 KCRP 280724
CLICRP

CLIMATE REPORT
NATIONAL WEATHER SERVICE CORPUS CHRISTI TX
222 AM CDT THU JUL 28 2016


...................................

...THE CORPUS CHRISTI CLIMATE SUMMARY FOR JULY 27 2016...

CLIMATE NORMAL PERIOD 1981 TO 2010
CLIMATE RECORD PERIOD 1887 TO 2016


WEATHER ITEM   OBSERVED TIME   RECORD YEAR NORMAL DEPARTURE LAST
                VALUE   (LST)  VALUE       VALUE  FROM      YEAR
                                                  NORMAL
..................................................................
TEMPERATURE (F)
 YESTERDAY
  MAXIMUM         95    317 PM 100    2013  94      1       96
                                      1954
  MINIMUM         82   1159 PM  70    1960  75      7       78
                                      1942
                                      1903
  AVERAGE         89                        84      5       87

PRECIPITATION (IN)
  YESTERDAY        0.00          1.55 1942   0.06  -0.06     0.00
  MONTH TO DATE    T                         2.55  -2.55     0.57
  SINCE JUN 1      2.95                      5.91  -2.96     2.20
  SINCE JAN 1     21.17                     16.18   4.99    32.46

SNOWFALL (IN)
  YESTERDAY        0.0
  MONTH TO DATE    0.0
  SINCE JUN 1      0.0
  SINCE JUL 1      0.0
  SNOW DEPTH       0

DEGREE DAYS
 HEATING
  YESTERDAY        0                         0      0        0
  MONTH TO DATE    0                         0      0        0
  SINCE JUN 1      0                         0      0        0
  SINCE JUL 1      0                         0      0        0

 COOLING
  YESTERDAY       24                        19      5       22
  MONTH TO DATE  580                       509     71      557
  SINCE JUN 1   1140                      1031    109     1096
  SINCE JAN 1   2176                      1872    304     1926
..................................................................


WIND (MPH)
  HIGHEST WIND SPEED    23   HIGHEST WIND DIRECTION     S (160)
  HIGHEST GUST SPEED    30   HIGHEST GUST DIRECTION    SE (140)
  AVERAGE WIND SPEED    13.1


SKY COVER
  POSSIBLE SUNSHINE  MM
  AVERAGE SKY COVER 0.8


WEATHER CONDITIONS
 THE FOLLOWING WEATHER WAS RECORDED YESTERDAY.
  NO SIGNIFICANT WEATHER WAS OBSERVED.


RELATIVE HUMIDITY (PERCENT)
 HIGHEST    88           100 AM
 LOWEST     46           300 PM
 AVERAGE    67

..........................................................


THE CORPUS CHRISTI CLIMATE NORMALS FOR TODAY
                         NORMAL    RECORD    YEAR
 MAXIMUM TEMPERATURE (F)   94       100      1965
 MINIMUM TEMPERATURE (F)   75        68      1908
                                             1903


SUNRISE AND SUNSET
JULY 28 2016..........SUNRISE   651 AM CDT   SUNSET   822 PM CDT
JULY 29 2016..........SUNRISE   652 AM CDT   SUNSET   821 PM CDT


-  INDICATES NEGATIVE NUMBERS.
R  INDICATES RECORD WAS SET OR TIED.
MM INDICATES DATA IS MISSING.
T  INDICATES TRACE AMOUNT.

$$

CB
