000
CDUS41 KRLX 022134
CLICRW


CLIMATE REPORT
NATIONAL WEATHER SERVICE CHARLESTON WV
531 PM EDT TUE JUN 2 2015


...................................

...THE CHARLESTON WV CLIMATE SUMMARY FOR JUNE 2 2015...
VALID TODAY AS OF 0500 PM LOCAL TIME.

CLIMATE NORMAL PERIOD 1981 TO 2010
CLIMATE RECORD PERIOD 1901 TO 2015


WEATHER ITEM   OBSERVED TIME   RECORD YEAR NORMAL DEPARTURE LAST
                VALUE   (LST)  VALUE       VALUE  FROM      YEAR
                                                  NORMAL
..................................................................
TEMPERATURE (F)
 TODAY
  MAXIMUM         60    147 PM  96    1925  79    -19       85
  MINIMUM         55    749 AM  35    1966  58     -3       67
  AVERAGE         58                        68    -10       76

PRECIPITATION (IN)
  TODAY            0.01          2.00 1942   0.16  -0.15      T
  MONTH TO DATE    0.09                      0.32  -0.23      T
  SINCE JUN 1      0.09                      0.32  -0.23      T
  SINCE JAN 1     19.29                     18.46   0.83    16.12

DEGREE DAYS
 HEATING
  TODAY            7                         1      6        0
  MONTH TO DATE    8                         2      6        0
  SINCE JUN 1      8                         2      6        0
  SINCE JUL 1   4843                      4467    376     4773

 COOLING
  TODAY            0                         5     -5       11
  MONTH TO DATE    0                         9     -9       16
  SINCE JUN 1      0                         9     -9       16
  SINCE JAN 1    189                       119     70      137
..................................................................


WIND (MPH)
  HIGHEST WIND SPEED     9   HIGHEST WIND DIRECTION    NW (330)
  HIGHEST GUST SPEED    13   HIGHEST GUST DIRECTION     N (340)
  AVERAGE WIND SPEED     2.7


SKY COVER
  POSSIBLE SUNSHINE  MM
  AVERAGE SKY COVER 1.0


WEATHER CONDITIONS
 THE FOLLOWING WEATHER WAS RECORDED TODAY.
  LIGHT RAIN
  FOG
  HAZE


RELATIVE HUMIDITY (PERCENT)
 HIGHEST    93          1200 AM
 LOWEST     86           900 AM
 AVERAGE    90

..........................................................


THE CHARLESTON WV CLIMATE NORMALS FOR TOMORROW
                         NORMAL    RECORD    YEAR
 MAXIMUM TEMPERATURE (F)   79        98      1925
 MINIMUM TEMPERATURE (F)   58        42      1966


SUNRISE AND SUNSET
JUNE  2 2015..........SUNRISE   604 AM EDT   SUNSET   845 PM EDT
JUNE  3 2015..........SUNRISE   604 AM EDT   SUNSET   845 PM EDT


-  INDICATES NEGATIVE NUMBERS.
R  INDICATES RECORD WAS SET OR TIED.
MM INDICATES DATA IS MISSING.
T  INDICATES TRACE AMOUNT.




$$
