000
CDUS41 KRLX 210823
CLICRW


CLIMATE REPORT
NATIONAL WEATHER SERVICE CHARLESTON WV
322 AM EST TUE FEB 21 2017


...................................

...THE CHARLESTON WV CLIMATE SUMMARY FOR FEBRUARY 20 2017...

CLIMATE NORMAL PERIOD 1981 TO 2010
CLIMATE RECORD PERIOD 1901 TO 2017


WEATHER ITEM   OBSERVED TIME   RECORD YEAR NORMAL DEPARTURE LAST
                VALUE   (LST)  VALUE       VALUE  FROM      YEAR
                                                  NORMAL
..................................................................
TEMPERATURE (F)
 YESTERDAY
  MAXIMUM         66    357 PM  77    1939  48     18       70
  MINIMUM         37    756 AM -11    2015  29      8       53
  AVERAGE         52                        39     13       62

PRECIPITATION (IN)
  YESTERDAY        0.00          1.50 1918   0.12  -0.12     0.00
  MONTH TO DATE    1.00                      2.22  -1.22     2.27
  SINCE JAN 1      5.77                      5.22   0.55     4.81

SNOWFALL (IN)
  YESTERDAY        0.0
  MONTH TO DATE    T
  SINCE SEP 1      7.5
  SNOW DEPTH       0

DEGREE DAYS
 HEATING
  YESTERDAY       13                        26    -13        3
  MONTH TO DATE  427                       564   -137      592
  SINCE DEC 1   1948                      2368   -420     2113
  SINCE JUL 1   2602                      3252   -650     2765

 COOLING
  YESTERDAY        0                         0      0        0
  MONTH TO DATE    0                         0      0        0
  SINCE DEC 1      0                         1     -1        0
  SINCE JAN 1      0                         0      0        0
..................................................................


WIND (MPH)
  HIGHEST WIND SPEED     9   HIGHEST WIND DIRECTION    NE (50)
  HIGHEST GUST SPEED    12   HIGHEST GUST DIRECTION    NE (50)
  AVERAGE WIND SPEED     1.2


SKY COVER
  POSSIBLE SUNSHINE  MM
  AVERAGE SKY COVER 0.7


WEATHER CONDITIONS
 THE FOLLOWING WEATHER WAS RECORDED YESTERDAY.
  FOG
  FOG W/VISIBILITY <= 1/4 MILE


RELATIVE HUMIDITY (PERCENT)
 HIGHEST   100           700 AM
 LOWEST     37           400 PM
 AVERAGE    69

..........................................................


THE CHARLESTON WV CLIMATE NORMALS FOR TODAY
                         NORMAL    RECORD    YEAR
 MAXIMUM TEMPERATURE (F)   48        80      1913
 MINIMUM TEMPERATURE (F)   30         2      1968


SUNRISE AND SUNSET
FEBRUARY 21 2017......SUNRISE   709 AM EST   SUNSET   611 PM EST
FEBRUARY 22 2017......SUNRISE   708 AM EST   SUNSET   613 PM EST


-  INDICATES NEGATIVE NUMBERS.
R  INDICATES RECORD WAS SET OR TIED.
MM INDICATES DATA IS MISSING.
T  INDICATES TRACE AMOUNT.




$$
