000
CDUS41 KRLX 220818
CLICRW


CLIMATE REPORT
NATIONAL WEATHER SERVICE CHARLESTON WV
318 AM EST MON JAN 22 2018


...................................

...THE CHARLESTON WV CLIMATE SUMMARY FOR JANUARY 21 2018...

CLIMATE NORMAL PERIOD 1981 TO 2010
CLIMATE RECORD PERIOD 1901 TO 2018


WEATHER ITEM   OBSERVED TIME   RECORD YEAR NORMAL DEPARTURE LAST
                VALUE   (LST)  VALUE       VALUE  FROM      YEAR
                                                  NORMAL
..................................................................
TEMPERATURE (F)
 YESTERDAY
  MAXIMUM         61    347 PM  76    1920  43     18       64
  MINIMUM         43    544 AM -15    1985  26     17       44
  AVERAGE         52                        34     18       54

PRECIPITATION (IN)
  YESTERDAY        T             1.19 1933   0.10  -0.10      T
  MONTH TO DATE    2.35                      2.02   0.33     3.47
  SINCE JAN 1      2.35                      2.02   0.33     3.47

SNOWFALL (IN)
  YESTERDAY        0.0           6.8  2014   0.4   -0.4      0.0
  MONTH TO DATE    6.5                       7.7   -1.2      4.0
  SINCE SEP 1      8.5                      15.8   -7.3      5.2
  SNOW DEPTH       0

DEGREE DAYS
 HEATING
  YESTERDAY       13                        31    -18       11
  MONTH TO DATE  795                       650    145      486
  SINCE DEC 1   1693                      1506    187     1278
  SINCE JUL 1   2479                      2390     89     1932

 COOLING
  YESTERDAY        0                         0      0        0
  MONTH TO DATE    0                         0      0        0
  SINCE DEC 1      0                         1     -1        0
  SINCE JAN 1      0                         0      0        0
..................................................................


WIND (MPH)
  HIGHEST WIND SPEED    14   HIGHEST WIND DIRECTION     S (190)
  HIGHEST GUST SPEED    17   HIGHEST GUST DIRECTION     S (190)
  AVERAGE WIND SPEED     5.7


SKY COVER
  POSSIBLE SUNSHINE  MM
  AVERAGE SKY COVER 0.9


WEATHER CONDITIONS
 THE FOLLOWING WEATHER WAS RECORDED YESTERDAY.
  LIGHT RAIN


RELATIVE HUMIDITY (PERCENT)
 HIGHEST    83           100 AM
 LOWEST     53           200 PM
 AVERAGE    68

..........................................................


THE CHARLESTON WV CLIMATE NORMALS FOR TODAY
                         NORMAL    RECORD    YEAR
 MAXIMUM TEMPERATURE (F)   43        75      1999
 MINIMUM TEMPERATURE (F)   26       -10      1984


SUNRISE AND SUNSET
JANUARY 22 2018.......SUNRISE   739 AM EST   SUNSET   538 PM EST
JANUARY 23 2018.......SUNRISE   738 AM EST   SUNSET   539 PM EST


-  INDICATES NEGATIVE NUMBERS.
R  INDICATES RECORD WAS SET OR TIED.
MM INDICATES DATA IS MISSING.
T  INDICATES TRACE AMOUNT.




$$
