000
CDUS41 KRLX 220720
CLICRW


CLIMATE REPORT
NATIONAL WEATHER SERVICE CHARLESTON WV
316 AM EDT WED OCT 22 2014


...................................

...THE CHARLESTON WV CLIMATE SUMMARY FOR OCTOBER 21 2014...

CLIMATE NORMAL PERIOD 1981 TO 2010
CLIMATE RECORD PERIOD 1901 TO 2014


WEATHER ITEM   OBSERVED TIME   RECORD YEAR NORMAL DEPARTURE LAST
                VALUE   (LST)  VALUE       VALUE  FROM      YEAR
                                                  NORMAL
..................................................................
TEMPERATURE (F)
 YESTERDAY
  MAXIMUM         55   1143 AM  89    1920  66    -11       69
  MINIMUM         47   1159 PM  18    1952  44      3       34
  AVERAGE         51                        55     -4       52

PRECIPITATION (IN)
  YESTERDAY        0.35          1.15 1983   0.08   0.27     0.00
  MONTH TO DATE    3.30                      1.74   1.56     0.59
  SINCE JAN 1     39.94                     36.10   3.84    37.12

SNOWFALL (IN)
  YESTERDAY        0.0
  MONTH TO DATE    0.0
  SINCE SEP 1      0.0
  SNOW DEPTH       0

DEGREE DAYS
 HEATING
  YESTERDAY       14                        10      4       13
  MONTH TO DATE  161                       163     -2       97
  SINCE SEP 1    206                       219    -13      136
  SINCE JUL 1    206                       221    -15      139

 COOLING
  YESTERDAY        0                         0      0        0
  MONTH TO DATE   14                        16     -2       39
  SINCE SEP 1    141                       143     -2      154
  SINCE JAN 1   1048                      1089    -41     1120
..................................................................


WIND (MPH)
  HIGHEST WIND SPEED    18   HIGHEST WIND DIRECTION    NW (320)
  HIGHEST GUST SPEED    24   HIGHEST GUST DIRECTION    NW (310)
  AVERAGE WIND SPEED     6.6


SKY COVER
  POSSIBLE SUNSHINE  MM
  AVERAGE SKY COVER 1.0


WEATHER CONDITIONS
 THE FOLLOWING WEATHER WAS RECORDED YESTERDAY.
  RAIN
  LIGHT RAIN
  FOG


RELATIVE HUMIDITY (PERCENT)
 HIGHEST   100           700 AM
 LOWEST     83           100 PM
 AVERAGE    92

..........................................................


THE CHARLESTON WV CLIMATE NORMALS FOR TODAY
                         NORMAL    RECORD    YEAR
 MAXIMUM TEMPERATURE (F)   66        88      1920
 MINIMUM TEMPERATURE (F)   43        23      1952


SUNRISE AND SUNSET
OCTOBER 22 2014.......SUNRISE   742 AM EDT   SUNSET   639 PM EDT
OCTOBER 23 2014.......SUNRISE   743 AM EDT   SUNSET   638 PM EDT


-  INDICATES NEGATIVE NUMBERS.
R  INDICATES RECORD WAS SET OR TIED.
MM INDICATES DATA IS MISSING.
T  INDICATES TRACE AMOUNT.




$$
