000
CDUS41 KRLX 310719
CLICRW


CLIMATE REPORT
NATIONAL WEATHER SERVICE CHARLESTON WV
317 AM EDT MON AUG 31 2015


...................................

...THE CHARLESTON WV CLIMATE SUMMARY FOR AUGUST 30 2015...

CLIMATE NORMAL PERIOD 1981 TO 2010
CLIMATE RECORD PERIOD 1901 TO 2015


WEATHER ITEM   OBSERVED TIME   RECORD YEAR NORMAL DEPARTURE LAST
                VALUE   (LST)  VALUE       VALUE  FROM      YEAR
                                                  NORMAL
..................................................................
TEMPERATURE (F)
 YESTERDAY
  MAXIMUM         83    248 PM 100    1953  83      0       91
                                      1947
                                      1928
  MINIMUM         62    618 AM  44    1986  62      0       69
  AVERAGE         73                        73      0       80

PRECIPITATION (IN)
  YESTERDAY        0.00          2.05 1911   0.11  -0.11     0.00
  MONTH TO DATE    3.40                      3.63  -0.23     3.39
  SINCE JAN 1     36.39                     31.00   5.39    31.49

SNOWFALL (IN)
  YESTERDAY        0.0
  MONTH TO DATE    0.0
  SINCE SEP 1     29.1
  SNOW DEPTH       0

DEGREE DAYS
 HEATING
  YESTERDAY        0                         0      0        0
  MONTH TO DATE    0                         0      0        0
  SINCE JUN 1      8                        13     -5        0
  SINCE JUL 1      0                         0      0        0

 COOLING
  YESTERDAY        8                         8      0       15
  MONTH TO DATE  253                       283    -30      254
  SINCE JUN 1    869                       827     42      776
  SINCE JAN 1   1058                       937    121      897
..................................................................


WIND (MPH)
  HIGHEST WIND SPEED    10   HIGHEST WIND DIRECTION     S (200)
  HIGHEST GUST SPEED    13   HIGHEST GUST DIRECTION     S (180)
  AVERAGE WIND SPEED     2.7


SKY COVER
  POSSIBLE SUNSHINE  MM
  AVERAGE SKY COVER 0.6


WEATHER CONDITIONS
 THE FOLLOWING WEATHER WAS RECORDED YESTERDAY.
  FOG


RELATIVE HUMIDITY (PERCENT)
 HIGHEST   100           300 AM
 LOWEST     58           100 PM
 AVERAGE    79

..........................................................


THE CHARLESTON WV CLIMATE NORMALS FOR TODAY
                         NORMAL    RECORD    YEAR
 MAXIMUM TEMPERATURE (F)   83       100      1932
 MINIMUM TEMPERATURE (F)   62        45      1976


SUNRISE AND SUNSET
AUGUST 31 2015........SUNRISE   655 AM EDT   SUNSET   758 PM EDT
SEPTEMBER  1 2015.....SUNRISE   656 AM EDT   SUNSET   757 PM EDT


-  INDICATES NEGATIVE NUMBERS.
R  INDICATES RECORD WAS SET OR TIED.
MM INDICATES DATA IS MISSING.
T  INDICATES TRACE AMOUNT.




$$
