000
CDUS41 KRLX 290718
CLICRW


CLIMATE REPORT
NATIONAL WEATHER SERVICE CHARLESTON WV
317 AM EDT WED JUL 29 2015


...................................

...THE CHARLESTON WV CLIMATE SUMMARY FOR JULY 28 2015...

CLIMATE NORMAL PERIOD 1981 TO 2010
CLIMATE RECORD PERIOD 1901 TO 2015


WEATHER ITEM   OBSERVED TIME   RECORD YEAR NORMAL DEPARTURE LAST
                VALUE   (LST)  VALUE       VALUE  FROM      YEAR
                                                  NORMAL
..................................................................
TEMPERATURE (F)
 YESTERDAY
  MAXIMUM         91    445 PM 100    1993  85      6       73
  MINIMUM         69    632 AM  46    1937  66      3       64
  AVERAGE         80                        75      5       69

PRECIPITATION (IN)
  YESTERDAY        0.00          3.44 1999   0.16  -0.16     0.14
  MONTH TO DATE    7.50                      4.47   3.03     5.09
  SINCE JAN 1     32.68                     26.90   5.78    27.75

SNOWFALL (IN)
  YESTERDAY        0.0
  MONTH TO DATE    0.0
  SINCE SEP 1     29.1
  SNOW DEPTH       0

DEGREE DAYS
 HEATING
  YESTERDAY        0                         0      0        0
  MONTH TO DATE    0                         0      0        0
  SINCE JUN 1      8                        13     -5        0
  SINCE JUL 1      0                         0      0        0

 COOLING
  YESTERDAY       15                        10      5        4
  MONTH TO DATE  277                       295    -18      250
  SINCE JUN 1    564                       515     49      514
  SINCE JAN 1    753                       625    128      635
..................................................................


WIND (MPH)
  HIGHEST WIND SPEED    10   HIGHEST WIND DIRECTION     W (250)
  HIGHEST GUST SPEED    14   HIGHEST GUST DIRECTION     W (290)
  AVERAGE WIND SPEED     1.8


SKY COVER
  POSSIBLE SUNSHINE  MM
  AVERAGE SKY COVER 0.5


WEATHER CONDITIONS
 THE FOLLOWING WEATHER WAS RECORDED YESTERDAY.
  FOG
  FOG W/VISIBILITY <= 1/4 MILE


RELATIVE HUMIDITY (PERCENT)
 HIGHEST   100           300 AM
 LOWEST     52           300 PM
 AVERAGE    76

..........................................................


THE CHARLESTON WV CLIMATE NORMALS FOR TODAY
                         NORMAL    RECORD    YEAR
 MAXIMUM TEMPERATURE (F)   85       106      1930
 MINIMUM TEMPERATURE (F)   66        50      1925


SUNRISE AND SUNSET
JULY 29 2015..........SUNRISE   626 AM EDT   SUNSET   839 PM EDT
JULY 30 2015..........SUNRISE   627 AM EDT   SUNSET   839 PM EDT


-  INDICATES NEGATIVE NUMBERS.
R  INDICATES RECORD WAS SET OR TIED.
MM INDICATES DATA IS MISSING.
T  INDICATES TRACE AMOUNT.




$$
