000
CDUS41 KRLX 200719
CLICRW


CLIMATE REPORT
NATIONAL WEATHER SERVICE CHARLESTON WV
316 AM EDT SAT SEP 20 2014


...................................

...THE CHARLESTON WV CLIMATE SUMMARY FOR SEPTEMBER 19 2014...

CLIMATE NORMAL PERIOD 1981 TO 2010
CLIMATE RECORD PERIOD 1901 TO 2014


WEATHER ITEM   OBSERVED TIME   RECORD YEAR NORMAL DEPARTURE LAST
                VALUE   (LST)  VALUE       VALUE  FROM      YEAR
                                                  NORMAL
..................................................................
TEMPERATURE (F)
 YESTERDAY
  MAXIMUM         79    334 PM  98    1908  77      2       72
  MINIMUM         49    639 AM  33    1903  56     -7       63
  AVERAGE         64                        66     -2       68

PRECIPITATION (IN)
  YESTERDAY        T             1.28 2003   0.10  -0.10     0.05
  MONTH TO DATE    4.49                      2.10   2.39     1.56
  SINCE JAN 1     36.64                     33.21   3.43    35.60

SNOWFALL (IN)
  YESTERDAY        0.0
  MONTH TO DATE    0.0
  SINCE SEP 1      0.0
  SNOW DEPTH       0

DEGREE DAYS
 HEATING
  YESTERDAY        1                         2     -1        0
  MONTH TO DATE   23                        16      7       16
  SINCE SEP 1     23                        16      7       16
  SINCE JUL 1     23                        18      5       19

 COOLING
  YESTERDAY        0                         3     -3        3
  MONTH TO DATE  104                        99      5      101
  SINCE SEP 1    104                        99      5      101
  SINCE JAN 1   1011                      1045    -34     1067
..................................................................


WIND (MPH)
  HIGHEST WIND SPEED    17   HIGHEST WIND DIRECTION     E (110)
  HIGHEST GUST SPEED    23   HIGHEST GUST DIRECTION    SE (130)
  AVERAGE WIND SPEED     3.1


SKY COVER
  POSSIBLE SUNSHINE  MM
  AVERAGE SKY COVER 0.4


WEATHER CONDITIONS
 THE FOLLOWING WEATHER WAS RECORDED YESTERDAY.
  FOG
  FOG W/VISIBILITY <= 1/4 MILE


RELATIVE HUMIDITY (PERCENT)
 HIGHEST   100          1200 AM
 LOWEST     54           200 PM
 AVERAGE    77

..........................................................


THE CHARLESTON WV CLIMATE NORMALS FOR TODAY
                         NORMAL    RECORD    YEAR
 MAXIMUM TEMPERATURE (F)   76        97      1925
 MINIMUM TEMPERATURE (F)   55        36      1937


SUNRISE AND SUNSET
SEPTEMBER 20 2014.....SUNRISE   712 AM EDT   SUNSET   727 PM EDT
SEPTEMBER 21 2014.....SUNRISE   713 AM EDT   SUNSET   725 PM EDT


-  INDICATES NEGATIVE NUMBERS.
R  INDICATES RECORD WAS SET OR TIED.
MM INDICATES DATA IS MISSING.
T  INDICATES TRACE AMOUNT.




$$
