000
CDUS41 KRLX 302117
CLICRW


CLIMATE REPORT
NATIONAL WEATHER SERVICE CHARLESTON WV
516 PM EDT MON MAY 30 2016


...................................

...THE CHARLESTON WV CLIMATE SUMMARY FOR MAY 30 2016...
VALID TODAY AS OF 0500 PM LOCAL TIME.

CLIMATE NORMAL PERIOD 1981 TO 2010
CLIMATE RECORD PERIOD 1901 TO 2016


WEATHER ITEM   OBSERVED TIME   RECORD YEAR NORMAL DEPARTURE LAST
                VALUE   (LST)  VALUE       VALUE  FROM      YEAR
                                                  NORMAL
..................................................................
TEMPERATURE (F)
 TODAY
  MAXIMUM         87    320 PM  96    1931  78      9       87
  MINIMUM         62    610 AM  38    1949  57      5       63
  AVERAGE         75                        67      8       75

PRECIPITATION (IN)
  TODAY            0.00          1.87 1908   0.16  -0.16      T
  MONTH TO DATE    5.09                      4.63   0.46     1.94
  SINCE MAR 1     10.69                     11.78  -1.09    14.00
  SINCE JAN 1     16.86                     17.97  -1.11    19.20

DEGREE DAYS
 HEATING
  TODAY            0                         2     -2        0
  MONTH TO DATE  138                       115     23       54
  SINCE MAR 1    781                      1009   -228      930
  SINCE JUL 1   3716                      4463   -747     4835

 COOLING
  TODAY           10                         4      6       10
  MONTH TO DATE   75                        72      3      163
  SINCE MAR 1    121                       104     17      178
  SINCE JAN 1    121                       104     17      178
..................................................................


WIND (MPH)
  HIGHEST WIND SPEED    13   HIGHEST WIND DIRECTION     N (350)
  HIGHEST GUST SPEED    17   HIGHEST GUST DIRECTION     N (10)
  AVERAGE WIND SPEED     2.3


SKY COVER
  POSSIBLE SUNSHINE  MM
  AVERAGE SKY COVER 0.5


WEATHER CONDITIONS
 THE FOLLOWING WEATHER WAS RECORDED TODAY.
  FOG
  FOG W/VISIBILITY <= 1/4 MILE


RELATIVE HUMIDITY (PERCENT)
 HIGHEST   100          1200 AM
 LOWEST     44           300 PM
 AVERAGE    72

..........................................................


THE CHARLESTON WV CLIMATE NORMALS FOR TOMORROW
                         NORMAL    RECORD    YEAR
 MAXIMUM TEMPERATURE (F)   78        96      1931
                                             1918
 MINIMUM TEMPERATURE (F)   57        38      1966
                                             1930


SUNRISE AND SUNSET
MAY 30 2016...........SUNRISE   605 AM EDT   SUNSET   843 PM EDT
MAY 31 2016...........SUNRISE   605 AM EDT   SUNSET   844 PM EDT


-  INDICATES NEGATIVE NUMBERS.
R  INDICATES RECORD WAS SET OR TIED.
MM INDICATES DATA IS MISSING.
T  INDICATES TRACE AMOUNT.




$$
