000
CDUS41 KRLX 302119
CLICRW


CLIMATE REPORT
NATIONAL WEATHER SERVICE CHARLESTON WV
518 PM EDT WED JUL 30 2014


...................................

...THE CHARLESTON WV CLIMATE SUMMARY FOR JULY 30 2014...
VALID TODAY AS OF 0500 PM LOCAL TIME.

CLIMATE NORMAL PERIOD 1981 TO 2010
CLIMATE RECORD PERIOD 1901 TO 2014


WEATHER ITEM   OBSERVED TIME   RECORD YEAR NORMAL DEPARTURE LAST
                VALUE   (LST)  VALUE       VALUE  FROM      YEAR
                                                  NORMAL
..................................................................
TEMPERATURE (F)
 TODAY
  MAXIMUM         78    354 PM 103    1930  85     -7       81
  MINIMUM         53R   545 AM  53    1965  66    -13       58
  AVERAGE         66                        75     -9       70

PRECIPITATION (IN)
  TODAY            0.00          1.31 1962   0.16  -0.16     0.00
  MONTH TO DATE    5.09                      4.78   0.31     7.27
  SINCE JUN 1     11.63                      9.07   2.56    14.39
  SINCE JAN 1     27.75                     27.21   0.54    29.82

DEGREE DAYS
 HEATING
  TODAY            0                         0      0        0
  MONTH TO DATE    0                         0      0        0
  SINCE JUN 1      0                        13    -13        0
  SINCE JUL 1      0                         0      0        0

 COOLING
  TODAY            1                        10     -9        5
  MONTH TO DATE  252                       315    -63      318
  SINCE JUN 1    516                       535    -19      553
  SINCE JAN 1    637                       645     -8      700
..................................................................


WIND (MPH)
  HIGHEST WIND SPEED    13   HIGHEST WIND DIRECTION    SW (230)
  HIGHEST GUST SPEED    16   HIGHEST GUST DIRECTION     S (180)
  AVERAGE WIND SPEED     3.5


SKY COVER
  POSSIBLE SUNSHINE  MM
  AVERAGE SKY COVER 0.6


WEATHER CONDITIONS
 THE FOLLOWING WEATHER WAS RECORDED TODAY.
  FOG


RELATIVE HUMIDITY (PERCENT)
 HIGHEST   100          1200 AM
 LOWEST     50           200 PM
 AVERAGE    75

..........................................................


THE CHARLESTON WV CLIMATE NORMALS FOR TOMORROW
                         NORMAL    RECORD    YEAR
 MAXIMUM TEMPERATURE (F)   85       100      1931
 MINIMUM TEMPERATURE (F)   66        52      1956
                                             1936
                                             1925


SUNRISE AND SUNSET
JULY 30 2014..........SUNRISE   627 AM EDT   SUNSET   838 PM EDT
JULY 31 2014..........SUNRISE   628 AM EDT   SUNSET   837 PM EDT


-  INDICATES NEGATIVE NUMBERS.
R  INDICATES RECORD WAS SET OR TIED.
MM INDICATES DATA IS MISSING.
T  INDICATES TRACE AMOUNT.




$$
