000
CDUS42 KFFC 200919
CLICSG


CLIMATE REPORT
NATIONAL WEATHER SERVICE PEACHTREE CITY GA
419 AM EST MON NOV 20 2017


...................................

...THE COLUMBUS CLIMATE SUMMARY FOR NOVEMBER 19 2017...

CLIMATE NORMAL PERIOD 1981 TO 2010
CLIMATE RECORD PERIOD 1948 TO 2017


WEATHER ITEM   OBSERVED TIME   RECORD YEAR NORMAL DEPARTURE LAST
                VALUE   (LST)  VALUE       VALUE  FROM      YEAR
                                                  NORMAL
..................................................................
TEMPERATURE (F)
 YESTERDAY
  MAXIMUM         62   1254 AM  84    1942  67     -5       64
  MINIMUM         44   1112 PM  21    2014  45     -1       46
  AVERAGE         53                        56     -3       55

PRECIPITATION (IN)
  YESTERDAY        T             1.35 1952   0.15  -0.15     0.00
  MONTH TO DATE    1.54                      2.37  -0.83     0.00
  SINCE SEP 1      9.35                      8.01   1.34     1.67
  SINCE JAN 1     48.36                     40.75   7.61    28.59

SNOWFALL (IN)
  YESTERDAY       MM             0.0  2001   0.0   MM        0.0
  MONTH TO DATE    0.0                       0.0    0.0      0.0
  SINCE SEP 1      0.0                       0.0    0.0      0.0
  SINCE JUL 1      0.0                       0.0    0.0      0.0
  SNOW DEPTH       0

DEGREE DAYS
 HEATING
  YESTERDAY       12                         9      3       10
  MONTH TO DATE  105                       134    -29       89
  SINCE SEP 1    172                       210    -38       99
  SINCE JUL 1    172                       210    -38       99

 COOLING
  YESTERDAY        0                         1     -1        0
  MONTH TO DATE   37                        22     15       30
  SINCE SEP 1    620                       490    130      697
  SINCE JAN 1   2714                      2362    352     2754
..................................................................


WIND (MPH)
  HIGHEST WIND SPEED    24   HIGHEST WIND DIRECTION     N (340)
  HIGHEST GUST SPEED    34   HIGHEST GUST DIRECTION     N (10)
  AVERAGE WIND SPEED    10.7


SKY COVER
  AVERAGE SKY COVER 0.2


WEATHER CONDITIONS
 THE FOLLOWING WEATHER WAS RECORDED YESTERDAY.
  HEAVY RAIN
  RAIN
  LIGHT RAIN


RELATIVE HUMIDITY (PERCENT)
 HIGHEST    78           100 AM
 LOWEST     32           300 PM
 AVERAGE    55

..........................................................


THE COLUMBUS CLIMATE NORMALS FOR TODAY
                         NORMAL    RECORD    YEAR
 MAXIMUM TEMPERATURE (F)   67        83      1942
 MINIMUM TEMPERATURE (F)   45        19      1914


SUNRISE AND SUNSET
NOVEMBER 20 2017......SUNRISE   714 AM EST   SUNSET   536 PM EST
NOVEMBER 21 2017......SUNRISE   715 AM EST   SUNSET   536 PM EST


-  INDICATES NEGATIVE NUMBERS.
R  INDICATES RECORD WAS SET OR TIED.
MM INDICATES DATA IS MISSING.
T  INDICATES TRACE AMOUNT.




$$
