000
CDUS42 KFFC 020023
CLICSG


CLIMATE REPORT
NATIONAL WEATHER SERVICE PEACHTREE CITY GA
822 PM EDT FRI AUG 1 2014


...................................

...THE COLUMBUS CLIMATE SUMMARY FOR AUGUST 1 2014...
VALID AS OF 0800 PM LOCAL TIME.

CLIMATE NORMAL PERIOD 1981 TO 2010
CLIMATE RECORD PERIOD 1948 TO 2014


WEATHER ITEM   OBSERVED TIME   RECORD YEAR NORMAL DEPARTURE LAST
                VALUE   (LST)  VALUE       VALUE  FROM      YEAR
                                                  NORMAL
..................................................................
TEMPERATURE (F)
 TODAY
  MAXIMUM         85    324 PM 103    1986  92     -7       90
  MINIMUM         71    719 AM  62    1997  73     -2       73
  AVERAGE         78                        83     -5       82

PRECIPITATION (IN)
  TODAY            T             2.38 1983   0.13  -0.13     0.22
  MONTH TO DATE    T                         0.13  -0.13     0.22
  SINCE JUN 1      8.70                      8.61   0.09    16.35
  SINCE JAN 1     34.49                     29.10   5.39    41.96

DEGREE DAYS
 COOLING
  TODAY           13                        18     -5       17
  MONTH TO DATE   13                        18     -5       17
  SINCE JUN 1    954                      1008    -54      953
  SINCE JAN 1   1290                      1366    -76     1316
..................................................................


WIND (MPH)
  HIGHEST WIND SPEED    12   HIGHEST WIND DIRECTION     E (70)
  HIGHEST GUST SPEED    14   HIGHEST GUST DIRECTION     E (70)
  AVERAGE WIND SPEED     6.8


SKY COVER
  AVERAGE SKY COVER 0.8


WEATHER CONDITIONS
 THE FOLLOWING WEATHER WAS RECORDED TODAY.
  NO SIGNIFICANT WEATHER WAS OBSERVED.


RELATIVE HUMIDITY (PERCENT)
 HIGHEST    84           200 AM
 LOWEST     65           300 PM

..........................................................


THE COLUMBUS CLIMATE NORMALS FOR TOMORROW
                         NORMAL    RECORD
 MAXIMUM TEMPERATURE (F)   92       100
 MINIMUM TEMPERATURE (F)   73        65


SUNRISE AND SUNSET
AUGUST  1 2014........SUNRISE   654 AM EDT   SUNSET   838 PM EDT
AUGUST  2 2014........SUNRISE   655 AM EDT   SUNSET   837 PM EDT


-  INDICATES NEGATIVE NUMBERS.
R  INDICATES RECORD WAS SET OR TIED.
MM INDICATES DATA IS MISSING.
T  INDICATES TRACE AMOUNT.




$$
