000
CDUS42 KFFC 290818
CLICSG


CLIMATE REPORT
NATIONAL WEATHER SERVICE PEACHTREE CITY GA
417 AM EDT WED JUL 29 2015


...................................

...THE COLUMBUS CLIMATE SUMMARY FOR JULY 28 2015...

CLIMATE NORMAL PERIOD 1981 TO 2010
CLIMATE RECORD PERIOD 1948 TO 2015


WEATHER ITEM   OBSERVED TIME   RECORD YEAR NORMAL DEPARTURE LAST
                VALUE   (LST)  VALUE       VALUE  FROM      YEAR
                                                  NORMAL
..................................................................
TEMPERATURE (F)
 YESTERDAY
  MAXIMUM         97    403 PM 100    1993  92      5       96
                                      1952
  MINIMUM         75    645 AM  67    1954  73      2       77
  AVERAGE         86                        83      3       87

PRECIPITATION (IN)
  YESTERDAY        0.10          1.55 1962   0.14  -0.04      T
  MONTH TO DATE    1.96                      4.32  -2.36     4.49
  SINCE JUN 1      6.03                      8.04  -2.01     8.70
  SINCE JAN 1     25.51                     28.53  -3.02    34.49

DEGREE DAYS
 HEATING
  YESTERDAY        0                         0      0        0
  MONTH TO DATE    0                         0      0        0
  SINCE JUN 1      0                         0      0        0
  SINCE JUL 1      0                         0      0        0

 COOLING
  YESTERDAY       21                        18      3       22
  MONTH TO DATE  524                       496     28      446
  SINCE JUN 1    996                       942     54      905
  SINCE JAN 1   1442                      1300    142     1241
..................................................................


WIND (MPH)
  HIGHEST WIND SPEED    25   HIGHEST WIND DIRECTION     W (270)
  HIGHEST GUST SPEED    33   HIGHEST GUST DIRECTION     W (280)
  AVERAGE WIND SPEED     3.7


SKY COVER
  AVERAGE SKY COVER 0.3


WEATHER CONDITIONS
 THE FOLLOWING WEATHER WAS RECORDED YESTERDAY.
  THUNDERSTORM
  HEAVY RAIN
  LIGHT RAIN


RELATIVE HUMIDITY (PERCENT)
 HIGHEST    87           500 AM
 LOWEST     39           300 PM
 AVERAGE    63

..........................................................


THE COLUMBUS CLIMATE NORMALS FOR TODAY
                         NORMAL    RECORD    YEAR
 MAXIMUM TEMPERATURE (F)   92       101      1952
 MINIMUM TEMPERATURE (F)   73        65      1994


SUNRISE AND SUNSET
JULY 29 2015..........SUNRISE   652 AM EDT   SUNSET   840 PM EDT
JULY 30 2015..........SUNRISE   653 AM EDT   SUNSET   839 PM EDT


-  INDICATES NEGATIVE NUMBERS.
R  INDICATES RECORD WAS SET OR TIED.
MM INDICATES DATA IS MISSING.
T  INDICATES TRACE AMOUNT.




$$
