000
CDUS42 KFFC 270038
CLICSG


CLIMATE REPORT
NATIONAL WEATHER SERVICE PEACHTREE CITY GA
736 PM EST FRI DEC 26 2014


...................................

...THE COLUMBUS CLIMATE SUMMARY FOR DECEMBER 26 2014...
VALID AS OF 0700 PM LOCAL TIME.

CLIMATE NORMAL PERIOD 1981 TO 2010
CLIMATE RECORD PERIOD 1948 TO 2014


WEATHER ITEM   OBSERVED TIME   RECORD YEAR NORMAL DEPARTURE LAST
                VALUE   (LST)  VALUE       VALUE  FROM      YEAR
                                                  NORMAL
..................................................................
TEMPERATURE (F)
 TODAY
  MAXIMUM         62    323 PM  80    1987  57      5       55
  MINIMUM         33    726 AM  10    1983  37     -4       38
  AVERAGE         48                        47      1       47

PRECIPITATION (IN)
  TODAY            0.00          3.18 1973   0.13  -0.13     0.00
  MONTH TO DATE    3.55                      3.66  -0.11     6.55
  SINCE DEC 1      3.55                      3.66  -0.11     6.55
  SINCE JAN 1     51.06                     46.14   4.92    60.33

SNOWFALL (IN)
  TODAY            0.0           T    2010   0.0    0.0      0.0
  MONTH TO DATE    0.0                       0.1   -0.1      0.0
  SINCE DEC 1      0.0                       0.1   -0.1      0.0
  SINCE JUL 1      0.0                       0.1   -0.1      0.0
  SNOW DEPTH       0

DEGREE DAYS
 HEATING
  TODAY           17                        18     -1       18
  MONTH TO DATE  335                       406    -71      328
  SINCE DEC 1    335                       406    -71      328
  SINCE JUL 1    803                       738     65      676
..................................................................


WIND (MPH)
  HIGHEST WIND SPEED     8   HIGHEST WIND DIRECTION     E (90)
  HIGHEST GUST SPEED     9   HIGHEST GUST DIRECTION    SE (120)
  AVERAGE WIND SPEED     1.5


SKY COVER
  AVERAGE SKY COVER 0.0


WEATHER CONDITIONS
 THE FOLLOWING WEATHER WAS RECORDED TODAY.
  NO SIGNIFICANT WEATHER WAS OBSERVED.


RELATIVE HUMIDITY (PERCENT)
 HIGHEST    96           500 AM
 LOWEST     39           300 PM

..........................................................


THE COLUMBUS CLIMATE NORMALS FOR TOMORROW
                         NORMAL    RECORD
 MAXIMUM TEMPERATURE (F)   57        75
 MINIMUM TEMPERATURE (F)   37        23


SUNRISE AND SUNSET
DECEMBER 26 2014......SUNRISE   740 AM EST   SUNSET   541 PM EST
DECEMBER 27 2014......SUNRISE   740 AM EST   SUNSET   542 PM EST


-  INDICATES NEGATIVE NUMBERS.
R  INDICATES RECORD WAS SET OR TIED.
MM INDICATES DATA IS MISSING.
T  INDICATES TRACE AMOUNT.




$$
