000
CDUS42 KFFC 020819
CLICSG


CLIMATE REPORT
NATIONAL WEATHER SERVICE PEACHTREE CITY GA
419 AM EDT WED SEP 2 2015


...................................

...THE COLUMBUS CLIMATE SUMMARY FOR SEPTEMBER 1 2015...

CLIMATE NORMAL PERIOD 1981 TO 2010
CLIMATE RECORD PERIOD 1948 TO 2015


WEATHER ITEM   OBSERVED TIME   RECORD YEAR NORMAL DEPARTURE LAST
                VALUE   (LST)  VALUE       VALUE  FROM      YEAR
                                                  NORMAL
..................................................................
TEMPERATURE (F)
 YESTERDAY
  MAXIMUM         90    226 PM  99    1957  90      0       96
  MINIMUM         71    642 AM  63    1968  71      0       74
                                      1954
  AVERAGE         81                        80      1       85

PRECIPITATION (IN)
  YESTERDAY        0.00          2.05 1983   0.11  -0.11     0.14
  MONTH TO DATE    0.00                      0.11  -0.11     0.14
  SINCE SEP 1      0.00                      0.11  -0.11     0.14
  SINCE JAN 1     33.29                     32.85   0.44    36.32

DEGREE DAYS
 HEATING
  YESTERDAY        0                         0      0        0
  MONTH TO DATE    0                         0      0        0
  SINCE SEP 1      0                         0      0        0
  SINCE JUL 1      0                         0      0        0

 COOLING
  YESTERDAY       16                        15      1       20
  MONTH TO DATE   16                        15      1       20
  SINCE SEP 1     16                        15      1       20
  SINCE JAN 1   2043                      1887    156     1815
..................................................................


WIND (MPH)
  HIGHEST WIND SPEED     8   HIGHEST WIND DIRECTION    NE (60)
  HIGHEST GUST SPEED    10   HIGHEST GUST DIRECTION    NE (60)
  AVERAGE WIND SPEED     2.3


SKY COVER
  AVERAGE SKY COVER 0.2


WEATHER CONDITIONS
 THE FOLLOWING WEATHER WAS RECORDED YESTERDAY.
  NO SIGNIFICANT WEATHER WAS OBSERVED.


RELATIVE HUMIDITY (PERCENT)
 HIGHEST    93           300 AM
 LOWEST     47           500 PM
 AVERAGE    70

..........................................................


THE COLUMBUS CLIMATE NORMALS FOR TODAY
                         NORMAL    RECORD    YEAR
 MAXIMUM TEMPERATURE (F)   90        99      1957
 MINIMUM TEMPERATURE (F)   71        58      1954


SUNRISE AND SUNSET
SEPTEMBER  2 2015.....SUNRISE   715 AM EDT   SUNSET   803 PM EDT
SEPTEMBER  3 2015.....SUNRISE   716 AM EDT   SUNSET   802 PM EDT


-  INDICATES NEGATIVE NUMBERS.
R  INDICATES RECORD WAS SET OR TIED.
MM INDICATES DATA IS MISSING.
T  INDICATES TRACE AMOUNT.




$$
