000
CDUS42 KFFC 270818
CLICSG


CLIMATE REPORT
NATIONAL WEATHER SERVICE PEACHTREE CITY GA
418 AM EDT WED MAY 27 2015


...................................

...THE COLUMBUS CLIMATE SUMMARY FOR MAY 26 2015...

CLIMATE NORMAL PERIOD 1981 TO 2010
CLIMATE RECORD PERIOD 1948 TO 2015


WEATHER ITEM   OBSERVED TIME   RECORD YEAR NORMAL DEPARTURE LAST
                VALUE   (LST)  VALUE       VALUE  FROM      YEAR
                                                  NORMAL
..................................................................
TEMPERATURE (F)
 YESTERDAY
  MAXIMUM         87    124 PM  97    2012  86      1       90
  MINIMUM         68   1159 PM  47    1979  65      3       66
  AVERAGE         78                        76      2       78

PRECIPITATION (IN)
  YESTERDAY        1.94R         1.00 1959   0.10   1.84     0.00
  MONTH TO DATE    2.88                      2.65   0.23     2.47
  SINCE MAR 1     11.81                     11.66   0.15    17.17
  SINCE JAN 1     19.18                     19.95  -0.77    25.49

DEGREE DAYS
 HEATING
  YESTERDAY        0                         0      0        0
  MONTH TO DATE    2                         6     -4       15
  SINCE MAR 1    202                       341   -139      406
  SINCE JUL 1   2212                      2118     94     2349

 COOLING
  YESTERDAY       13                        11      2       13
  MONTH TO DATE  236                       196     40      201
  SINCE MAR 1    385                       296     89      269
  SINCE JAN 1    385                       300     85      272
..................................................................


WIND (MPH)
  HIGHEST WIND SPEED    30   HIGHEST WIND DIRECTION     S (160)
  HIGHEST GUST SPEED    40   HIGHEST GUST DIRECTION     S (160)
  AVERAGE WIND SPEED     6.0


SKY COVER
  AVERAGE SKY COVER 0.6


WEATHER CONDITIONS
 THE FOLLOWING WEATHER WAS RECORDED YESTERDAY.
  THUNDERSTORM
  HEAVY RAIN
  RAIN
  LIGHT RAIN
  FOG
  FOG W/VISIBILITY <= 1/4 MILE


RELATIVE HUMIDITY (PERCENT)
 HIGHEST   100           400 AM
 LOWEST     57           100 PM
 AVERAGE    79

..........................................................


THE COLUMBUS CLIMATE NORMALS FOR TODAY
                         NORMAL    RECORD    YEAR
 MAXIMUM TEMPERATURE (F)   87        97      1953
 MINIMUM TEMPERATURE (F)   65        45      1961


SUNRISE AND SUNSET
MAY 27 2015...........SUNRISE   635 AM EDT   SUNSET   839 PM EDT
MAY 28 2015...........SUNRISE   635 AM EDT   SUNSET   840 PM EDT


-  INDICATES NEGATIVE NUMBERS.
R  INDICATES RECORD WAS SET OR TIED.
MM INDICATES DATA IS MISSING.
T  INDICATES TRACE AMOUNT.




$$
