000
CDUS42 KFFC 230020
CLICSG


CLIMATE REPORT
NATIONAL WEATHER SERVICE PEACHTREE CITY GA
820 PM EDT TUE APR 22 2014


...................................

...THE COLUMBUS CLIMATE SUMMARY FOR APRIL 22 2014...
VALID AS OF 0800 PM LOCAL TIME.

CLIMATE NORMAL PERIOD 1981 TO 2010
CLIMATE RECORD PERIOD 1948 TO 2014


WEATHER ITEM   OBSERVED TIME   RECORD YEAR NORMAL DEPARTURE LAST
                VALUE   (LST)  VALUE       VALUE  FROM      YEAR
                                                  NORMAL
..................................................................
TEMPERATURE (F)
 TODAY
  MAXIMUM         77    122 PM  92    1987  78     -1       75
  MINIMUM         54    643 AM  37    1953  54      0       54
  AVERAGE         66                        66      0       65

PRECIPITATION (IN)
  TODAY            0.08          1.40 1951   0.10  -0.02     0.00
  MONTH TO DATE    8.04                      2.70   5.34     2.61
  SINCE MAR 1     13.44                      8.16   5.28     5.95
  SINCE JAN 1     21.76                     16.45   5.31    21.64

SNOWFALL (IN)
  TODAY            0.0           0.0  2002   0.0    0.0      0.0
                                      2001
                                      2000
  MONTH TO DATE    0.0                       0.0    0.0      0.0
  SINCE MAR 1      0.0                       0.1   -0.1      0.0
  SINCE JUL 1      1.2                       0.4    0.8      0.0
  SNOW DEPTH       0

DEGREE DAYS
 HEATING
  TODAY            0                         2     -2        0
  MONTH TO DATE   79                        79      0       67
  SINCE MAR 1    391                       325     66      417
  SINCE JUL 1   2334                      2102    232     1773

 COOLING
  TODAY            1                         3     -2        0
  MONTH TO DATE   26                        48    -22       59
  SINCE MAR 1     26                        71    -45       67
  SINCE JAN 1     29                        75    -46       92
..................................................................


WIND (MPH)
  HIGHEST WIND SPEED    18   HIGHEST WIND DIRECTION    NW (330)
  HIGHEST GUST SPEED    24   HIGHEST GUST DIRECTION    NW (330)
  AVERAGE WIND SPEED     3.8


SKY COVER
  AVERAGE SKY COVER 0.4


WEATHER CONDITIONS
 THE FOLLOWING WEATHER WAS RECORDED TODAY.
  THUNDERSTORM
  LIGHT RAIN
  FOG
  HAZE


RELATIVE HUMIDITY (PERCENT)
 HIGHEST    93           500 AM
 LOWEST     50           100 PM

..........................................................


THE COLUMBUS CLIMATE NORMALS FOR TOMORROW
                         NORMAL    RECORD
 MAXIMUM TEMPERATURE (F)   78        90
 MINIMUM TEMPERATURE (F)   54        35


SUNRISE AND SUNSET
APRIL 22 2014.........SUNRISE   702 AM EDT   SUNSET   815 PM EDT
APRIL 23 2014.........SUNRISE   701 AM EDT   SUNSET   815 PM EDT


-  INDICATES NEGATIVE NUMBERS.
R  INDICATES RECORD WAS SET OR TIED.
MM INDICATES DATA IS MISSING.
T  INDICATES TRACE AMOUNT.




$$
