000
CDUS45 KTFX 301014
CLICTB


CLIMATE REPORT
NATIONAL WEATHER SERVICE GREAT FALLS MT
413 AM MDT SUN AUG 30 2015


...................................

...THE CUT BANK MT CLIMATE SUMMARY FOR AUGUST 29 2015...

CLIMATE NORMAL PERIOD 1981 TO 2010
CLIMATE RECORD PERIOD 1903 TO 2015


WEATHER ITEM   OBSERVED TIME   RECORD YEAR NORMAL DEPARTURE LAST
                VALUE   (LST)  VALUE       VALUE  FROM      YEAR
                                                  NORMAL
..................................................................
TEMPERATURE (F)
 YESTERDAY
  MAXIMUM         89    233 PM  93    2013  75     14       79
  MINIMUM         52    532 AM  31    1937  45      7       46
  AVERAGE         71                        60     11       63

PRECIPITATION (IN)
  YESTERDAY        0.00          0.48 1951   0.04  -0.04     0.00
  MONTH TO DATE    0.60                      1.11  -0.51     2.69
  SINCE OCT 1      8.28                      9.60  -1.32    15.04
  SINCE JAN 1      5.75                      8.58  -2.83    13.84

SNOWFALL (IN)
  YESTERDAY       MM
  SNOW DEPTH       0

DEGREE DAYS
 HEATING
  YESTERDAY        0                         6     -6        2
  MONTH TO DATE   74                        96    -22       73
  SINCE JUN 1    271                       415   -144      363
  SINCE JUL 1    141                       182    -41       90

 COOLING
  YESTERDAY        6                         1      5        0
  MONTH TO DATE   98                        63     35       92
  SINCE JUN 1    228                       150     78      197
  SINCE JAN 1    228                       152     76      197
..................................................................


WIND (MPH)
  HIGHEST WIND SPEED    39   HIGHEST WIND DIRECTION    SW (220)
  HIGHEST GUST SPEED    49   HIGHEST GUST DIRECTION    SW (230)
  AVERAGE WIND SPEED    13.4


SKY COVER
  AVERAGE SKY COVER 0.8


WEATHER CONDITIONS
 THE FOLLOWING WEATHER WAS RECORDED YESTERDAY.
  HAZE


RELATIVE HUMIDITY (PERCENT)
 HIGHEST    55           600 AM
 LOWEST     21           400 PM
 AVERAGE    38

..........................................................


THE CUT BANK MT CLIMATE NORMALS FOR TODAY
                         NORMAL    RECORD    YEAR
 MAXIMUM TEMPERATURE (F)   75        96      1921
 MINIMUM TEMPERATURE (F)   45        32      2003


SUNRISE AND SUNSET
AUGUST 30 2015........SUNRISE   644 AM MDT   SUNSET   816 PM MDT
AUGUST 31 2015........SUNRISE   645 AM MDT   SUNSET   814 PM MDT


-  INDICATES NEGATIVE NUMBERS.
R  INDICATES RECORD WAS SET OR TIED.
MM INDICATES DATA IS MISSING.
T  INDICATES TRACE AMOUNT.




$$
