000
CDUS45 KTFX 241052
CLICTB


CLIMATE REPORT
NATIONAL WEATHER SERVICE GREAT FALLS MT
352 AM MST MON NOV 24 2014


...................................

...THE CUT BANK MT CLIMATE SUMMARY FOR NOVEMBER 23 2014...

CLIMATE NORMAL PERIOD 1981 TO 2010
CLIMATE RECORD PERIOD 1903 TO 2014


WEATHER ITEM   OBSERVED TIME   RECORD YEAR NORMAL DEPARTURE LAST
                VALUE   (LST)  VALUE       VALUE  FROM      YEAR
                                                  NORMAL
..................................................................
TEMPERATURE (F)
 YESTERDAY
  MAXIMUM         42   1256 PM  62    2005  37      5       49
  MINIMUM         26    558 AM -25    1950  18      8        9
  AVERAGE         34                        27      7       29

PRECIPITATION (IN)
  YESTERDAY        0.00          0.10 1946   0.01  -0.01     0.00
  MONTH TO DATE    0.31                      0.29   0.02     0.41
  SINCE OCT 1      0.58                      0.73  -0.15     0.76
  SINCE JAN 1     15.49                     10.61   4.88    14.46

SNOWFALL (IN)
  YESTERDAY       MM
  SNOW DEPTH       0

DEGREE DAYS
 HEATING
  YESTERDAY       31                        38     -7       36
  MONTH TO DATE  859                       766     93      858
  SINCE SEP 1   1645                      1796   -151     1807
  SINCE JUL 1   1742                      1990   -248     1879

 COOLING
  YESTERDAY        0                         0      0        0
  MONTH TO DATE    0                         0      0        0
  SINCE SEP 1     11                         9      2       31
  SINCE JAN 1    208                       162     46      226
..................................................................


WIND (MPH)
  HIGHEST WIND SPEED    35   HIGHEST WIND DIRECTION     W (260)
  HIGHEST GUST SPEED    43   HIGHEST GUST DIRECTION     W (260)
  AVERAGE WIND SPEED    18.7


SKY COVER
  AVERAGE SKY COVER 0.2


WEATHER CONDITIONS
 THE FOLLOWING WEATHER WAS RECORDED YESTERDAY.
  NO SIGNIFICANT WEATHER WAS OBSERVED.


RELATIVE HUMIDITY (PERCENT)
 HIGHEST    75           200 AM
 LOWEST     36           100 PM
 AVERAGE    56

..........................................................


THE CUT BANK MT CLIMATE NORMALS FOR TODAY
                         NORMAL    RECORD    YEAR
 MAXIMUM TEMPERATURE (F)   37        64      1936
 MINIMUM TEMPERATURE (F)   17       -14      2010


SUNRISE AND SUNSET
NOVEMBER 24 2014......SUNRISE   751 AM MST   SUNSET   441 PM MST
NOVEMBER 25 2014......SUNRISE   753 AM MST   SUNSET   440 PM MST


-  INDICATES NEGATIVE NUMBERS.
R  INDICATES RECORD WAS SET OR TIED.
MM INDICATES DATA IS MISSING.
T  INDICATES TRACE AMOUNT.




$$
