000
CDUS45 KTFX 210934
CLICTB


CLIMATE REPORT
NATIONAL WEATHER SERVICE GREAT FALLS MT
333 AM MDT THU AUG 21 2014


...................................

...THE CUT BANK MT CLIMATE SUMMARY FOR AUGUST 20 2014...

CLIMATE NORMAL PERIOD 1981 TO 2010
CLIMATE RECORD PERIOD 1903 TO 2014


WEATHER ITEM   OBSERVED TIME   RECORD YEAR NORMAL DEPARTURE LAST
                VALUE   (LST)  VALUE       VALUE  FROM      YEAR
                                                  NORMAL
..................................................................
TEMPERATURE (F)
 YESTERDAY
  MAXIMUM         76    106 PM  92    2012  78     -2       84
                                      1967
  MINIMUM         51    612 AM  35    1938  48      3       51
  AVERAGE         64                        63      1       68

PRECIPITATION (IN)
  YESTERDAY        0.68R         0.48 1968   0.04   0.64     0.00
  MONTH TO DATE    1.52                      0.75   0.77     1.41
  SINCE OCT 1     13.87                      9.24   4.63    13.08
  SINCE JAN 1     12.67                      8.22   4.45    10.91

SNOWFALL (IN)
  YESTERDAY       MM
  SNOW DEPTH       0

DEGREE DAYS
 HEATING
  YESTERDAY        1                         4     -3        0
  MONTH TO DATE    2                        53    -51       23
  SINCE JUN 1    292                       372    -80      273
  SINCE JUL 1     19                       139   -120       64

 COOLING
  YESTERDAY        0                         2     -2        3
  MONTH TO DATE   89                        53     36       59
  SINCE JUN 1    194                       140     54      156
  SINCE JAN 1    194                       142     52      158
..................................................................


WIND (MPH)
  HIGHEST WIND SPEED    25   HIGHEST WIND DIRECTION     N (360)
  HIGHEST GUST SPEED    32   HIGHEST GUST DIRECTION     N (360)
  AVERAGE WIND SPEED     9.4


SKY COVER
  AVERAGE SKY COVER 0.5


WEATHER CONDITIONS
 THE FOLLOWING WEATHER WAS RECORDED YESTERDAY.
  THUNDERSTORM
  HEAVY RAIN
  RAIN
  LIGHT RAIN
  FOG


RELATIVE HUMIDITY (PERCENT)
 HIGHEST    93           900 PM
 LOWEST     38           100 PM
 AVERAGE    66

..........................................................


THE CUT BANK MT CLIMATE NORMALS FOR TODAY
                         NORMAL    RECORD    YEAR
 MAXIMUM TEMPERATURE (F)   78        95      1969
 MINIMUM TEMPERATURE (F)   47        35      1966


SUNRISE AND SUNSET
AUGUST 21 2014........SUNRISE   631 AM MDT   SUNSET   833 PM MDT
AUGUST 22 2014........SUNRISE   633 AM MDT   SUNSET   831 PM MDT


-  INDICATES NEGATIVE NUMBERS.
R  INDICATES RECORD WAS SET OR TIED.
MM INDICATES DATA IS MISSING.
T  INDICATES TRACE AMOUNT.




$$
