000
CDUS45 KTFX 272230
CLICTB


CLIMATE REPORT
NATIONAL WEATHER SERVICE GREAT FALLS MT
430 PM MDT THU APR 27 2017


...................................

...THE CUT BANK MT CLIMATE SUMMARY FOR APRIL 27 2017...
VALID TODAY AS OF 0400 PM LOCAL TIME.

CLIMATE NORMAL PERIOD 1981 TO 2010
CLIMATE RECORD PERIOD 1903 TO 2017


WEATHER ITEM   OBSERVED TIME   RECORD YEAR NORMAL DEPARTURE LAST
                VALUE   (LST)  VALUE       VALUE  FROM      YEAR
                                                  NORMAL
..................................................................
TEMPERATURE (F)
 TODAY
  MAXIMUM         39   1238 AM  82    1987  57    -18       44
  MINIMUM         33    543 AM  16    1966  32      1       33
  AVERAGE         36                        44     -8       39

PRECIPITATION (IN)
  TODAY            0.11          0.88 1970   0.04   0.07     0.10
  MONTH TO DATE    2.14                      0.68   1.46     1.89
  SINCE OCT 1      5.45                      2.61   2.84     4.56
  SINCE JAN 1      4.02                      1.59   2.43     2.64

DEGREE DAYS
 HEATING
  TODAY           29                        21      8       26
  MONTH TO DATE  627                       660    -33      501
  SINCE MAR 1   1648                      1698    -50     1345
  SINCE JUL 1   7999                      7758    241     6810

 COOLING
  TODAY            0                         0      0        0
  MONTH TO DATE    0                         0      0        0
  SINCE MAR 1      0                         0      0        0
  SINCE JAN 1      0                         0      0        0
..................................................................


WIND (MPH)
  HIGHEST WIND SPEED    21   HIGHEST WIND DIRECTION     N (360)
  HIGHEST GUST SPEED    23   HIGHEST GUST DIRECTION     N (10)
  AVERAGE WIND SPEED    11.6


SKY COVER
  AVERAGE SKY COVER 1.0


WEATHER CONDITIONS
 THE FOLLOWING WEATHER WAS RECORDED TODAY.
  LIGHT SNOW
  FOG


RELATIVE HUMIDITY (PERCENT)
 HIGHEST   100           100 AM
 LOWEST     92          1200 AM
 AVERAGE    96

..........................................................


THE CUT BANK MT CLIMATE NORMALS FOR TOMORROW
                         NORMAL    RECORD    YEAR
 MAXIMUM TEMPERATURE (F)   57        86      1987
 MINIMUM TEMPERATURE (F)   32        12      1954


SUNRISE AND SUNSET
APRIL 27 2017.........SUNRISE   616 AM MDT   SUNSET   839 PM MDT
APRIL 28 2017.........SUNRISE   614 AM MDT   SUNSET   841 PM MDT


-  INDICATES NEGATIVE NUMBERS.
R  INDICATES RECORD WAS SET OR TIED.
MM INDICATES DATA IS MISSING.
T  INDICATES TRACE AMOUNT.




$$
