000
CDUS45 KTFX 232230
CLICTB


CLIMATE REPORT
NATIONAL WEATHER SERVICE GREAT FALLS MT
430 PM MDT FRI JUN 23 2017


...................................

...THE CUT BANK MT CLIMATE SUMMARY FOR JUNE 23 2017...
VALID TODAY AS OF 0400 PM LOCAL TIME.

CLIMATE NORMAL PERIOD 1981 TO 2010
CLIMATE RECORD PERIOD 1903 TO 2017


WEATHER ITEM   OBSERVED TIME   RECORD YEAR NORMAL DEPARTURE LAST
                VALUE   (LST)  VALUE       VALUE  FROM      YEAR
                                                  NORMAL
..................................................................
TEMPERATURE (F)
 TODAY
  MAXIMUM         66    228 PM 101    1941  73     -7       82
  MINIMUM         40   1207 AM  32    1967  46     -6       45
  AVERAGE         53                        60     -7       64

PRECIPITATION (IN)
  TODAY            T             1.61 1938   0.08  -0.08     0.00
  MONTH TO DATE    2.46                      2.09   0.37     0.75
  SINCE OCT 1      8.91                      6.75   2.16     7.52
  SINCE JAN 1      7.48                      5.73   1.75     5.60

DEGREE DAYS
 HEATING
  TODAY           12                         6      6        1
  MONTH TO DATE  154                       194    -40      137
  SINCE JUN 1    154                       194    -40      137
  SINCE JUL 1   8590                      8482    108     7500

 COOLING
  TODAY            0                         1     -1        0
  MONTH TO DATE    5                         7     -2       12
  SINCE JUN 1      5                         7     -2       12
  SINCE JAN 1      7                         9     -2       12
..................................................................


WIND (MPH)
  HIGHEST WIND SPEED    13   HIGHEST WIND DIRECTION     N (350)
  HIGHEST GUST SPEED    17   HIGHEST GUST DIRECTION     N (10)
  AVERAGE WIND SPEED     5.5


SKY COVER
  AVERAGE SKY COVER 0.8


WEATHER CONDITIONS
 THE FOLLOWING WEATHER WAS RECORDED TODAY.
  LIGHT RAIN


RELATIVE HUMIDITY (PERCENT)
 HIGHEST    86           400 AM
 LOWEST     37           300 PM
 AVERAGE    62

..........................................................


THE CUT BANK MT CLIMATE NORMALS FOR TOMORROW
                         NORMAL    RECORD    YEAR
 MAXIMUM TEMPERATURE (F)   73        95      1974
 MINIMUM TEMPERATURE (F)   46        35      1950


SUNRISE AND SUNSET
JUNE 23 2017..........SUNRISE   528 AM MDT   SUNSET   936 PM MDT
JUNE 24 2017..........SUNRISE   528 AM MDT   SUNSET   936 PM MDT


-  INDICATES NEGATIVE NUMBERS.
R  INDICATES RECORD WAS SET OR TIED.
MM INDICATES DATA IS MISSING.
T  INDICATES TRACE AMOUNT.




$$
