000
CDUS45 KTFX 252230
CLICTB


CLIMATE REPORT
NATIONAL WEATHER SERVICE GREAT FALLS MT
430 PM MDT SUN SEP 25 2016


...................................

...THE CUT BANK MT CLIMATE SUMMARY FOR SEPTEMBER 25 2016...
VALID TODAY AS OF 0400 PM LOCAL TIME.

CLIMATE NORMAL PERIOD 1981 TO 2010
CLIMATE RECORD PERIOD 1903 TO 2016


WEATHER ITEM   OBSERVED TIME   RECORD YEAR NORMAL DEPARTURE LAST
                VALUE   (LST)  VALUE       VALUE  FROM      YEAR
                                                  NORMAL
..................................................................
TEMPERATURE (F)
 TODAY
  MAXIMUM         68    242 PM  90    2014  64      4       87
  MINIMUM         36    654 AM  -4    1934  37     -1       42
  AVERAGE         52                        50      2       65

PRECIPITATION (IN)
  TODAY            0.00          0.50 1917   0.03  -0.03     0.00
  MONTH TO DATE    1.26                      1.06   0.20     2.55
  SINCE OCT 1     11.82                     10.74   1.08    10.83
  SINCE JAN 1      9.90                      9.72   0.18     8.30

DEGREE DAYS
 HEATING
  TODAY           13                        15     -2        0
  MONTH TO DATE  307                       267     40      246
  SINCE SEP 1    307                       267     40      246
  SINCE JUL 1    480                       461     19      397

 COOLING
  TODAY            0                         0      0        0
  MONTH TO DATE    5                         6     -1        3
  SINCE SEP 1      5                         6     -1        3
  SINCE JAN 1    108                       159    -51      231
..................................................................


WIND (MPH)
  HIGHEST WIND SPEED    25   HIGHEST WIND DIRECTION     W (250)
  HIGHEST GUST SPEED    33   HIGHEST GUST DIRECTION     W (250)
  AVERAGE WIND SPEED    11.4


SKY COVER
  AVERAGE SKY COVER 0.0


WEATHER CONDITIONS
 THE FOLLOWING WEATHER WAS RECORDED TODAY.
  NO SIGNIFICANT WEATHER WAS OBSERVED.


RELATIVE HUMIDITY (PERCENT)
 HIGHEST    82           700 AM
 LOWEST     32           100 PM
 AVERAGE    57

..........................................................


THE CUT BANK MT CLIMATE NORMALS FOR TOMORROW
                         NORMAL    RECORD    YEAR
 MAXIMUM TEMPERATURE (F)   64        89      1963
 MINIMUM TEMPERATURE (F)   37         4      1908


SUNRISE AND SUNSET
SEPTEMBER 25 2016.....SUNRISE   721 AM MDT   SUNSET   720 PM MDT
SEPTEMBER 26 2016.....SUNRISE   723 AM MDT   SUNSET   718 PM MDT


-  INDICATES NEGATIVE NUMBERS.
R  INDICATES RECORD WAS SET OR TIED.
MM INDICATES DATA IS MISSING.
T  INDICATES TRACE AMOUNT.




$$
