000
CDUS45 KTFX 312232
CLICTB


CLIMATE REPORT
NATIONAL WEATHER SERVICE GREAT FALLS MT
430 PM MDT WED AUG 31 2016


...................................

...THE CUT BANK MT CLIMATE SUMMARY FOR AUGUST 31 2016...
VALID TODAY AS OF 0400 PM LOCAL TIME.

CLIMATE NORMAL PERIOD 1981 TO 2010
CLIMATE RECORD PERIOD 1903 TO 2016


WEATHER ITEM   OBSERVED TIME   RECORD YEAR NORMAL DEPARTURE LAST
                VALUE   (LST)  VALUE       VALUE  FROM      YEAR
                                                  NORMAL
..................................................................
TEMPERATURE (F)
 TODAY
  MAXIMUM         85    126 PM  97    1991  74     11       64
  MINIMUM         50    628 AM  30    1930  45      5       50
  AVERAGE         68                        59      9       57

PRECIPITATION (IN)
  TODAY            0.00          0.66 2008   0.04  -0.04     0.00
  MONTH TO DATE    1.17                      1.19  -0.02     0.60
  SINCE OCT 1     10.56                      9.68   0.88     8.28
  SINCE JAN 1      8.64                      8.66  -0.02     5.75

DEGREE DAYS
 HEATING
  TODAY            0                         6     -6        8
  MONTH TO DATE   99                       108     -9       84
  SINCE JUN 1    337                       427    -90      281
  SINCE JUL 1    173                       194    -21      151

 COOLING
  TODAY            3                         1      2        0
  MONTH TO DATE   30                        64    -34       98
  SINCE JUN 1    103                       151    -48      228
  SINCE JAN 1    103                       153    -50      228
..................................................................


WIND (MPH)
  HIGHEST WIND SPEED    22   HIGHEST WIND DIRECTION    SE (140)
  HIGHEST GUST SPEED    29   HIGHEST GUST DIRECTION     S (200)
  AVERAGE WIND SPEED     6.3


SKY COVER
  AVERAGE SKY COVER 0.1


WEATHER CONDITIONS
 THE FOLLOWING WEATHER WAS RECORDED TODAY.
  NO SIGNIFICANT WEATHER WAS OBSERVED.


RELATIVE HUMIDITY (PERCENT)
 HIGHEST    83           600 AM
 LOWEST     30           100 PM
 AVERAGE    57

..........................................................


THE CUT BANK MT CLIMATE NORMALS FOR TOMORROW
                         NORMAL    RECORD    YEAR
 MAXIMUM TEMPERATURE (F)   74        97      1967
 MINIMUM TEMPERATURE (F)   44        30      1914


SUNRISE AND SUNSET
AUGUST 31 2016........SUNRISE   646 AM MDT   SUNSET   812 PM MDT
SEPTEMBER  1 2016.....SUNRISE   647 AM MDT   SUNSET   810 PM MDT


-  INDICATES NEGATIVE NUMBERS.
R  INDICATES RECORD WAS SET OR TIED.
MM INDICATES DATA IS MISSING.
T  INDICATES TRACE AMOUNT.




$$
