000
CDUS45 KTFX 190915
CLICTB


CLIMATE REPORT
NATIONAL WEATHER SERVICE GREAT FALLS MT
314 AM MDT THU OCT 19 2017


...................................

...THE CUT BANK MT CLIMATE SUMMARY FOR OCTOBER 18 2017...

CLIMATE NORMAL PERIOD 1981 TO 2010
CLIMATE RECORD PERIOD 1903 TO 2017


WEATHER ITEM   OBSERVED TIME   RECORD YEAR NORMAL DEPARTURE LAST
                VALUE   (LST)  VALUE       VALUE  FROM      YEAR
                                                  NORMAL
..................................................................
TEMPERATURE (F)
 YESTERDAY
  MAXIMUM         60    324 PM  77    2003  55      5       54
  MINIMUM         34    203 AM  10    1991  30      4       27
  AVERAGE         47                        42      5       41

PRECIPITATION (IN)
  YESTERDAY        0.00          0.44 1949   0.01  -0.01     0.00
  MONTH TO DATE    0.37                      0.31   0.06     0.44
  SINCE OCT 1      0.37                      0.31   0.06     0.44
  SINCE JAN 1      8.49                     10.19  -1.70    10.34

SNOWFALL (IN)
  YESTERDAY       MM
  SNOW DEPTH       0

DEGREE DAYS
 HEATING
  YESTERDAY       18                        23     -5       24
  MONTH TO DATE  430                       354     76      445
  SINCE SEP 1    772                       697     75      794
  SINCE JUL 1    855                       891    -36      967

 COOLING
  YESTERDAY        0                         0      0        0
  MONTH TO DATE    0                         0      0        0
  SINCE SEP 1     24                         8     16        5
  SINCE JAN 1    250                       161     89      108
..................................................................


WIND (MPH)
  HIGHEST WIND SPEED    39   HIGHEST WIND DIRECTION     W (250)
  HIGHEST GUST SPEED    51   HIGHEST GUST DIRECTION     W (250)
  AVERAGE WIND SPEED    16.7


SKY COVER
  AVERAGE SKY COVER 0.0


WEATHER CONDITIONS
 THE FOLLOWING WEATHER WAS RECORDED YESTERDAY.
  NO SIGNIFICANT WEATHER WAS OBSERVED.


RELATIVE HUMIDITY (PERCENT)
 HIGHEST    61           800 PM
 LOWEST     17           100 PM
 AVERAGE    39

..........................................................


THE CUT BANK MT CLIMATE NORMALS FOR TODAY
                         NORMAL    RECORD    YEAR
 MAXIMUM TEMPERATURE (F)   54        76      1927
 MINIMUM TEMPERATURE (F)   29        12      1982


SUNRISE AND SUNSET
OCTOBER 19 2017.......SUNRISE   756 AM MDT   SUNSET   632 PM MDT
OCTOBER 20 2017.......SUNRISE   758 AM MDT   SUNSET   630 PM MDT


-  INDICATES NEGATIVE NUMBERS.
R  INDICATES RECORD WAS SET OR TIED.
MM INDICATES DATA IS MISSING.
T  INDICATES TRACE AMOUNT.




$$
