875
CDUS45 KTFX 180855
CLICTB


CLIMATE REPORT
NATIONAL WEATHER SERVICE GREAT FALLS MT
254 AM MDT FRI AUG 18 2017


...................................

...THE CUT BANK MT CLIMATE SUMMARY FOR AUGUST 17 2017...

CLIMATE NORMAL PERIOD 1981 TO 2010
CLIMATE RECORD PERIOD 1903 TO 2017


WEATHER ITEM   OBSERVED TIME   RECORD YEAR NORMAL DEPARTURE LAST
                VALUE   (LST)  VALUE       VALUE  FROM      YEAR
                                                  NORMAL
..................................................................
TEMPERATURE (F)
 YESTERDAY
  MAXIMUM         84    259 PM  93    2001  79      5       78
                                      1943
  MINIMUM         55   1154 PM  33    1946  48      7       55
  AVERAGE         70                        64      6       67

PRECIPITATION (IN)
  YESTERDAY        0.00          0.96 1978   0.04  -0.04     0.00
  MONTH TO DATE    T                         0.63  -0.63     0.95
  SINCE OCT 1      8.94                      9.12  -0.18    10.34
  SINCE JAN 1      7.51                      8.10  -0.59     8.42

SNOWFALL (IN)
  YESTERDAY       MM
  SNOW DEPTH       0

DEGREE DAYS
 HEATING
  YESTERDAY        0                         3     -3        0
  MONTH TO DATE   47                        42      5       25
  SINCE JUN 1    233                       361   -128      263
  SINCE JUL 1     62                       128    -66       99

 COOLING
  YESTERDAY        5                         2      3        2
  MONTH TO DATE   12                        47    -35       22
  SINCE JUN 1    177                       134     43       95
  SINCE JAN 1    179                       136     43       95
..................................................................


WIND (MPH)
  HIGHEST WIND SPEED    20   HIGHEST WIND DIRECTION     N (350)
  HIGHEST GUST SPEED    27   HIGHEST GUST DIRECTION     W (260)
  AVERAGE WIND SPEED    12.0


SKY COVER
  AVERAGE SKY COVER 0.1


WEATHER CONDITIONS
 THE FOLLOWING WEATHER WAS RECORDED YESTERDAY.
  HAZE


RELATIVE HUMIDITY (PERCENT)
 HIGHEST    55           600 AM
 LOWEST     16           300 PM
 AVERAGE    36

..........................................................


THE CUT BANK MT CLIMATE NORMALS FOR TODAY
                         NORMAL    RECORD    YEAR
 MAXIMUM TEMPERATURE (F)   79        95      2008
 MINIMUM TEMPERATURE (F)   48        36      1910


SUNRISE AND SUNSET
AUGUST 18 2017........SUNRISE   628 AM MDT   SUNSET   838 PM MDT
AUGUST 19 2017........SUNRISE   629 AM MDT   SUNSET   836 PM MDT


-  INDICATES NEGATIVE NUMBERS.
R  INDICATES RECORD WAS SET OR TIED.
MM INDICATES DATA IS MISSING.
T  INDICATES TRACE AMOUNT.




$$
