000
CDUS45 KTFX 281011
CLICTB


CLIMATE REPORT
NATIONAL WEATHER SERVICE GREAT FALLS MT
310 AM MST WED JAN 28 2015


...................................

...THE CUT BANK MT CLIMATE SUMMARY FOR JANUARY 27 2015...

CLIMATE NORMAL PERIOD 1981 TO 2010
CLIMATE RECORD PERIOD 1903 TO 2015


WEATHER ITEM   OBSERVED TIME   RECORD YEAR NORMAL DEPARTURE LAST
                VALUE   (LST)  VALUE       VALUE  FROM      YEAR
                                                  NORMAL
..................................................................
TEMPERATURE (F)
 YESTERDAY
  MAXIMUM         54    436 PM  55    1986  33     21       20
  MINIMUM         44   1159 PM -39    1916  12     32       -1
  AVERAGE         49                        23     26       10

PRECIPITATION (IN)
  YESTERDAY        0.00          0.21 1949   0.01  -0.01     0.00
  MONTH TO DATE    0.64                      0.18   0.46     0.48
  SINCE OCT 1      3.17                      1.20   1.97     1.68
  SINCE JAN 1      0.64                      0.18   0.46     0.48

SNOWFALL (IN)
  YESTERDAY       MM
  SNOW DEPTH       0

DEGREE DAYS
 HEATING
  YESTERDAY       16                        42    -26       55
  MONTH TO DATE 1093                      1159    -66      968
  SINCE DEC 1   2368                      2486   -118     2408
  SINCE JUL 1   4466                      4749   -283     4497

 COOLING
  YESTERDAY        0                         0      0        0
  MONTH TO DATE    0                         0      0        0
  SINCE DEC 1      0                         0      0        0
  SINCE JAN 1      0                         0      0        0
..................................................................


WIND (MPH)
  HIGHEST WIND SPEED    29   HIGHEST WIND DIRECTION     W (260)
  HIGHEST GUST SPEED    34   HIGHEST GUST DIRECTION     W (260)
  AVERAGE WIND SPEED    17.3


SKY COVER
  AVERAGE SKY COVER 0.0


WEATHER CONDITIONS
 THE FOLLOWING WEATHER WAS RECORDED YESTERDAY.
  NO SIGNIFICANT WEATHER WAS OBSERVED.


RELATIVE HUMIDITY (PERCENT)
 HIGHEST    45          1100 PM
 LOWEST     28           500 PM
 AVERAGE    37

..........................................................


THE CUT BANK MT CLIMATE NORMALS FOR TODAY
                         NORMAL    RECORD    YEAR
 MAXIMUM TEMPERATURE (F)   34        57      1935
 MINIMUM TEMPERATURE (F)   12       -44      1929


SUNRISE AND SUNSET
JANUARY 28 2015.......SUNRISE   804 AM MST   SUNSET   521 PM MST
JANUARY 29 2015.......SUNRISE   803 AM MST   SUNSET   523 PM MST


-  INDICATES NEGATIVE NUMBERS.
R  INDICATES RECORD WAS SET OR TIED.
MM INDICATES DATA IS MISSING.
T  INDICATES TRACE AMOUNT.




$$
