000
CDUS45 KTFX 271014
CLICTB


CLIMATE REPORT
NATIONAL WEATHER SERVICE GREAT FALLS MT
311 AM MST THU NOV 27 2014


...................................

...THE CUT BANK MT CLIMATE SUMMARY FOR NOVEMBER 26 2014...

CLIMATE NORMAL PERIOD 1981 TO 2010
CLIMATE RECORD PERIOD 1903 TO 2014


WEATHER ITEM   OBSERVED TIME   RECORD YEAR NORMAL DEPARTURE LAST
                VALUE   (LST)  VALUE       VALUE  FROM      YEAR
                                                  NORMAL
..................................................................
TEMPERATURE (F)
 YESTERDAY
  MAXIMUM         30   1202 AM  62    1922  36     -6       49
  MINIMUM         25    618 AM -23    1985  17      8       17
  AVERAGE         28                        26      2       33

PRECIPITATION (IN)
  YESTERDAY        0.12          0.44 1999   0.01   0.11     0.00
  MONTH TO DATE    0.75                      0.32   0.43     0.41
  SINCE OCT 1      1.27                      0.76   0.51     0.76
  SINCE JAN 1     16.18                     10.64   5.54    14.46

SNOWFALL (IN)
  YESTERDAY       MM
  SNOW DEPTH       1

DEGREE DAYS
 HEATING
  YESTERDAY       37                        39     -2       32
  MONTH TO DATE  980                       881     99      956
  SINCE SEP 1   1766                      1911   -145     1905
  SINCE JUL 1   1863                      2105   -242     1977

 COOLING
  YESTERDAY        0                         0      0        0
  MONTH TO DATE    0                         0      0        0
  SINCE SEP 1     11                         9      2       31
  SINCE JAN 1    208                       162     46      226
..................................................................


WIND (MPH)
  HIGHEST WIND SPEED    16   HIGHEST WIND DIRECTION    SE (140)
  HIGHEST GUST SPEED    20   HIGHEST GUST DIRECTION    SE (140)
  AVERAGE WIND SPEED     8.7


SKY COVER
  AVERAGE SKY COVER 1.0


WEATHER CONDITIONS
 THE FOLLOWING WEATHER WAS RECORDED YESTERDAY.
  SNOW
  LIGHT SNOW
  FOG
  FOG W/VISIBILITY <= 1/4 MILE


RELATIVE HUMIDITY (PERCENT)
 HIGHEST   100           400 AM
 LOWEST     85           100 AM
 AVERAGE    93

..........................................................


THE CUT BANK MT CLIMATE NORMALS FOR TODAY
                         NORMAL    RECORD    YEAR
 MAXIMUM TEMPERATURE (F)   36        64      1922
 MINIMUM TEMPERATURE (F)   16       -23      1985


SUNRISE AND SUNSET
NOVEMBER 27 2014......SUNRISE   755 AM MST   SUNSET   439 PM MST
NOVEMBER 28 2014......SUNRISE   757 AM MST   SUNSET   438 PM MST


-  INDICATES NEGATIVE NUMBERS.
R  INDICATES RECORD WAS SET OR TIED.
MM INDICATES DATA IS MISSING.
T  INDICATES TRACE AMOUNT.




$$
