000
CDUS42 KTAE 260634
CLICTY


CLIMATE REPORT
NATIONAL WEATHER SERVICE TALLAHASSEE FL
232 AM EDT FRI AUG 26 2016

...................................

...THE CROSS CITY  CLIMATE SUMMARY FOR AUGUST 25 2016...

CLIMATE NORMAL PERIOD 1981 TO 2010
CLIMATE RECORD PERIOD 1948 TO 2016


WEATHER ITEM   OBSERVED TIME   NORMAL DEPARTURE LAST
                VALUE   (LST)  VALUE  FROM      YEAR
                                      NORMAL
......................................................
TEMPERATURE (F)
 YESTERDAY
  MAXIMUM         90   1215 PM  91     -1       95
  MINIMUM         72    515 AM  71      1       75
  AVERAGE         81            81      0

PRECIPITATION (IN)
  YESTERDAY        0.00          0.27  -0.27     0.00
  MONTH TO DATE   14.84          5.95   8.89    13.85
  SINCE JUN 1     26.49         16.70   9.79    39.58
  SINCE JAN 1     43.24         33.87   9.37    52.72

DEGREE DAYS
 HEATING
  YESTERDAY        0             0      0
  MONTH TO DATE    0             0      0
  SINCE JUN 1      0             0      0
  SINCE JUL 1      0             0      0

 COOLING
  YESTERDAY       16            16      0
  MONTH TO DATE  396           410    -14
  SINCE JUN 1   1534          1365    169
  SINCE JAN 1   2209          1844    365
......................................................


WIND (MPH)
  RESULTANT WIND SPEED   7   RESULTANT WIND DIRECTION  NE (40)
  HIGHEST WIND SPEED    16   HIGHEST WIND DIRECTION     N (20)
  HIGHEST GUST SPEED    21   HIGHEST GUST DIRECTION     N (20)
  AVERAGE WIND SPEED     7.4



WEATHER CONDITIONS
 THE FOLLOWING WEATHER WAS RECORDED YESTERDAY.
  NO SIGNIFICANT WEATHER WAS OBSERVED.


RELATIVE HUMIDITY (PERCENT)
 HIGHEST   100
 LOWEST     50

..........................................................



SUNRISE AND SUNSET
AUGUST 26 2016........SUNRISE   707 AM EDT   SUNSET   801 PM EDT
AUGUST 27 2016........SUNRISE   707 AM EDT   SUNSET   800 PM EDT


-  INDICATES NEGATIVE NUMBERS.
R  INDICATES RECORD WAS SET OR TIED.
MM INDICATES DATA IS MISSING.
T  INDICATES TRACE AMOUNT.

$$
