000
CDUS42 KTAE 212232
CLICTY


CLIMATE REPORT
NATIONAL WEATHER SERVICE TALLAHASSEE FL
532 PM EST TUE NOV 21 2017


...................................

...THE CROSS CITY  CLIMATE SUMMARY FOR NOVEMBER 21 2017...
VALID TODAY AS OF 0500 PM LOCAL TIME.

CLIMATE NORMAL PERIOD 1981 TO 2010
CLIMATE RECORD PERIOD 1948 TO 2017


WEATHER ITEM   OBSERVED TIME   NORMAL DEPARTURE LAST
                VALUE   (LST)  VALUE  FROM      YEAR
                                      NORMAL
......................................................
TEMPERATURE (F)
 TODAY
  MAXIMUM         69   1155 AM  74     -5       68
  MINIMUM         53    215 AM  48      5       28
  AVERAGE         61            61      0

PRECIPITATION (IN)
  TODAY            0.09          0.10  -0.01     0.00
  MONTH TO DATE    0.26          1.71  -1.45     0.00
  SINCE SEP 1      6.66          9.57  -2.91    15.25
  SINCE JAN 1     53.11         44.94   8.17    59.60

DEGREE DAYS
 HEATING
  TODAY            4
  MONTH TO DATE   70
  SINCE SEP 1    121
  SINCE JUL 1    121

 COOLING
  TODAY            0
  MONTH TO DATE   43
  SINCE SEP 1    767
  SINCE JAN 1   2885
......................................................


WIND (MPH)
  RESULTANT WIND SPEED   3   RESULTANT WIND DIRECTION  NE (40)
  HIGHEST WIND SPEED     7   HIGHEST WIND DIRECTION     E (90)
  HIGHEST GUST SPEED    MM   HIGHEST GUST DIRECTION    MM
  AVERAGE WIND SPEED     3.3



WEATHER CONDITIONS
 THE FOLLOWING WEATHER WAS RECORDED TODAY.
  RAIN
  FOG


RELATIVE HUMIDITY (PERCENT)
 HIGHEST   100
 LOWEST     76
 AVERAGE    88

..........................................................


THE CROSS CITY  CLIMATE NORMALS FOR TOMORROW
                         NORMAL
 MAXIMUM TEMPERATURE (F)   74
 MINIMUM TEMPERATURE (F)   48



-  INDICATES NEGATIVE NUMBERS.
R  INDICATES RECORD WAS SET OR TIED.
MM INDICATES DATA IS MISSING.
T  INDICATES TRACE AMOUNT.




$$
