000
CDUS42 KTAE 220700
CLICTY


CLIMATE REPORT
NATIONAL WEATHER SERVICE TALLAHASSEE FL
200 AM EST SAT NOV 22 2014


...................................

...THE CROSS CITY (AWOS) CLIMATE SUMMARY FOR NOVEMBER 21 2014...

CLIMATE NORMAL PERIOD 1981 TO 2010
CLIMATE RECORD PERIOD 1948 TO 2014


WEATHER ITEM   OBSERVED TIME   NORMAL DEPARTURE LAST
                VALUE   (LST)  VALUE  FROM      YEAR
                                      NORMAL
......................................................
TEMPERATURE (F)
 YESTERDAY
  MAXIMUM         73    326 PM  74     -1
  MINIMUM         32    540 AM  48    -16
  AVERAGE         53            61     -8

PRECIPITATION (IN)
  YESTERDAY        0.00          0.10  -0.10     0.02
  MONTH TO DATE    0.22          1.71  -1.49     1.48
  SINCE SEP 1     14.73          9.57   5.16     7.88
  SINCE JAN 1     55.11         44.94  10.17    60.66

DEGREE DAYS
 HEATING
  YESTERDAY       12             5      7
  MONTH TO DATE  196            79    117
  SINCE SEP 1    213           111    102
  SINCE JUL 1    213           111    102

 COOLING
  YESTERDAY        0             2     -2
  MONTH TO DATE    9            49    -40
  SINCE SEP 1    630           654    -24
  SINCE JAN 1   2692          2592    100
......................................................


WIND (MPH)
  RESULTANT WIND SPEED   5   RESULTANT WIND DIRECTION  NE (40)
  HIGHEST WIND SPEED    15   HIGHEST WIND DIRECTION    NE (30)
  HIGHEST GUST SPEED    20   HIGHEST GUST DIRECTION     E (90)
  AVERAGE WIND SPEED     4.8



WEATHER CONDITIONS
 THE FOLLOWING WEATHER WAS RECORDED YESTERDAY.
  NO SIGNIFICANT WEATHER WAS OBSERVED.


RELATIVE HUMIDITY (PERCENT)
 HIGHEST    96
 LOWEST     29

..........................................................




SUNRISE AND SUNSET
NOVEMBER 22 2014......SUNRISE   703 AM EST   SUNSET   534 PM EST
NOVEMBER 23 2014......SUNRISE   703 AM EST   SUNSET   534 PM EST


-  INDICATES NEGATIVE NUMBERS.
R  INDICATES RECORD WAS SET OR TIED.
MM INDICATES DATA IS MISSING.
T  INDICATES TRACE AMOUNT.




$$
