000
CDUS42 KTAE 242240
CLICTY


CLIMATE REPORT
NATIONAL WEATHER SERVICE TALLAHASSEE FL
540 PM EST MON NOV 24 2014


...................................

...THE CROSS CITY (AMOS) CLIMATE SUMMARY FOR NOVEMBER 24 2014...
VALID TODAY AS OF 0500 PM LOCAL TIME.

CLIMATE NORMAL PERIOD 1981 TO 2010
CLIMATE RECORD PERIOD 1948 TO 2014


WEATHER ITEM   OBSERVED TIME   NORMAL DEPARTURE LAST
                VALUE   (LST)  VALUE  FROM      YEAR
                                      NORMAL
......................................................
TEMPERATURE (F)
 TODAY
  MAXIMUM         79    221 PM  73      6
  MINIMUM         72    805 AM  48     24
  AVERAGE         76            60     16

PRECIPITATION (IN)
  TODAY           MM             0.11  MM        0.00
  MONTH TO DATE    1.08          2.02  -0.94     1.48
  SINCE SEP 1     15.59          9.88   5.71     7.88
  SINCE JAN 1     55.97         45.25  10.72    60.66

DEGREE DAYS
 HEATING
  TODAY            0
  MONTH TO DATE  201
  SINCE SEP 1    218
  SINCE JUL 1    218

 COOLING
  TODAY           11
  MONTH TO DATE   28
  SINCE SEP 1    649
  SINCE JAN 1   2711
......................................................


WIND (MPH)
  RESULTANT WIND SPEED  12   RESULTANT WIND DIRECTION   S (190)
  HIGHEST WIND SPEED    18   HIGHEST WIND DIRECTION     S (190)
  HIGHEST GUST SPEED    25   HIGHEST GUST DIRECTION    SW (210)
  AVERAGE WIND SPEED    11.8



WEATHER CONDITIONS
 THE FOLLOWING WEATHER WAS RECORDED TODAY.
  NO SIGNIFICANT WEATHER WAS OBSERVED.


RELATIVE HUMIDITY (PERCENT)
 HIGHEST    93
 LOWEST     79
 AVERAGE    86

..........................................................


THE CROSS CITY (AMOS) CLIMATE NORMALS FOR TOMORROW
                         NORMAL
 MAXIMUM TEMPERATURE (F)   73
 MINIMUM TEMPERATURE (F)   48



-  INDICATES NEGATIVE NUMBERS.
R  INDICATES RECORD WAS SET OR TIED.
MM INDICATES DATA IS MISSING.
T  INDICATES TRACE AMOUNT.




$$
