000
CDUS42 KTAE 250640
CLICTY


CLIMATE REPORT
NATIONAL WEATHER SERVICE TALLAHASSEE FL
140 AM EST THU DEC 25 2014


...................................

...THE CROSS CITY (AWOS) CLIMATE SUMMARY FOR DECEMBER 24 2014...

CLIMATE NORMAL PERIOD 1981 TO 2010
CLIMATE RECORD PERIOD 1948 TO 2014


WEATHER ITEM   OBSERVED TIME   NORMAL DEPARTURE LAST
                VALUE   (LST)  VALUE  FROM      YEAR
                                      NORMAL
......................................................
TEMPERATURE (F)
 YESTERDAY
  MAXIMUM         77   1049 AM  65     12
  MINIMUM         59   1159 PM  41     18
  AVERAGE         68            53     15

PRECIPITATION (IN)
  YESTERDAY        0.53          0.07   0.46     0.00
  MONTH TO DATE    3.09          2.03   1.06     1.67
  SINCE DEC 1      3.09          2.03   1.06     1.67
  SINCE JAN 1     60.05         47.87  12.18    63.14

DEGREE DAYS
 HEATING
  YESTERDAY        0            12    -12
  MONTH TO DATE  172           247    -75
  SINCE DEC 1    172           247    -75
  SINCE JUL 1    457           415     42

 COOLING
  YESTERDAY        3             0      3
  MONTH TO DATE   30            14     16
  SINCE DEC 1     30            14     16
  SINCE JAN 1   2740          2616    124
......................................................


WIND (MPH)
  RESULTANT WIND SPEED  13   RESULTANT WIND DIRECTION   S (200)
  HIGHEST WIND SPEED    25   HIGHEST WIND DIRECTION     S (190)
  HIGHEST GUST SPEED    36   HIGHEST GUST DIRECTION     S (180)
  AVERAGE WIND SPEED    14.2



WEATHER CONDITIONS
 THE FOLLOWING WEATHER WAS RECORDED YESTERDAY.
  NO SIGNIFICANT WEATHER WAS OBSERVED.


RELATIVE HUMIDITY (PERCENT)
 HIGHEST   100
 LOWEST     82

..........................................................




SUNRISE AND SUNSET
DECEMBER 25 2014......SUNRISE   725 AM EST   SUNSET   540 PM EST
DECEMBER 26 2014......SUNRISE   725 AM EST   SUNSET   541 PM EST


-  INDICATES NEGATIVE NUMBERS.
R  INDICATES RECORD WAS SET OR TIED.
MM INDICATES DATA IS MISSING.
T  INDICATES TRACE AMOUNT.




$$
