000
CDUS42 KTAE 300652
CLICTY


CLIMATE REPORT
NATIONAL WEATHER SERVICE TALLAHASSEE FL
251 AM EDT WED JUL 30 2014


...................................

...THE CROSS CITY (AWOS) CLIMATE SUMMARY FOR JULY 29 2014...

CLIMATE NORMAL PERIOD 1981 TO 2010
CLIMATE RECORD PERIOD 1948 TO 2014


WEATHER ITEM   OBSERVED TIME   NORMAL DEPARTURE LAST
                VALUE   (LST)  VALUE  FROM      YEAR
                                      NORMAL
......................................................
TEMPERATURE (F)
 YESTERDAY
  MAXIMUM         94    257 PM  91      3
  MINIMUM         72   1159 PM  72      0
  AVERAGE         83            82      1

PRECIPITATION (IN)
  YESTERDAY        0.00          0.20  -0.20     0.07
  MONTH TO DATE    7.29          5.25   2.04    20.39
  SINCE JUN 1     11.06         10.34   0.72    29.74
  SINCE JAN 1     36.56         27.51   9.05    42.28

DEGREE DAYS
 HEATING
  YESTERDAY        0             0      0
  MONTH TO DATE    0             0      0
  SINCE JUN 1      0             0      0
  SINCE JUL 1      0             0      0

 COOLING
  YESTERDAY       18            17      1
  MONTH TO DATE  491           477     14
  SINCE JUN 1    970           924     46
  SINCE JAN 1   1462          1403     59
......................................................


WIND (MPH)
  RESULTANT WIND SPEED   3   RESULTANT WIND DIRECTION  NW (300)
  HIGHEST WIND SPEED    15   HIGHEST WIND DIRECTION     W (250)
  HIGHEST GUST SPEED    20   HIGHEST GUST DIRECTION     W (250)
  AVERAGE WIND SPEED     4.3



WEATHER CONDITIONS
 THE FOLLOWING WEATHER WAS RECORDED YESTERDAY.
  NO SIGNIFICANT WEATHER WAS OBSERVED.


RELATIVE HUMIDITY (PERCENT)
 HIGHEST    91
 LOWEST     47

..........................................................




SUNRISE AND SUNSET
JULY 30 2014..........SUNRISE   651 AM EDT   SUNSET   826 PM EDT
JULY 31 2014..........SUNRISE   652 AM EDT   SUNSET   826 PM EDT


-  INDICATES NEGATIVE NUMBERS.
R  INDICATES RECORD WAS SET OR TIED.
MM INDICATES DATA IS MISSING.
T  INDICATES TRACE AMOUNT.




$$
