000
CDUS42 KTAE 250634
CLICTY


CLIMATE REPORT
NATIONAL WEATHER SERVICE TALLAHASSEE FL
134 AM EST SUN FEB 25 2018


...................................

...THE CROSS CITY  CLIMATE SUMMARY FOR FEBRUARY 24 2018...

CLIMATE NORMAL PERIOD 1981 TO 2010
CLIMATE RECORD PERIOD 1948 TO 2018


WEATHER ITEM   OBSERVED TIME   NORMAL DEPARTURE LAST
                VALUE   (LST)  VALUE  FROM      YEAR
                                      NORMAL
......................................................
TEMPERATURE (F)
 YESTERDAY
  MAXIMUM         83        MM  72     11       84
  MINIMUM         60        MM  45     15       57
  AVERAGE         72            58     14

PRECIPITATION (IN)
  YESTERDAY        0.00          0.15  -0.15     0.00
  MONTH TO DATE    2.83          2.62   0.21     1.12
  SINCE DEC 1     10.86          9.18   1.68     6.42
  SINCE JAN 1      7.61          6.66   0.95     2.55

DEGREE DAYS
 HEATING
  YESTERDAY        0             7     -7
  MONTH TO DATE   48           213   -165
  SINCE DEC 1    796           923   -127
  SINCE JUL 1    949          1091   -142

 COOLING
  YESTERDAY        7             1      6
  MONTH TO DATE   82            18     64
  SINCE DEC 1    119            47     72
  SINCE JAN 1     92            29     63
......................................................


WIND (MPH)
  RESULTANT WIND SPEED   4   RESULTANT WIND DIRECTION   S (180)
  HIGHEST WIND SPEED    13   HIGHEST WIND DIRECTION    SW (220)
  HIGHEST GUST SPEED    20   HIGHEST GUST DIRECTION     S (200)
  AVERAGE WIND SPEED     5.7



WEATHER CONDITIONS
 THE FOLLOWING WEATHER WAS RECORDED YESTERDAY.
  HAZE


RELATIVE HUMIDITY (PERCENT)
 HIGHEST   100
 LOWEST     51

..........................................................




SUNRISE AND SUNSET
FEBRUARY 25 2018......SUNRISE   702 AM EST   SUNSET   629 PM EST
FEBRUARY 26 2018......SUNRISE   701 AM EST   SUNSET   630 PM EST


-  INDICATES NEGATIVE NUMBERS.
R  INDICATES RECORD WAS SET OR TIED.
MM INDICATES DATA IS MISSING.
T  INDICATES TRACE AMOUNT.




$$
