000
CDUS42 KTAE 280825
CLICTY


CLIMATE REPORT
NATIONAL WEATHER SERVICE TALLAHASSEE FL
424 AM EDT FRI AUG 28 2015


...................................

...THE CROSS CITY  CLIMATE SUMMARY FOR AUGUST 27 2015...

CLIMATE NORMAL PERIOD 1981 TO 2010
CLIMATE RECORD PERIOD 1948 TO 2015


WEATHER ITEM   OBSERVED TIME   NORMAL DEPARTURE LAST
                VALUE   (LST)  VALUE  FROM      YEAR
                                      NORMAL
......................................................
TEMPERATURE (F)
 YESTERDAY
  MAXIMUM         91    342 PM  90      1       93
  MINIMUM         74    647 AM  71      3       68
  AVERAGE         83            81      2

PRECIPITATION (IN)
  YESTERDAY        0.00          0.25  -0.25     0.00
  MONTH TO DATE   14.84          6.48   8.36     3.47
  SINCE JUN 1     40.57         17.23  23.34    14.53
  SINCE JAN 1     53.71         34.40  19.31    40.03

DEGREE DAYS
 HEATING
  YESTERDAY        0             0      0
  MONTH TO DATE    0             0      0
  SINCE JUN 1      0             0      0
  SINCE JUL 1      0             0      0

 COOLING
  YESTERDAY       18            16      2
  MONTH TO DATE  501           442     59
  SINCE JUN 1   1591          1397    194
  SINCE JAN 1   2430          1876    554
......................................................


WIND (MPH)
  RESULTANT WIND SPEED   2   RESULTANT WIND DIRECTION  SE (120)
  HIGHEST WIND SPEED    14   HIGHEST WIND DIRECTION     S (160)
  HIGHEST GUST SPEED    20   HIGHEST GUST DIRECTION     S (170)
  AVERAGE WIND SPEED     3.7



WEATHER CONDITIONS
 THE FOLLOWING WEATHER WAS RECORDED YESTERDAY.
  NO SIGNIFICANT WEATHER WAS OBSERVED.


RELATIVE HUMIDITY (PERCENT)
 HIGHEST    94
 LOWEST     59

..........................................................




SUNRISE AND SUNSET
AUGUST 28 2015........SUNRISE   707 AM EDT   SUNSET   759 PM EDT
AUGUST 29 2015........SUNRISE   708 AM EDT   SUNSET   758 PM EDT


-  INDICATES NEGATIVE NUMBERS.
R  INDICATES RECORD WAS SET OR TIED.
MM INDICATES DATA IS MISSING.
T  INDICATES TRACE AMOUNT.




$$
