000
CDUS42 KTAE 290628
CLICTY


CLIMATE REPORT
NATIONAL WEATHER SERVICE TALLAHASSEE FL
123 AM EST SAT NOV 29 2014

...................................

...THE CROSS CITY (AWOS) CLIMATE SUMMARY FOR NOVEMBER 28 2014...

CLIMATE NORMAL PERIOD 1981 TO 2010
CLIMATE RECORD PERIOD 1948 TO 2014


WEATHER ITEM   OBSERVED TIME   NORMAL DEPARTURE LAST
                VALUE   (LST)  VALUE  FROM      YEAR
                                      NORMAL
......................................................
TEMPERATURE (F)
 YESTERDAY
  MAXIMUM         58    337 PM  72    -14
  MINIMUM         32    611 AM  47    -15
  AVERAGE         45            59    -14

PRECIPITATION (IN)
  YESTERDAY        0.00          0.09  -0.09     0.00
  MONTH TO DATE    2.07          2.41  -0.34     2.29
  SINCE SEP 1     16.58         10.27   6.31     8.69
  SINCE JAN 1     56.96         45.64  11.32    61.47

DEGREE DAYS
 HEATING
  YESTERDAY       20             7     13
  MONTH TO DATE  248           124    124
  SINCE SEP 1    265           156    109
  SINCE JUL 1    265           156    109

 COOLING
  YESTERDAY        0             1     -1
  MONTH TO DATE   27            56    -29
  SINCE SEP 1    648           661    -13
  SINCE JAN 1   2710          2599    111
......................................................


WIND (MPH)
  RESULTANT WIND SPEED   5   RESULTANT WIND DIRECTION  NE (30)
  HIGHEST WIND SPEED    14   HIGHEST WIND DIRECTION    NE (30)
  HIGHEST GUST SPEED    20   HIGHEST GUST DIRECTION    NE (30)
  AVERAGE WIND SPEED     5.0



WEATHER CONDITIONS
 THE FOLLOWING WEATHER WAS RECORDED YESTERDAY.
  NO SIGNIFICANT WEATHER WAS OBSERVED.


RELATIVE HUMIDITY (PERCENT)
 HIGHEST    96
 LOWEST     33

..........................................................




SUNRISE AND SUNSET
NOVEMBER 29 2014......SUNRISE   708 AM EST   SUNSET   533 PM EST
NOVEMBER 30 2014......SUNRISE   709 AM EST   SUNSET   533 PM EST


-  INDICATES NEGATIVE NUMBERS.
R  INDICATES RECORD WAS SET OR TIED.
MM INDICATES DATA IS MISSING.
T  INDICATES TRACE AMOUNT.

$$
