000
CDUS42 KCAE 030618
CLICUB


CLIMATE REPORT
NATIONAL WEATHER SERVICE COLUMBIA SC
116 AM EST SAT DEC 3 2016


...................................

...THE HAMILTON - OWENS AIRPORT SC CLIMATE SUMMARY FOR DECEMBER 2 2016...

CLIMATE NORMAL PERIOD 1981 TO 2010
CLIMATE RECORD PERIOD 9999 TO 9999


WEATHER ITEM   OBSERVED TIME   NORMAL DEPARTURE LAST
                VALUE   (LST)  VALUE  FROM      YEAR
                                      NORMAL
......................................................
TEMPERATURE (F)
 YESTERDAY
  MAXIMUM         62    412 PM  63     -1       67
  MINIMUM         38    745 AM  40     -2       56
  AVERAGE         50            52     -2       62

PRECIPITATION (IN)
  YESTERDAY        0.00          0.10  -0.10     0.44
  MONTH TO DATE    0.00          0.21  -0.21     0.44
  SINCE DEC 1      0.00          0.21  -0.21     0.44
  SINCE JAN 1     39.88         42.41  -2.53    59.81

DEGREE DAYS
 HEATING
  YESTERDAY       15            14      1        3
  MONTH TO DATE   23            28     -5        9
  SINCE DEC 1     23            28     -5        9
  SINCE JUL 1    284           399   -115      256

 COOLING
  YESTERDAY        0             0      0        0
  MONTH TO DATE    0             0      0        0
  SINCE DEC 1      0             0      0        0
  SINCE JAN 1   2850          2256    594     2593
......................................................


WIND (MPH)
  HIGHEST WIND SPEED    13   HIGHEST WIND DIRECTION     W (280)
  HIGHEST GUST SPEED    18   HIGHEST GUST DIRECTION     W (280)
  AVERAGE WIND SPEED     2.1


SKY COVER
  AVERAGE SKY COVER 0.0


WEATHER CONDITIONS
 THE FOLLOWING WEATHER WAS RECORDED YESTERDAY.
  NO SIGNIFICANT WEATHER WAS OBSERVED.


RELATIVE HUMIDITY (PERCENT)
 HIGHEST    85           600 AM
 LOWEST     30           400 PM

..........................................................


THE HAMILTON - OWENS AIRPORT SC CLIMATE NORMALS FOR TODAY
                         NORMAL    RECORD    YEAR
 MAXIMUM TEMPERATURE (F)   62        MM        MM
 MINIMUM TEMPERATURE (F)   40        MM        MM


SUNRISE AND SUNSET
DECEMBER  3 2016......SUNRISE   713 AM EST   SUNSET   515 PM EST
DECEMBER  4 2016......SUNRISE   714 AM EST   SUNSET   515 PM EST


-  INDICATES NEGATIVE NUMBERS.
R  INDICATES RECORD WAS SET OR TIED.
MM INDICATES DATA IS MISSING.
T  INDICATES TRACE AMOUNT.




$$
