000
CDUS42 KCAE 270610
CLICUB


CLIMATE REPORT
NATIONAL WEATHER SERVICE COLUMBIA SC
210 AM EDT SAT MAY 27 2017


...................................

...THE HAMILTON - OWENS AIRPORT SC CLIMATE SUMMARY FOR MAY 26 2017...

CLIMATE NORMAL PERIOD 1981 TO 2010
CLIMATE RECORD PERIOD 9999 TO 9999


WEATHER ITEM   OBSERVED TIME   NORMAL DEPARTURE LAST
                VALUE   (LST)  VALUE  FROM      YEAR
                                      NORMAL
......................................................
TEMPERATURE (F)
 YESTERDAY
  MAXIMUM         84    551 PM  86     -2       89
  MINIMUM         66   1159 PM  64      2       65
  AVERAGE         75            75      0       77

PRECIPITATION (IN)
  YESTERDAY        0.00          0.11  -0.11     0.00
  MONTH TO DATE    4.25          2.41   1.84     3.88
  SINCE MAR 1     12.37          8.98   3.39     8.43
  SINCE JAN 1     20.07         16.26   3.81    13.35

DEGREE DAYS
 HEATING
  YESTERDAY        0             0      0        0
  MONTH TO DATE   10            11     -1        6
  SINCE MAR 1    309           383    -74      217
  SINCE JUL 1   1573          2312   -739     1717

 COOLING
  YESTERDAY       10            10      0       12
  MONTH TO DATE  219           185     34      191
  SINCE MAR 1    445           281    164      376
  SINCE JAN 1    463           284    179      379
......................................................


WIND (MPH)
  HIGHEST WIND SPEED    16   HIGHEST WIND DIRECTION     W (280)
  HIGHEST GUST SPEED    23   HIGHEST GUST DIRECTION     W (270)
  AVERAGE WIND SPEED     5.4


SKY COVER
  AVERAGE SKY COVER 0.0


WEATHER CONDITIONS
 THE FOLLOWING WEATHER WAS RECORDED YESTERDAY.
  NO SIGNIFICANT WEATHER WAS OBSERVED.


RELATIVE HUMIDITY (PERCENT)
 HIGHEST    93           600 AM
 LOWEST     31           100 PM

..........................................................


THE HAMILTON - OWENS AIRPORT SC CLIMATE NORMALS FOR TODAY
                         NORMAL    RECORD    YEAR
 MAXIMUM TEMPERATURE (F)   86        MM        MM
 MINIMUM TEMPERATURE (F)   64        MM        MM


SUNRISE AND SUNSET
MAY 27 2017...........SUNRISE   616 AM EDT   SUNSET   827 PM EDT
MAY 28 2017...........SUNRISE   615 AM EDT   SUNSET   828 PM EDT


-  INDICATES NEGATIVE NUMBERS.
R  INDICATES RECORD WAS SET OR TIED.
MM INDICATES DATA IS MISSING.
T  INDICATES TRACE AMOUNT.




$$
