000
CDUS42 KCAE 212212
CLICUB


CLIMATE REPORT
NATIONAL WEATHER SERVICE COLUMBIA SC
511 PM EST WED FEB 21 2018


...................................

...THE HAMILTON - OWENS AIRPORT SC CLIMATE SUMMARY FOR FEBRUARY 21 2018...
VALID TODAY AS OF 0500 PM LOCAL TIME.

CLIMATE NORMAL PERIOD 1981 TO 2010
CLIMATE RECORD PERIOD 9999 TO 9999


WEATHER ITEM   OBSERVED TIME   NORMAL DEPARTURE LAST
                VALUE   (LST)  VALUE  FROM      YEAR
                                      NORMAL
......................................................
TEMPERATURE (F)
 TODAY
  MAXIMUM         81    456 PM  62     19       70
  MINIMUM         64    215 AM  39     25       50
  AVERAGE         73            50     23       60

PRECIPITATION (IN)
  TODAY            0.00          0.14  -0.14     0.00
  MONTH TO DATE    1.09          2.63  -1.54     1.56
  SINCE DEC 1      6.73          9.46  -2.73    11.08
  SINCE JAN 1      3.40          6.26  -2.86     7.70

DEGREE DAYS
 HEATING
  TODAY            0            14    -14        5
  MONTH TO DATE  179           341   -162      193
  SINCE DEC 1   1300          1462   -162      979
  SINCE JUL 1   1653          1833   -180     1240

 COOLING
  TODAY            8             0      8        0
  MONTH TO DATE   28             0     28        4
  SINCE DEC 1     29             5     24        7
  SINCE JAN 1     29             1     28        6
......................................................


WIND (MPH)
  HIGHEST WIND SPEED    14   HIGHEST WIND DIRECTION     S (160)
  HIGHEST GUST SPEED    17   HIGHEST GUST DIRECTION    SE (150)
  AVERAGE WIND SPEED     4.6


SKY COVER
  AVERAGE SKY COVER 0.9


WEATHER CONDITIONS
 THE FOLLOWING WEATHER WAS RECORDED TODAY.
  FOG


RELATIVE HUMIDITY (PERCENT)
 HIGHEST   100           200 AM
 LOWEST     58           400 PM
 AVERAGE    79

..........................................................


THE HAMILTON - OWENS AIRPORT SC CLIMATE NORMALS FOR TOMORROW
                         NORMAL
 MAXIMUM TEMPERATURE (F)   62
 MINIMUM TEMPERATURE (F)   39


SUNRISE AND SUNSET
FEBRUARY 21 2018......SUNRISE   702 AM EST   SUNSET   613 PM EST
FEBRUARY 22 2018......SUNRISE   701 AM EST   SUNSET   614 PM EST


-  INDICATES NEGATIVE NUMBERS.
R  INDICATES RECORD WAS SET OR TIED.
MM INDICATES DATA IS MISSING.
T  INDICATES TRACE AMOUNT.




$$
