000
CDUS42 KCAE 290608
CLICUB


CLIMATE REPORT
NATIONAL WEATHER SERVICE COLUMBIA SC
208 AM EDT FRI MAY 29 2015


...................................

...THE HAMILTON - OWENS AIRPORT SC CLIMATE SUMMARY FOR MAY 28 2015...

CLIMATE NORMAL PERIOD 1981 TO 2010
CLIMATE RECORD PERIOD 9999 TO 9999


WEATHER ITEM   OBSERVED TIME   NORMAL DEPARTURE LAST
                VALUE   (LST)  VALUE  FROM      YEAR
                                      NORMAL
......................................................
TEMPERATURE (F)
 YESTERDAY
  MAXIMUM         88    441 PM  87      1       91
  MINIMUM         67    447 AM  64      3       68
  AVERAGE         78            76      2       80

PRECIPITATION (IN)
  YESTERDAY        0.00          0.10  -0.10      T
  MONTH TO DATE    1.41          2.61  -1.20     3.33
  SINCE MAR 1      7.06          9.18  -2.12     9.96
  SINCE JAN 1     14.98         16.46  -1.48    16.34

DEGREE DAYS
 HEATING
  YESTERDAY        0             0      0        0
  MONTH TO DATE    6            11     -5        8
  SINCE MAR 1    255           383   -128      476
  SINCE JUL 1   2381          2312     69     2468

 COOLING
  YESTERDAY       13            11      2       15
  MONTH TO DATE  255           206     49      254
  SINCE MAR 1    389           302     87      352
  SINCE JAN 1    389           305     84      358
......................................................


WIND (MPH)
  HIGHEST WIND SPEED    10   HIGHEST WIND DIRECTION     S (180)
  HIGHEST GUST SPEED    16   HIGHEST GUST DIRECTION     S (180)
  AVERAGE WIND SPEED     2.5


SKY COVER
  AVERAGE SKY COVER 0.1


WEATHER CONDITIONS
 THE FOLLOWING WEATHER WAS RECORDED YESTERDAY.
  FOG


RELATIVE HUMIDITY (PERCENT)
 HIGHEST    93           300 AM
 LOWEST     43           500 PM

..........................................................


THE HAMILTON - OWENS AIRPORT SC CLIMATE NORMALS FOR TODAY
                         NORMAL    RECORD    YEAR
 MAXIMUM TEMPERATURE (F)   87        MM        MM
 MINIMUM TEMPERATURE (F)   65        MM        MM


SUNRISE AND SUNSET
MAY 29 2015...........SUNRISE   615 AM EDT   SUNSET   828 PM EDT
MAY 30 2015...........SUNRISE   615 AM EDT   SUNSET   829 PM EDT


-  INDICATES NEGATIVE NUMBERS.
R  INDICATES RECORD WAS SET OR TIED.
MM INDICATES DATA IS MISSING.
T  INDICATES TRACE AMOUNT.




$$
