000
CDUS42 KCAE 242219
CLICUB


CLIMATE REPORT
NATIONAL WEATHER SERVICE COLUMBIA SC
519 PM EST WED DEC 24 2014


...................................

...THE HAMILTON - OWENS AIRPORT SC CLIMATE SUMMARY FOR DECEMBER 24 2014...
VALID TODAY AS OF 0500 PM LOCAL TIME.

CLIMATE NORMAL PERIOD 1981 TO 2010
CLIMATE RECORD PERIOD 9999 TO 9999


WEATHER ITEM   OBSERVED TIME   NORMAL DEPARTURE LAST
                VALUE   (LST)  VALUE  FROM      YEAR
                                      NORMAL
......................................................
TEMPERATURE (F)
 TODAY
  MAXIMUM         67    413 PM  56     11       57
  MINIMUM         51   1223 AM  36     15       38
  AVERAGE         59            46     13       48

PRECIPITATION (IN)
  TODAY            3.03          0.09   2.94     0.00
  MONTH TO DATE    3.88          2.59   1.29     3.92
  SINCE DEC 1      3.88          2.59   1.29     3.92
  SINCE JAN 1     46.16         44.79   1.37    50.79

DEGREE DAYS
 HEATING
  TODAY            6            19    -13       17
  MONTH TO DATE  340           395    -55      288
  SINCE DEC 1    340           395    -55      288
  SINCE JUL 1    815           766     49      702

 COOLING
  TODAY            0             0      0        0
  MONTH TO DATE    0             0      0       14
  SINCE DEC 1      0             0      0       14
  SINCE JAN 1   2415          2256    159     2237
......................................................


WIND (MPH)
  HIGHEST WIND SPEED    18   HIGHEST WIND DIRECTION    NW (300)
  HIGHEST GUST SPEED    25   HIGHEST GUST DIRECTION    NW (300)
  AVERAGE WIND SPEED     3.1


SKY COVER
  AVERAGE SKY COVER 0.9


WEATHER CONDITIONS
 THE FOLLOWING WEATHER WAS RECORDED TODAY.
  HEAVY RAIN
  RAIN
  LIGHT RAIN
  FOG
  FOG W/VISIBILITY <= 1/4 MILE


RELATIVE HUMIDITY (PERCENT)
 HIGHEST   100           600 AM
 LOWEST     87           500 PM
 AVERAGE    94

..........................................................


THE HAMILTON - OWENS AIRPORT SC CLIMATE NORMALS FOR TOMORROW
                         NORMAL
 MAXIMUM TEMPERATURE (F)   56
 MINIMUM TEMPERATURE (F)   36


SUNRISE AND SUNSET
DECEMBER 24 2014......SUNRISE   727 AM EST   SUNSET   520 PM EST
DECEMBER 25 2014......SUNRISE   727 AM EST   SUNSET   521 PM EST


-  INDICATES NEGATIVE NUMBERS.
R  INDICATES RECORD WAS SET OR TIED.
MM INDICATES DATA IS MISSING.
T  INDICATES TRACE AMOUNT.




$$
