781
CDUS42 KCAE 030534
CLICUB


CLIMATE REPORT
NATIONAL WEATHER SERVICE COLUMBIA SC
134 AM EDT TUE MAY 3 2016


...................................

...THE HAMILTON - OWENS AIRPORT SC CLIMATE SUMMARY FOR MAY 2 2016...

CLIMATE NORMAL PERIOD 1981 TO 2010
CLIMATE RECORD PERIOD 9999 TO 9999


WEATHER ITEM   OBSERVED TIME   NORMAL DEPARTURE LAST
                VALUE   (LST)  VALUE  FROM      YEAR
                                      NORMAL
......................................................
TEMPERATURE (F)
 YESTERDAY
  MAXIMUM         87    122 PM  81      6       79
  MINIMUM         68    716 AM  56     12       48
  AVERAGE         78            68     10       64

PRECIPITATION (IN)
  YESTERDAY        0.32          0.07   0.25     0.00
  MONTH TO DATE    1.85          0.14   1.71      T
  SINCE MAR 1      6.40          6.71  -0.31     5.65
  SINCE JAN 1     11.32         13.99  -2.67    13.57

DEGREE DAYS
 HEATING
  YESTERDAY        0             1     -1        1
  MONTH TO DATE    0             2     -2        6
  SINCE MAR 1    211           374   -163      255
  SINCE JUL 1   1711          2303   -592     2381

 COOLING
  YESTERDAY       13             5      8        0
  MONTH TO DATE   24             9     15        0
  SINCE MAR 1    209           105    104      134
  SINCE JAN 1    212           108    104      134
......................................................


WIND (MPH)
  HIGHEST WIND SPEED    21   HIGHEST WIND DIRECTION     S (170)
  HIGHEST GUST SPEED    28   HIGHEST GUST DIRECTION     S (170)
  AVERAGE WIND SPEED     4.2


SKY COVER
  AVERAGE SKY COVER 0.3


WEATHER CONDITIONS
 THE FOLLOWING WEATHER WAS RECORDED YESTERDAY.
  THUNDERSTORM
  HEAVY RAIN
  LIGHT RAIN
  FOG


RELATIVE HUMIDITY (PERCENT)
 HIGHEST    93           300 AM
 LOWEST     55           200 PM

..........................................................


THE HAMILTON - OWENS AIRPORT SC CLIMATE NORMALS FOR TODAY
                         NORMAL    RECORD    YEAR
 MAXIMUM TEMPERATURE (F)   81        MM        MM
 MINIMUM TEMPERATURE (F)   57        MM        MM


SUNRISE AND SUNSET
MAY  3 2016...........SUNRISE   632 AM EDT   SUNSET   810 PM EDT
MAY  4 2016...........SUNRISE   631 AM EDT   SUNSET   810 PM EDT


-  INDICATES NEGATIVE NUMBERS.
R  INDICATES RECORD WAS SET OR TIED.
MM INDICATES DATA IS MISSING.
T  INDICATES TRACE AMOUNT.




$$
