000
CDUS42 KCAE 250537
CLICUB


CLIMATE REPORT
NATIONAL WEATHER SERVICE COLUMBIA SC
137 AM EDT TUE APR 25 2017


...................................

...THE HAMILTON - OWENS AIRPORT SC CLIMATE SUMMARY FOR APRIL 24 2017...

CLIMATE NORMAL PERIOD 1981 TO 2010
CLIMATE RECORD PERIOD 9999 TO 9999


WEATHER ITEM   OBSERVED TIME   NORMAL DEPARTURE LAST
                VALUE   (LST)  VALUE  FROM      YEAR
                                      NORMAL
......................................................
TEMPERATURE (F)
 YESTERDAY
  MAXIMUM         MM        MM  79     MM       81
  MINIMUM         MM        MM  54     MM       55
  AVERAGE         MM            66     MM       68

PRECIPITATION (IN)
  YESTERDAY       MM             0.08  MM        0.00
  MONTH TO DATE    4.55          2.23   2.32     2.30
  SINCE MAR 1      8.10          6.11   1.99     4.55
  SINCE JAN 1     15.80         13.39   2.41     9.47

DEGREE DAYS
 HEATING
  YESTERDAY       MM             2     MM        0
  MONTH TO DATE   30            88    -58       71
  SINCE MAR 1    299           362    -63      211
  SINCE JUL 1   1563          2291   -728     1711

 COOLING
  YESTERDAY       MM             3     MM        3
  MONTH TO DATE  114            59     55       47
  SINCE MAR 1    166            74     92      122
  SINCE JAN 1    184            77    107      125
......................................................


WIND (MPH)
  HIGHEST WIND SPEED    10   HIGHEST WIND DIRECTION     E (90)
  HIGHEST GUST SPEED    MM   HIGHEST GUST DIRECTION    MM
  AVERAGE WIND SPEED     8.4


SKY COVER
  AVERAGE SKY COVER 1.0


WEATHER CONDITIONS
 THE FOLLOWING WEATHER WAS RECORDED YESTERDAY.
  THUNDERSTORM
  HEAVY RAIN
  RAIN
  LIGHT RAIN
  FOG


RELATIVE HUMIDITY (PERCENT)
 HIGHEST   100           100 AM
 LOWEST     93           200 AM

..........................................................


THE HAMILTON - OWENS AIRPORT SC CLIMATE NORMALS FOR TODAY
                         NORMAL    RECORD    YEAR
 MAXIMUM TEMPERATURE (F)   79        MM        MM
 MINIMUM TEMPERATURE (F)   55        MM        MM


SUNRISE AND SUNSET
APRIL 25 2017.........SUNRISE   641 AM EDT   SUNSET   803 PM EDT
APRIL 26 2017.........SUNRISE   640 AM EDT   SUNSET   804 PM EDT


-  INDICATES NEGATIVE NUMBERS.
R  INDICATES RECORD WAS SET OR TIED.
MM INDICATES DATA IS MISSING.
T  INDICATES TRACE AMOUNT.




$$
