000
CDUS42 KCAE 190639
CLICUB


CLIMATE REPORT
NATIONAL WEATHER SERVICE COLUMBIA SC
138 AM EST SUN FEB 19 2017


...................................

...THE HAMILTON - OWENS AIRPORT SC CLIMATE SUMMARY FOR FEBRUARY 18 2017...

CLIMATE NORMAL PERIOD 1981 TO 2010
CLIMATE RECORD PERIOD 9999 TO 9999


WEATHER ITEM   OBSERVED TIME   NORMAL DEPARTURE LAST
                VALUE   (LST)  VALUE  FROM      YEAR
                                      NORMAL
......................................................
TEMPERATURE (F)
 YESTERDAY
  MAXIMUM         68    240 PM  61      7       59
  MINIMUM         41    615 AM  39      2       33
  AVERAGE         55            50      5       46

PRECIPITATION (IN)
  YESTERDAY        T             0.15  -0.15     0.00
  MONTH TO DATE    1.55          2.18  -0.63     2.28
  SINCE DEC 1     11.07          9.01   2.06     9.07
  SINCE JAN 1      7.69          5.81   1.88     3.83

DEGREE DAYS
 HEATING
  YESTERDAY       10            15     -5       19
  MONTH TO DATE  176           297   -121      329
  SINCE DEC 1    962          1418   -456     1136
  SINCE JUL 1   1223          1789   -566     1383

 COOLING
  YESTERDAY        0             0      0        0
  MONTH TO DATE    4             0      4        3
  SINCE DEC 1      7             5      2       59
  SINCE JAN 1      6             1      5        3
......................................................


WIND (MPH)
  HIGHEST WIND SPEED    13   HIGHEST WIND DIRECTION    SW (230)
  HIGHEST GUST SPEED    18   HIGHEST GUST DIRECTION    SW (240)
  AVERAGE WIND SPEED     2.4


SKY COVER
  AVERAGE SKY COVER 0.3


WEATHER CONDITIONS
 THE FOLLOWING WEATHER WAS RECORDED YESTERDAY.
  LIGHT RAIN


RELATIVE HUMIDITY (PERCENT)
 HIGHEST    86           600 AM
 LOWEST     30           100 PM

..........................................................


THE HAMILTON - OWENS AIRPORT SC CLIMATE NORMALS FOR TODAY
                         NORMAL    RECORD    YEAR
 MAXIMUM TEMPERATURE (F)   61        MM        MM
 MINIMUM TEMPERATURE (F)   39        MM        MM


SUNRISE AND SUNSET
FEBRUARY 19 2017......SUNRISE   704 AM EST   SUNSET   612 PM EST
FEBRUARY 20 2017......SUNRISE   703 AM EST   SUNSET   613 PM EST


-  INDICATES NEGATIVE NUMBERS.
R  INDICATES RECORD WAS SET OR TIED.
MM INDICATES DATA IS MISSING.
T  INDICATES TRACE AMOUNT.




$$
