000
CDUS43 KUNR 020858
CLICUT


CLIMATE REPORT
NATIONAL WEATHER SERVICE RAPID CITY SD
258 AM MDT TUE SEP 2 2014


...................................

...THE CUSTER COUNTY AIRPORT SD CLIMATE SUMMARY FOR SEPTEMBER 1 2014...

CLIMATE NORMAL PERIOD 1981 TO 2010
CLIMATE RECORD PERIOD 9999 TO 9999


WEATHER ITEM   OBSERVED TIME   NORMAL DEPARTURE LAST
                VALUE   (LST)  VALUE  FROM      YEAR
                                      NORMAL
......................................................
TEMPERATURE (F)
 YESTERDAY
  MAXIMUM         64   1051 AM  74    -10       76
  MINIMUM         42   1057 PM  47     -5       44
  AVERAGE         53            60     -7       60

PRECIPITATION (IN)
  YESTERDAY        T             0.07  -0.07     0.00
  MONTH TO DATE    T             0.07  -0.07     0.00
  SINCE SEP 1      T             0.07  -0.07     0.00
  SINCE JAN 1     14.51         14.99  -0.48    15.95

DEGREE DAYS
 HEATING
  YESTERDAY       12             6      6        5
  MONTH TO DATE   12             6      6        5
  SINCE SEP 1     12             6      6        5
  SINCE JUL 1    143           160    -17      102

 COOLING
  YESTERDAY        0             1     -1        0
  MONTH TO DATE    0             1     -1        0
  SINCE SEP 1      0             1     -1        0
  SINCE JAN 1    134           167    -33      149
......................................................


WIND (MPH)
  HIGHEST WIND SPEED    17   HIGHEST WIND DIRECTION     W (280)
  HIGHEST GUST SPEED    25   HIGHEST GUST DIRECTION     W (280)
  AVERAGE WIND SPEED     6.4


SKY COVER
  AVERAGE SKY COVER 0.3


WEATHER CONDITIONS
 THE FOLLOWING WEATHER WAS RECORDED YESTERDAY.
  LIGHT RAIN


RELATIVE HUMIDITY (PERCENT)
 HIGHEST    89
 LOWEST     39
 AVERAGE    64

..........................................................




SUNRISE AND SUNSET
SEPTEMBER  2 2014.....SUNRISE   619 AM MDT   SUNSET   728 PM MDT
SEPTEMBER  3 2014.....SUNRISE   620 AM MDT   SUNSET   726 PM MDT


-  INDICATES NEGATIVE NUMBERS.
R  INDICATES RECORD WAS SET OR TIED.
MM INDICATES DATA IS MISSING.
T  INDICATES TRACE AMOUNT.




$$
