000
CDUS43 KUNR 050831
CLICUT


CLIMATE REPORT
NATIONAL WEATHER SERVICE RAPID CITY SD
230 AM MDT THU MAY 5 2016


...................................

...THE CUSTER COUNTY AIRPORT SD CLIMATE SUMMARY FOR MAY 4 2016...

CLIMATE NORMAL PERIOD 1981 TO 2010
CLIMATE RECORD PERIOD 9999 TO 9999


WEATHER ITEM   OBSERVED TIME   NORMAL DEPARTURE LAST
                VALUE   (LST)  VALUE  FROM      YEAR
                                      NORMAL
......................................................
TEMPERATURE (F)
 YESTERDAY
  MAXIMUM         69    335 PM  57     12       46
  MINIMUM         38    320 AM  33      5       37
  AVERAGE         54            45      9       42

PRECIPITATION (IN)
  YESTERDAY        0.00          0.10  -0.10     0.21
  MONTH TO DATE    0.00          0.40  -0.40     0.28
  SINCE MAR 1      2.30          3.53  -1.23     2.59
  SINCE JAN 1      2.91          4.39  -1.48     2.99

DEGREE DAYS
 HEATING
  YESTERDAY       11            20     -9       23
  MONTH TO DATE   69            82    -13       66
  SINCE MAR 1   1610          1897   -287     1606
  SINCE JUL 1   6665          7732  -1067     7055

 COOLING
  YESTERDAY        0             0      0        0
  MONTH TO DATE    0             0      0        0
  SINCE MAR 1      0             0      0        0
  SINCE JAN 1      0             0      0        0
......................................................


WIND (MPH)
  HIGHEST WIND SPEED    14   HIGHEST WIND DIRECTION    SE (150)
  HIGHEST GUST SPEED    27   HIGHEST GUST DIRECTION     S (200)
  AVERAGE WIND SPEED     5.4


SKY COVER
  AVERAGE SKY COVER 0.0


WEATHER CONDITIONS
 THE FOLLOWING WEATHER WAS RECORDED YESTERDAY.
  NO SIGNIFICANT WEATHER WAS OBSERVED.


RELATIVE HUMIDITY (PERCENT)
 HIGHEST    70
 LOWEST     22
 AVERAGE    46

..........................................................




SUNRISE AND SUNSET
MAY  5 2016...........SUNRISE   540 AM MDT   SUNSET   802 PM MDT
MAY  6 2016...........SUNRISE   539 AM MDT   SUNSET   804 PM MDT


-  INDICATES NEGATIVE NUMBERS.
R  INDICATES RECORD WAS SET OR TIED.
MM INDICATES DATA IS MISSING.
T  INDICATES TRACE AMOUNT.




$$
