000
CDUS43 KUNR 280836
CLICUT


CLIMATE REPORT
NATIONAL WEATHER SERVICE RAPID CITY SD
236 AM MDT SUN MAY 28 2017


...................................

...THE CUSTER COUNTY AIRPORT SD CLIMATE SUMMARY FOR MAY 27 2017...

CLIMATE NORMAL PERIOD 1981 TO 2010
CLIMATE RECORD PERIOD 9999 TO 9999


WEATHER ITEM   OBSERVED TIME   NORMAL DEPARTURE LAST
                VALUE   (LST)  VALUE  FROM      YEAR
                                      NORMAL
......................................................
TEMPERATURE (F)
 YESTERDAY
  MAXIMUM         61    405 PM  63     -2       58
  MINIMUM         41    418 AM  40      1       38
  AVERAGE         51            52     -1       48

PRECIPITATION (IN)
  YESTERDAY        0.01          0.10  -0.09     0.03
  MONTH TO DATE    1.62          2.66  -1.04     1.36
  SINCE MAR 1      5.78          5.79  -0.01     3.66
  SINCE JAN 1      7.79          6.65   1.14     4.27

DEGREE DAYS
 HEATING
  YESTERDAY       14            14      0       17
  MONTH TO DATE  441           467    -26      469
  SINCE MAR 1   2025          2282   -257     2010
  SINCE JUL 1   7393          8117   -724     7065

 COOLING
  YESTERDAY        0             0      0        0
  MONTH TO DATE    0             0      0        0
  SINCE MAR 1      0             0      0        0
  SINCE JAN 1      0             0      0        0
......................................................


WIND (MPH)
  HIGHEST WIND SPEED    20   HIGHEST WIND DIRECTION     W (280)
  HIGHEST GUST SPEED    29   HIGHEST GUST DIRECTION     W (280)
  AVERAGE WIND SPEED     6.7


SKY COVER
  AVERAGE SKY COVER 0.6


WEATHER CONDITIONS
 THE FOLLOWING WEATHER WAS RECORDED YESTERDAY.
  LIGHT RAIN


RELATIVE HUMIDITY (PERCENT)
 HIGHEST    89
 LOWEST     28
 AVERAGE    59

..........................................................




SUNRISE AND SUNSET
MAY 28 2017...........SUNRISE   518 AM MDT   SUNSET   826 PM MDT
MAY 29 2017...........SUNRISE   517 AM MDT   SUNSET   827 PM MDT


-  INDICATES NEGATIVE NUMBERS.
R  INDICATES RECORD WAS SET OR TIED.
MM INDICATES DATA IS MISSING.
T  INDICATES TRACE AMOUNT.




$$
