000
CDUS43 KUNR 180835
CLICUT


CLIMATE REPORT
NATIONAL WEATHER SERVICE RAPID CITY SD
135 AM MST SUN FEB 18 2018


...................................

...THE CUSTER COUNTY AIRPORT SD CLIMATE SUMMARY FOR FEBRUARY 17 2018...

CLIMATE NORMAL PERIOD 1981 TO 2010
CLIMATE RECORD PERIOD 9999 TO 9999


WEATHER ITEM   OBSERVED TIME   NORMAL DEPARTURE LAST
                VALUE   (LST)  VALUE  FROM      YEAR
                                      NORMAL
......................................................
TEMPERATURE (F)
 YESTERDAY
  MAXIMUM         36   1127 PM  37     -1       52
  MINIMUM         16    209 AM  15      1       29
  AVERAGE         26            26      0       41

PRECIPITATION (IN)
  YESTERDAY        0.00          0.02  -0.02     0.00
  MONTH TO DATE    1.23          0.33   0.90     0.56
  SINCE DEC 1      2.79          1.04   1.75     2.83
  SINCE JAN 1      1.71          0.66   1.05     1.55

DEGREE DAYS
 HEATING
  YESTERDAY       39            39      0       24
  MONTH TO DATE  819           682    137      586
  SINCE DEC 1   3281          3236     45     3368
  SINCE JUL 1   5245          5417   -172     4987

 COOLING
  YESTERDAY        0             0      0        0
  MONTH TO DATE    0             0      0        0
  SINCE DEC 1      0             0      0        0
  SINCE JAN 1      0             0      0        0
......................................................


WIND (MPH)
  HIGHEST WIND SPEED    20   HIGHEST WIND DIRECTION     W (280)
  HIGHEST GUST SPEED    26   HIGHEST GUST DIRECTION     W (280)
  AVERAGE WIND SPEED     8.0


SKY COVER
  AVERAGE SKY COVER 0.4


WEATHER CONDITIONS
 THE FOLLOWING WEATHER WAS RECORDED YESTERDAY.
  NO SIGNIFICANT WEATHER WAS OBSERVED.


RELATIVE HUMIDITY (PERCENT)
 HIGHEST    84
 LOWEST     38
 AVERAGE    61

..........................................................




SUNRISE AND SUNSET
FEBRUARY 18 2018......SUNRISE   649 AM MST   SUNSET   529 PM MST
FEBRUARY 19 2018......SUNRISE   647 AM MST   SUNSET   530 PM MST


-  INDICATES NEGATIVE NUMBERS.
R  INDICATES RECORD WAS SET OR TIED.
MM INDICATES DATA IS MISSING.
T  INDICATES TRACE AMOUNT.




$$
