000
CDUS43 KUNR 030842
CLICUT


CLIMATE REPORT
NATIONAL WEATHER SERVICE RAPID CITY SD
138 AM MST TUE MAR 3 2015


...................................

...THE CUSTER COUNTY AIRPORT SD CLIMATE SUMMARY FOR MARCH 2 2015...

CLIMATE NORMAL PERIOD 1981 TO 2010
CLIMATE RECORD PERIOD 9999 TO 9999


WEATHER ITEM   OBSERVED TIME   NORMAL DEPARTURE LAST
                VALUE   (LST)  VALUE  FROM      YEAR
                                      NORMAL
......................................................
TEMPERATURE (F)
 YESTERDAY
  MAXIMUM         40    333 PM  39      1       23
  MINIMUM          5   1200 AM  18    -13      -16
  AVERAGE         23            28     -5        4

PRECIPITATION (IN)
  YESTERDAY        0.15          0.02   0.13     0.00
  MONTH TO DATE    0.15          0.03   0.12     0.30
  SINCE MAR 1      0.15          0.03   0.12     0.30
  SINCE JAN 1      0.55          0.89  -0.34     1.63

DEGREE DAYS
 HEATING
  YESTERDAY       42            37      5       61
  MONTH TO DATE   93            74     19      135
  SINCE MAR 1     93            74     19      135
  SINCE JUL 1   5542          5909   -367     5993

 COOLING
  YESTERDAY        0             0      0        0
  MONTH TO DATE    0             0      0        0
  SINCE MAR 1      0             0      0        0
  SINCE JAN 1      0             0      0        0
......................................................


WIND (MPH)
  HIGHEST WIND SPEED    15   HIGHEST WIND DIRECTION     W (250)
  HIGHEST GUST SPEED    22   HIGHEST GUST DIRECTION    NE (50)
  AVERAGE WIND SPEED     7.7


SKY COVER
  AVERAGE SKY COVER 0.4


WEATHER CONDITIONS
 THE FOLLOWING WEATHER WAS RECORDED YESTERDAY.
  LIGHT SNOW
  FOG


RELATIVE HUMIDITY (PERCENT)
 HIGHEST    92
 LOWEST     48
 AVERAGE    70

..........................................................




SUNRISE AND SUNSET
MARCH  3 2015.........SUNRISE   628 AM MST   SUNSET   545 PM MST
MARCH  4 2015.........SUNRISE   626 AM MST   SUNSET   547 PM MST


-  INDICATES NEGATIVE NUMBERS.
R  INDICATES RECORD WAS SET OR TIED.
MM INDICATES DATA IS MISSING.
T  INDICATES TRACE AMOUNT.




$$
