000
CDUS43 KUNR 230833
CLICUT


CLIMATE REPORT
NATIONAL WEATHER SERVICE RAPID CITY SD
232 AM MDT TUE SEP 23 2014


...................................

...THE CUSTER COUNTY AIRPORT SD CLIMATE SUMMARY FOR SEPTEMBER 22 2014...

CLIMATE NORMAL PERIOD 1981 TO 2010
CLIMATE RECORD PERIOD 9999 TO 9999


WEATHER ITEM   OBSERVED TIME   NORMAL DEPARTURE LAST
                VALUE   (LST)  VALUE  FROM      YEAR
                                      NORMAL
......................................................
TEMPERATURE (F)
 YESTERDAY
  MAXIMUM         71   1040 AM  65      6       80
  MINIMUM         42   1242 AM  38      4       50
  AVERAGE         57            51      6       65

PRECIPITATION (IN)
  YESTERDAY        0.04          0.05  -0.01      T
  MONTH TO DATE    0.75          1.26  -0.51     0.94
  SINCE SEP 1      0.75          1.26  -0.51     0.94
  SINCE JAN 1     15.26         16.18  -0.92    16.89

DEGREE DAYS
 HEATING
  YESTERDAY        8            14     -6        0
  MONTH TO DATE  243           207     36      109
  SINCE SEP 1    243           207     36      109
  SINCE JUL 1    374           361     13      206

 COOLING
  YESTERDAY        0             0      0        0
  MONTH TO DATE   10            11     -1       38
  SINCE SEP 1     10            11     -1       38
  SINCE JAN 1    144           177    -33      187
......................................................


WIND (MPH)
  HIGHEST WIND SPEED    13   HIGHEST WIND DIRECTION    SW (230)
  HIGHEST GUST SPEED    18   HIGHEST GUST DIRECTION    SW (210)
  AVERAGE WIND SPEED     4.8


SKY COVER
  AVERAGE SKY COVER 0.3


WEATHER CONDITIONS
 THE FOLLOWING WEATHER WAS RECORDED YESTERDAY.
  LIGHT RAIN


RELATIVE HUMIDITY (PERCENT)
 HIGHEST    93
 LOWEST     40
 AVERAGE    67

..........................................................




SUNRISE AND SUNSET
SEPTEMBER 23 2014.....SUNRISE   643 AM MDT   SUNSET   650 PM MDT
SEPTEMBER 24 2014.....SUNRISE   644 AM MDT   SUNSET   648 PM MDT


-  INDICATES NEGATIVE NUMBERS.
R  INDICATES RECORD WAS SET OR TIED.
MM INDICATES DATA IS MISSING.
T  INDICATES TRACE AMOUNT.




$$
