000
CDUS43 KUNR 230834
CLICUT


CLIMATE REPORT
NATIONAL WEATHER SERVICE RAPID CITY SD
233 AM MDT SAT SEP 23 2017


...................................

...THE CUSTER COUNTY AIRPORT SD CLIMATE SUMMARY FOR SEPTEMBER 22 2017...

CLIMATE NORMAL PERIOD 1981 TO 2010
CLIMATE RECORD PERIOD 9999 TO 9999


WEATHER ITEM   OBSERVED TIME   NORMAL DEPARTURE LAST
                VALUE   (LST)  VALUE  FROM      YEAR
                                      NORMAL
......................................................
TEMPERATURE (F)
 YESTERDAY
  MAXIMUM         67    231 PM  65      2       59
  MINIMUM         43   1159 PM  38      5       47
  AVERAGE         55            51      4       53

PRECIPITATION (IN)
  YESTERDAY        0.27          0.05   0.22      T
  MONTH TO DATE    1.16          1.26  -0.10     1.13
  SINCE SEP 1      1.16          1.26  -0.10     1.13
  SINCE JAN 1     18.73         16.18   2.55    13.97

DEGREE DAYS
 HEATING
  YESTERDAY       10            14     -4       12
  MONTH TO DATE  142           207    -65      175
  SINCE SEP 1    142           207    -65      175
  SINCE JUL 1    243           361   -118      311

 COOLING
  YESTERDAY        0             0      0        0
  MONTH TO DATE   27            11     16        7
  SINCE SEP 1     27            11     16        7
  SINCE JAN 1    235           177     58      259
......................................................


WIND (MPH)
  HIGHEST WIND SPEED    16   HIGHEST WIND DIRECTION     W (250)
  HIGHEST GUST SPEED    25   HIGHEST GUST DIRECTION     W (260)
  AVERAGE WIND SPEED     7.1


SKY COVER
  AVERAGE SKY COVER 0.3


WEATHER CONDITIONS
 THE FOLLOWING WEATHER WAS RECORDED YESTERDAY.
  HEAVY RAIN
  RAIN
  LIGHT RAIN
  FOG


RELATIVE HUMIDITY (PERCENT)
 HIGHEST    93
 LOWEST     40
 AVERAGE    67

..........................................................




SUNRISE AND SUNSET
SEPTEMBER 23 2017.....SUNRISE   643 AM MDT   SUNSET   649 PM MDT
SEPTEMBER 24 2017.....SUNRISE   644 AM MDT   SUNSET   648 PM MDT


-  INDICATES NEGATIVE NUMBERS.
R  INDICATES RECORD WAS SET OR TIED.
MM INDICATES DATA IS MISSING.
T  INDICATES TRACE AMOUNT.




$$
