000
CDUS43 KUNR 280850
CLICUT


CLIMATE REPORT
NATIONAL WEATHER SERVICE RAPID CITY SD
247 AM MDT TUE MAR 28 2017


...................................

...THE CUSTER COUNTY AIRPORT SD CLIMATE SUMMARY FOR MARCH 27 2017...

CLIMATE NORMAL PERIOD 1981 TO 2010
CLIMATE RECORD PERIOD 9999 TO 9999


WEATHER ITEM   OBSERVED TIME   NORMAL DEPARTURE LAST
                VALUE   (LST)  VALUE  FROM      YEAR
                                      NORMAL
......................................................
TEMPERATURE (F)
 YESTERDAY
  MAXIMUM         52    201 PM  44      8       47
  MINIMUM         26    531 AM  24      2       21
  AVERAGE         39            34      5       34

PRECIPITATION (IN)
  YESTERDAY        0.00          0.05  -0.05     0.00
  MONTH TO DATE    0.32          0.83  -0.51     1.05
  SINCE MAR 1      0.32          0.83  -0.51     1.05
  SINCE JAN 1      2.33          1.69   0.64     1.66

DEGREE DAYS
 HEATING
  YESTERDAY       26            31     -5       31
  MONTH TO DATE  736           917   -181      761
  SINCE MAR 1    736           917   -181      761
  SINCE JUL 1   6104          6752   -648     5816

 COOLING
  YESTERDAY        0             0      0        0
  MONTH TO DATE    0             0      0        0
  SINCE MAR 1      0             0      0        0
  SINCE JAN 1      0             0      0        0
......................................................


WIND (MPH)
  HIGHEST WIND SPEED    13   HIGHEST WIND DIRECTION     E (100)
  HIGHEST GUST SPEED    20   HIGHEST GUST DIRECTION    NE (60)
  AVERAGE WIND SPEED     6.1


SKY COVER
  AVERAGE SKY COVER 0.4


WEATHER CONDITIONS
 THE FOLLOWING WEATHER WAS RECORDED YESTERDAY.
  FOG
  HAZE


RELATIVE HUMIDITY (PERCENT)
 HIGHEST    92
 LOWEST     52
 AVERAGE    72

..........................................................




SUNRISE AND SUNSET
MARCH 28 2017.........SUNRISE   643 AM MDT   SUNSET   717 PM MDT
MARCH 29 2017.........SUNRISE   641 AM MDT   SUNSET   718 PM MDT


-  INDICATES NEGATIVE NUMBERS.
R  INDICATES RECORD WAS SET OR TIED.
MM INDICATES DATA IS MISSING.
T  INDICATES TRACE AMOUNT.




$$
