000
CDUS41 KILN 252050
CLICVG


CLIMATE REPORT
NATIONAL WEATHER SERVICE WILMINGTON OH
450 PM EDT SUN SEP 25 2016


...................................

...THE CINCINNATI OH CLIMATE SUMMARY FOR SEPTEMBER 25 2016...
VALID TODAY AS OF 0400 PM LOCAL TIME.

CLIMATE NORMAL PERIOD 1981 TO 2010
CLIMATE RECORD PERIOD 1869 TO 2016


WEATHER ITEM   OBSERVED TIME   RECORD YEAR NORMAL DEPARTURE LAST
                VALUE   (LST)  VALUE       VALUE  FROM      YEAR
                                                  NORMAL
..................................................................
TEMPERATURE (F)
 TODAY
  MAXIMUM         87    320 PM  93    2007  74     13       76
  MINIMUM         63    653 AM  35    1950  53     10       60
  AVERAGE         75                        64     11       68

PRECIPITATION (IN)
  TODAY            0.00          2.02 2000   0.09  -0.09     0.04
  MONTH TO DATE    1.26                      2.17  -0.91     0.86
  SINCE SEP 1      1.26                      2.17  -0.91     0.86
  SINCE JAN 1     34.34                     31.96   2.38    33.07

SNOWFALL (IN)
  TODAY            0.0          MM      MM   0.0    0.0      0.0
  MONTH TO DATE    0.0                       0.0    0.0      0.0
  SINCE SEP 1      0.0                       0.0    0.0      0.0
  SINCE JUL 1      0.0                       0.0    0.0      0.0
  SNOW DEPTH       0

DEGREE DAYS
 HEATING
  TODAY            0                         4     -4        0
  MONTH TO DATE    0                        35    -35       14
  SINCE SEP 1      0                        35    -35       14
  SINCE JUL 1      0                        35    -35       16

 COOLING
  TODAY           10                         2      8        3
  MONTH TO DATE  236                       127    109      164
  SINCE SEP 1    236                       127    109      164
  SINCE JAN 1   1411                      1095    316     1119
..................................................................


WIND (MPH)
  HIGHEST WIND SPEED    10   HIGHEST WIND DIRECTION    NE (60)
  HIGHEST GUST SPEED    12   HIGHEST GUST DIRECTION     E (80)
  AVERAGE WIND SPEED     4.5


SKY COVER
  POSSIBLE SUNSHINE  MM
  AVERAGE SKY COVER 0.1


WEATHER CONDITIONS
 THE FOLLOWING WEATHER WAS RECORDED TODAY.
  NO SIGNIFICANT WEATHER WAS OBSERVED.


RELATIVE HUMIDITY (PERCENT)
 HIGHEST    90           700 AM
 LOWEST     48           300 PM
 AVERAGE    69

..........................................................


THE CINCINNATI OH CLIMATE NORMALS FOR TOMORROW
                         NORMAL    RECORD    YEAR
 MAXIMUM TEMPERATURE (F)   74        92      1900
 MINIMUM TEMPERATURE (F)   53        33      1928


SUNRISE AND SUNSET
SEPTEMBER 25 2016.....SUNRISE   730 AM EDT   SUNSET   730 PM EDT
SEPTEMBER 26 2016.....SUNRISE   730 AM EDT   SUNSET   728 PM EDT


-  INDICATES NEGATIVE NUMBERS.
R  INDICATES RECORD WAS SET OR TIED.
MM INDICATES DATA IS MISSING.
T  INDICATES TRACE AMOUNT.




$$
