000
CDUS41 KILN 252047
CLICVG


CLIMATE REPORT
NATIONAL WEATHER SERVICE WILMINGTON OH
447 PM EDT SAT OCT 25 2014


...................................

...THE CINCINNATI OH CLIMATE SUMMARY FOR OCTOBER 25 2014...
VALID TODAY AS OF 0400 PM LOCAL TIME.

CLIMATE NORMAL PERIOD 1981 TO 2010
CLIMATE RECORD PERIOD 1869 TO 2014


WEATHER ITEM   OBSERVED TIME   RECORD YEAR NORMAL DEPARTURE LAST
                VALUE   (LST)  VALUE       VALUE  FROM      YEAR
                                                  NORMAL
..................................................................
TEMPERATURE (F)
 TODAY
  MAXIMUM         75    307 PM  82    1963  63     12       49
  MINIMUM         45   1224 AM  25    1960  43      2       28
  AVERAGE         60                        53      7       39

PRECIPITATION (IN)
  TODAY            0.00          1.67 2002   0.10  -0.10     0.00
  MONTH TO DATE    3.02                      2.65   0.37     4.52
  SINCE SEP 1      6.22                      5.28   0.94     8.17
  SINCE JAN 1     36.68                     35.07   1.61    41.22

SNOWFALL (IN)
  TODAY            0.0           1.7  1962   0.1   -0.1      0.0
  MONTH TO DATE    0.0                       0.3   -0.3       T
  SINCE SEP 1      0.0                       0.3   -0.3       T
  SINCE JUL 1      0.0                       0.3   -0.3       T
  SNOW DEPTH       0

DEGREE DAYS
 HEATING
  TODAY            5                        12     -7       26
  MONTH TO DATE  231                       223      8      218
  SINCE SEP 1    282                       281      1      244
  SINCE JUL 1    287                       281      6      248

 COOLING
  TODAY            0                         0      0        0
  MONTH TO DATE   13                        16     -3       30
  SINCE SEP 1    131                       153    -22      174
  SINCE JAN 1   1077                      1121    -44     1150
..................................................................


WIND (MPH)
  HIGHEST WIND SPEED    14   HIGHEST WIND DIRECTION     W (280)
  HIGHEST GUST SPEED    17   HIGHEST GUST DIRECTION     W (280)
  AVERAGE WIND SPEED     6.3


SKY COVER
  POSSIBLE SUNSHINE  MM
  AVERAGE SKY COVER 0.8


WEATHER CONDITIONS
 THE FOLLOWING WEATHER WAS RECORDED TODAY.
  FOG
  HAZE


RELATIVE HUMIDITY (PERCENT)
 HIGHEST    86           300 AM
 LOWEST     53           300 PM
 AVERAGE    70

..........................................................


THE CINCINNATI OH CLIMATE NORMALS FOR TOMORROW
                         NORMAL    RECORD    YEAR
 MAXIMUM TEMPERATURE (F)   63        82      1963
 MINIMUM TEMPERATURE (F)   43        19      1962


SUNRISE AND SUNSET
OCTOBER 25 2014.......SUNRISE   759 AM EDT   SUNSET   646 PM EDT
OCTOBER 26 2014.......SUNRISE   800 AM EDT   SUNSET   645 PM EDT


-  INDICATES NEGATIVE NUMBERS.
R  INDICATES RECORD WAS SET OR TIED.
MM INDICATES DATA IS MISSING.
T  INDICATES TRACE AMOUNT.




$$
