000
CDUS41 KILN 172058
CLICVG


CLIMATE REPORT
NATIONAL WEATHER SERVICE WILMINGTON OH
458 PM EDT THU AUG 17 2017


...................................

...THE CINCINNATI OH CLIMATE SUMMARY FOR AUGUST 17 2017...
VALID TODAY AS OF 0400 PM LOCAL TIME.

CLIMATE NORMAL PERIOD 1981 TO 2010
CLIMATE RECORD PERIOD 1869 TO 2017


WEATHER ITEM   OBSERVED TIME   RECORD YEAR NORMAL DEPARTURE LAST
                VALUE   (LST)  VALUE       VALUE  FROM      YEAR
                                                  NORMAL
..................................................................
TEMPERATURE (F)
 TODAY
  MAXIMUM         90    126 PM 100    1988  85      5       83
  MINIMUM         73    628 AM  50    1979  65      8       71
                                      1964
  AVERAGE         82                        75      7       77

PRECIPITATION (IN)
  TODAY            0.32          1.65 1876   0.12   0.20     1.30
  MONTH TO DATE    0.94                      1.93  -0.99     3.96
  SINCE JUN 1     12.00                      9.72   2.28    11.51
  SINCE JAN 1     35.40                     28.31   7.09    31.12

SNOWFALL (IN)
  TODAY            0.0           0.0    MM   0.0    0.0      0.0
  MONTH TO DATE    0.0                       0.0    0.0      0.0
  SINCE JUN 1      0.0                       0.0    0.0      0.0
  SINCE JUL 1      0.0                       0.0    0.0      0.0
  SNOW DEPTH       0

DEGREE DAYS
 HEATING
  TODAY            0                         0      0        0
  MONTH TO DATE    1                         0      1        0
  SINCE JUN 1      8                        15     -7        2
  SINCE JUL 1      1                         0      1        0

 COOLING
  TODAY           17                        10      7       12
  MONTH TO DATE  136                       179    -43      246
  SINCE JUN 1    681                       744    -63      908
  SINCE JAN 1    815                       838    -23     1001
..................................................................


WIND (MPH)
  HIGHEST WIND SPEED    23   HIGHEST WIND DIRECTION     W (290)
  HIGHEST GUST SPEED    32   HIGHEST GUST DIRECTION    NW (310)
  AVERAGE WIND SPEED    10.5


SKY COVER
  POSSIBLE SUNSHINE  MM
  AVERAGE SKY COVER 0.6


WEATHER CONDITIONS
 THE FOLLOWING WEATHER WAS RECORDED TODAY.
  THUNDERSTORM
  LIGHT RAIN
  FOG


RELATIVE HUMIDITY (PERCENT)
 HIGHEST   100           500 AM
 LOWEST     65           100 PM
 AVERAGE    83

..........................................................


THE CINCINNATI OH CLIMATE NORMALS FOR TOMORROW
                         NORMAL    RECORD    YEAR
 MAXIMUM TEMPERATURE (F)   85        98      1988
 MINIMUM TEMPERATURE (F)   65        50      1953


SUNRISE AND SUNSET
AUGUST 17 2017........SUNRISE   654 AM EDT   SUNSET   831 PM EDT
AUGUST 18 2017........SUNRISE   655 AM EDT   SUNSET   829 PM EDT


-  INDICATES NEGATIVE NUMBERS.
R  INDICATES RECORD WAS SET OR TIED.
MM INDICATES DATA IS MISSING.
T  INDICATES TRACE AMOUNT.




$$
