000
CDUS41 KILN 040530
CLICVG


CLIMATE REPORT
NATIONAL WEATHER SERVICE WILMINGTON OH
129 AM EDT SAT JUL 4 2015


...................................

...THE CINCINNATI OH CLIMATE SUMMARY FOR JULY 3 2015...

CLIMATE NORMAL PERIOD 1981 TO 2010
CLIMATE RECORD PERIOD 1869 TO 2015


WEATHER ITEM   OBSERVED TIME   RECORD YEAR NORMAL DEPARTURE LAST
                VALUE   (LST)  VALUE       VALUE  FROM      YEAR
                                                  NORMAL
..................................................................
TEMPERATURE (F)
 YESTERDAY
  MAXIMUM         76    405 PM 100    1911  85     -9       73
  MINIMUM         67    742 AM  50    1924  66      1       60
  AVERAGE         72                        76     -4       67

PRECIPITATION (IN)
  YESTERDAY        0.13          2.10 1973   0.11   0.02      T
  MONTH TO DATE    1.69                      0.34   1.35     0.61
  SINCE JUN 1      9.02                      4.37   4.65     6.83
  SINCE JAN 1     26.25                     22.96   3.29    24.30

SNOWFALL (IN)
  YESTERDAY        0.0           0.0    MM   0.0    0.0      0.0
  MONTH TO DATE    0.0                       0.0    0.0      0.0
  SINCE JUN 1      0.0                       0.0    0.0      0.0
  SINCE JUL 1      0.0                       0.0    0.0      0.0
  SNOW DEPTH       0

DEGREE DAYS
 HEATING
  YESTERDAY        0                         0      0        0
  MONTH TO DATE    0                         0      0        0
  SINCE JUN 1     19                        15      4        3
  SINCE JUL 1      0                         0      0        0

 COOLING
  YESTERDAY        7                        11     -4        2
  MONTH TO DATE   19                        31    -12       27
  SINCE JUN 1    278                       257     21      301
  SINCE JAN 1    427                       351     76      435
..................................................................


WIND (MPH)
  RESULTANT WIND SPEED   8   RESULTANT WIND DIRECTION  NE (60)
  HIGHEST WIND SPEED    16   HIGHEST WIND DIRECTION    NE (30)
  HIGHEST GUST SPEED    18   HIGHEST GUST DIRECTION    NE (30)
  AVERAGE WIND SPEED     8.4


SKY COVER
  POSSIBLE SUNSHINE  MM
  AVERAGE SKY COVER 1.0


WEATHER CONDITIONS
 THE FOLLOWING WEATHER WAS RECORDED YESTERDAY.
  LIGHT RAIN
  FOG
  HAZE


RELATIVE HUMIDITY (PERCENT)
 HIGHEST    90          1200 AM
 LOWEST     69           200 PM
 AVERAGE    80

..........................................................


THE CINCINNATI OH CLIMATE NORMALS FOR TODAY
                         NORMAL    RECORD    YEAR
 MAXIMUM TEMPERATURE (F)   86       102      1911
 MINIMUM TEMPERATURE (F)   66        50      1968


SUNRISE AND SUNSET
JULY  4 2015..........SUNRISE   618 AM EDT   SUNSET   908 PM EDT
JULY  5 2015..........SUNRISE   619 AM EDT   SUNSET   908 PM EDT


-  INDICATES NEGATIVE NUMBERS.
R  INDICATES RECORD WAS SET OR TIED.
MM INDICATES DATA IS MISSING.
T  INDICATES TRACE AMOUNT.




$$
