105
CDUS41 KILN 230540
CLICVG


CLIMATE REPORT
NATIONAL WEATHER SERVICE WILMINGTON OH
139 AM EDT SUN APR 23 2017


...................................

...THE CINCINNATI OH CLIMATE SUMMARY FOR APRIL 22 2017...

CLIMATE NORMAL PERIOD 1981 TO 2010
CLIMATE RECORD PERIOD 1869 TO 2017


WEATHER ITEM   OBSERVED TIME   RECORD YEAR NORMAL DEPARTURE LAST
                VALUE   (LST)  VALUE       VALUE  FROM      YEAR
                                                  NORMAL
..................................................................
TEMPERATURE (F)
 YESTERDAY
  MAXIMUM         56    604 PM  86    1985  67    -11       65
                                      1946
  MINIMUM         47   1159 PM  28    1986  46      1       54
  AVERAGE         52                        56     -4       60

PRECIPITATION (IN)
  YESTERDAY        0.01          1.76 1887   0.13  -0.12     0.25
  MONTH TO DATE    2.52                      2.80  -0.28     2.12
  SINCE MAR 1      7.33                      6.76   0.57     7.42
  SINCE JAN 1     14.55                     12.57   1.98    14.05

SNOWFALL (IN)
  YESTERDAY        0.0           0.1  1893   0.0    0.0      0.0
  MONTH TO DATE    0.0                       0.5   -0.5       T
  SINCE MAR 1      2.0                       3.5   -1.5      2.3
  SINCE JUL 1     10.0                      22.1  -12.1     19.2
  SNOW DEPTH       0

DEGREE DAYS
 HEATING
  YESTERDAY       13                         9      4        5
  MONTH TO DATE  142                       277   -135      282
  SINCE MAR 1    765                       943   -178      736
  SINCE JUL 1   3845                      4770   -925     3944

 COOLING
  YESTERDAY        0                         1     -1        0
  MONTH TO DATE   33                        10     23        7
  SINCE MAR 1     34                        10     24        7
  SINCE JAN 1     34                        10     24        7
..................................................................


WIND (MPH)
  RESULTANT WIND SPEED  14   RESULTANT WIND DIRECTION  NE (40)
  HIGHEST WIND SPEED    22   HIGHEST WIND DIRECTION     E (70)
  HIGHEST GUST SPEED    27   HIGHEST GUST DIRECTION    NE (60)
  AVERAGE WIND SPEED    14.0


SKY COVER
  POSSIBLE SUNSHINE  MM
  AVERAGE SKY COVER 0.8


WEATHER CONDITIONS
 THE FOLLOWING WEATHER WAS RECORDED YESTERDAY.
  LIGHT RAIN


RELATIVE HUMIDITY (PERCENT)
 HIGHEST    86          1200 AM
 LOWEST     50           700 PM
 AVERAGE    68

..........................................................


THE CINCINNATI OH CLIMATE NORMALS FOR TODAY
                         NORMAL    RECORD    YEAR
 MAXIMUM TEMPERATURE (F)   67        88      1925
 MINIMUM TEMPERATURE (F)   46        23      1986


SUNRISE AND SUNSET
APRIL 23 2017.........SUNRISE   650 AM EDT   SUNSET   824 PM EDT
APRIL 24 2017.........SUNRISE   649 AM EDT   SUNSET   825 PM EDT


-  INDICATES NEGATIVE NUMBERS.
R  INDICATES RECORD WAS SET OR TIED.
MM INDICATES DATA IS MISSING.
T  INDICATES TRACE AMOUNT.




$$
