000
CDUS45 KCYS 210730
CLICYS


CLIMATE REPORT
NATIONAL WEATHER SERVICE CHEYENNE WY
1229 AM MST FRI NOV 21 2014


...................................

...THE CHEYENNE WYOMING CLIMATE SUMMARY FOR NOVEMBER 20 2014...

CLIMATE NORMAL PERIOD 1981 TO 2010
CLIMATE RECORD PERIOD 1871 TO 2014


WEATHER ITEM   OBSERVED TIME   RECORD YEAR NORMAL DEPARTURE LAST
                VALUE   (LST)  VALUE       VALUE  FROM      YEAR
                                                  NORMAL
..................................................................
TEMPERATURE (F)
 YESTERDAY
  MAXIMUM         52    143 PM  64    1917  44      8       54
  MINIMUM         21    432 AM -12    1880  22     -1       14
  AVERAGE         37                        33      4       34

PRECIPITATION (IN)
  YESTERDAY        0.00          1.63 1979   0.02  -0.02      T
  MONTH TO DATE    0.93                      0.40   0.53     0.03
  SINCE JAN 1     16.84                     15.26   1.58    17.55

SNOWFALL (IN)
  YESTERDAY        0.0          19.8  1979   0.2   -0.2       T
  MONTH TO DATE    5.8                       5.0    0.8      0.2
  SINCE JUL 1      7.3                      11.3   -4.0     12.7
  SNOW DEPTH       0

DEGREE DAYS
 HEATING
  YESTERDAY       28                        32     -4       31
  MONTH TO DATE  682                       551    131      505
  SINCE SEP 1   1274                      1354    -80     1348
  SINCE JUL 1   1332                      1410    -78     1363

 COOLING
  YESTERDAY        0                         0      0        0
  MONTH TO DATE    0                         0      0        0
  SINCE SEP 1     35                        22     13       67
  SINCE JAN 1    301                       348    -47      520
..................................................................


WIND (MPH)
  HIGHEST WIND SPEED    17   HIGHEST WIND DIRECTION     W (280)
  HIGHEST GUST SPEED    22   HIGHEST GUST DIRECTION     W (280)
  AVERAGE WIND SPEED     5.8


SKY COVER
  AVERAGE SKY COVER 0.1


WEATHER CONDITIONS
 THE FOLLOWING WEATHER WAS RECORDED YESTERDAY.
  HAZE


RELATIVE HUMIDITY (PERCENT)
 HIGHEST    60          1200 AM
 LOWEST     17           200 PM
 AVERAGE    39

..........................................................


THE CHEYENNE WYOMING CLIMATE NORMALS FOR TODAY
                         NORMAL    RECORD    YEAR
 MAXIMUM TEMPERATURE (F)   44        66      2012
 MINIMUM TEMPERATURE (F)   22        -4      1931
                                             1929


SUNRISE AND SUNSET
NOVEMBER 21 2014......SUNRISE   654 AM MST   SUNSET   436 PM MST
NOVEMBER 22 2014......SUNRISE   655 AM MST   SUNSET   435 PM MST


-  INDICATES NEGATIVE NUMBERS.
R  INDICATES RECORD WAS SET OR TIED.
MM INDICATES DATA IS MISSING.
T  INDICATES TRACE AMOUNT.




$$
