000
CDUS45 KCYS 020727
CLICYS


CLIMATE REPORT
NATIONAL WEATHER SERVICE CHEYENNE WY
1226 AM MST FRI DEC 2 2016


...................................

...THE CHEYENNE WYOMING AIRPORT CLIMATE SUMMARY FOR DECEMBER 1 2016...

CLIMATE NORMAL PERIOD 1981 TO 2010
CLIMATE RECORD PERIOD 1871 TO 2016


WEATHER ITEM   OBSERVED TIME   RECORD YEAR NORMAL DEPARTURE LAST
                VALUE   (LST)  VALUE       VALUE  FROM      YEAR
                                                  NORMAL
..................................................................
TEMPERATURE (F)
 YESTERDAY
  MAXIMUM         36    106 PM  66    1998  40     -4       32
  MINIMUM         14    206 AM -12    1985  19     -5       20
  AVERAGE         25                        29     -4       26

PRECIPITATION (IN)
  YESTERDAY        0.00          0.51 1897   0.02  -0.02     0.00
  MONTH TO DATE    0.00                      0.02  -0.02     0.00
  SINCE JAN 1     14.28                     15.47  -1.19    16.69

SNOWFALL (IN)
  YESTERDAY        0.0           5.1  1897   0.3   -0.3      0.0
  MONTH TO DATE    0.0                       0.3   -0.3      0.0
  SINCE JUL 1      3.8                      14.6  -10.8     10.7
  SNOW DEPTH       0

DEGREE DAYS
 HEATING
  YESTERDAY       40                        36      4       39
  MONTH TO DATE   40                        36      4       39
  SINCE DEC 1     40                        36      4       39
  SINCE JUL 1   1304                      1784   -480     1466

 COOLING
  YESTERDAY        0                         0      0        0
  MONTH TO DATE    0                         0      0        0
  SINCE DEC 1      0                         0      0        0
  SINCE JAN 1    452                       348    104      362
..................................................................


WIND (MPH)
  HIGHEST WIND SPEED    17   HIGHEST WIND DIRECTION     W (260)
  HIGHEST GUST SPEED    22   HIGHEST GUST DIRECTION     W (270)
  AVERAGE WIND SPEED     6.7


SKY COVER
  AVERAGE SKY COVER 0.6


WEATHER CONDITIONS
 THE FOLLOWING WEATHER WAS RECORDED YESTERDAY.
  NO SIGNIFICANT WEATHER WAS OBSERVED.


RELATIVE HUMIDITY (PERCENT)
 HIGHEST    71          1000 PM
 LOWEST     35           100 PM
 AVERAGE    53

..........................................................


THE CHEYENNE WYOMING AIRPORT CLIMATE NORMALS FOR TODAY
                         NORMAL    RECORD    YEAR
 MAXIMUM TEMPERATURE (F)   39        64      1885
 MINIMUM TEMPERATURE (F)   19        -7      1873


SUNRISE AND SUNSET
DECEMBER  2 2016......SUNRISE   707 AM MST   SUNSET   431 PM MST
DECEMBER  3 2016......SUNRISE   708 AM MST   SUNSET   431 PM MST


-  INDICATES NEGATIVE NUMBERS.
R  INDICATES RECORD WAS SET OR TIED.
MM INDICATES DATA IS MISSING.
T  INDICATES TRACE AMOUNT.




$$
