000
CDUS45 KCYS 270730
CLICYS


CLIMATE REPORT
NATIONAL WEATHER SERVICE CHEYENNE WY
129 AM MDT WED MAY 27 2015


...................................

...THE CHEYENNE WYOMING AIRPORT CLIMATE SUMMARY FOR MAY 26 2015...

CLIMATE NORMAL PERIOD 1981 TO 2010
CLIMATE RECORD PERIOD 1871 TO 2015


WEATHER ITEM   OBSERVED TIME   RECORD YEAR NORMAL DEPARTURE LAST
                VALUE   (LST)  VALUE       VALUE  FROM      YEAR
                                                  NORMAL
..................................................................
TEMPERATURE (F)
 YESTERDAY
  MAXIMUM         64   1144 AM  86    1969  68     -4       69
  MINIMUM         41    121 AM  30    1950  43     -2       45
                                      1893
  AVERAGE         53                        55     -2       57

PRECIPITATION (IN)
  YESTERDAY        0.29          0.94 1926   0.09   0.20     0.03
  MONTH TO DATE    5.74                      1.91   3.83     2.75
  SINCE JAN 1      9.33                      5.54   3.79     6.72

SNOWFALL (IN)
  YESTERDAY        0.0           1.0  1950   0.0    0.0      0.0
  MONTH TO DATE    4.4                       2.2    2.2     12.9
  SINCE JUL 1     54.5                      60.2   -5.7     91.6
  SNOW DEPTH       0

DEGREE DAYS
 HEATING
  YESTERDAY       12                        10      2        8
  MONTH TO DATE  469                       347    122      386
  SINCE MAR 1   1803                      1913   -110     1892
  SINCE JUL 1   6449                      6932   -483     7096

 COOLING
  YESTERDAY        0                         0      0        0
  MONTH TO DATE    0                         0      0        0
  SINCE MAR 1      0                         0      0        0
  SINCE JAN 1      0                         0      0        0
..................................................................


WIND (MPH)
  HIGHEST WIND SPEED    21   HIGHEST WIND DIRECTION     W (280)
  HIGHEST GUST SPEED    26   HIGHEST GUST DIRECTION     W (280)
  AVERAGE WIND SPEED     5.8


SKY COVER
  AVERAGE SKY COVER 0.5


WEATHER CONDITIONS
 THE FOLLOWING WEATHER WAS RECORDED YESTERDAY.
  THUNDERSTORM
  HEAVY RAIN
  LIGHT RAIN


RELATIVE HUMIDITY (PERCENT)
 HIGHEST    86          1100 PM
 LOWEST     46          1200 PM
 AVERAGE    66

..........................................................


THE CHEYENNE WYOMING AIRPORT CLIMATE NORMALS FOR TODAY
                         NORMAL    RECORD    YEAR
 MAXIMUM TEMPERATURE (F)   68        90      1969
 MINIMUM TEMPERATURE (F)   44        28      1911


SUNRISE AND SUNSET
MAY 27 2015...........SUNRISE   532 AM MDT   SUNSET   822 PM MDT
MAY 28 2015...........SUNRISE   531 AM MDT   SUNSET   822 PM MDT


-  INDICATES NEGATIVE NUMBERS.
R  INDICATES RECORD WAS SET OR TIED.
MM INDICATES DATA IS MISSING.
T  INDICATES TRACE AMOUNT.




$$
