000
CDUS45 KCYS 280427
CLICYS


CLIMATE REPORT
NATIONAL WEATHER SERVICE CHEYENNE WY
927 PM MST FRI FEB 27 2015


...................................

...THE CHEYENNE WYOMING CLIMATE SUMMARY FOR FEBRUARY 27 2015...
VALID TODAY AS OF 0900 PM LOCAL TIME.

CLIMATE NORMAL PERIOD 1981 TO 2010
CLIMATE RECORD PERIOD 1871 TO 2015


WEATHER ITEM   OBSERVED TIME   RECORD YEAR NORMAL DEPARTURE LAST
                VALUE   (LST)  VALUE       VALUE  FROM      YEAR
                                                  NORMAL
..................................................................
TEMPERATURE (F)
 TODAY
  MAXIMUM         13    321 PM  65    1932  43    -30       50
  MINIMUM          2    705 AM -24    1962  21    -19       19
  AVERAGE          8                        32    -24       35

PRECIPITATION (IN)
  TODAY            0.01          0.46 1912   0.02  -0.01      T
  MONTH TO DATE    0.72                      0.45   0.27     1.15
  SINCE DEC 1      1.45                      1.27   0.18     2.66
  SINCE JAN 1      0.78                      0.78   0.00     2.16

SNOWFALL (IN)
  TODAY            0.2           5.0  1918   0.3   -0.1      0.0
  MONTH TO DATE    9.5                       7.6    1.9     19.4
  SINCE JUL 1     32.9                      36.2   -3.3     60.1
  SNOW DEPTH       1

DEGREE DAYS
 HEATING
  TODAY           57                        33     24       30
  MONTH TO DATE  870                       961    -91     1149
  SINCE DEC 1   2993                      3240   -247     3469
  SINCE JUL 1   4591                      4988   -397     5173

 COOLING
  TODAY            0                         0      0        0
  MONTH TO DATE    0                         0      0        0
  SINCE DEC 1      0                         0      0        0
  SINCE JAN 1      0                         0      0        0
..................................................................


WIND (MPH)
  HIGHEST WIND SPEED    22   HIGHEST WIND DIRECTION     S (180)
  HIGHEST GUST SPEED    27   HIGHEST GUST DIRECTION     S (180)
  AVERAGE WIND SPEED    13.2


SKY COVER
  AVERAGE SKY COVER 1.0


WEATHER CONDITIONS
 THE FOLLOWING WEATHER WAS RECORDED TODAY.
  LIGHT SNOW
  FOG
  HAZE


RELATIVE HUMIDITY (PERCENT)
 HIGHEST    87           900 AM
 LOWEST     67           100 PM
 AVERAGE    77

..........................................................


THE CHEYENNE WYOMING CLIMATE NORMALS FOR TOMORROW
                         NORMAL    RECORD    YEAR
 MAXIMUM TEMPERATURE (F)   43        66      2006
 MINIMUM TEMPERATURE (F)   21       -19      1960


SUNRISE AND SUNSET
FEBRUARY 27 2015......SUNRISE   637 AM MST   SUNSET   548 PM MST
FEBRUARY 28 2015......SUNRISE   635 AM MST   SUNSET   549 PM MST


-  INDICATES NEGATIVE NUMBERS.
R  INDICATES RECORD WAS SET OR TIED.
MM INDICATES DATA IS MISSING.
T  INDICATES TRACE AMOUNT.




$$
