000
CDUS45 KCYS 302137
CLICYS


CLIMATE REPORT
NATIONAL WEATHER SERVICE CHEYENNE WY
337 PM MDT TUE JUN 30 2015


...................................

...THE CHEYENNE WYOMING AIRPORT CLIMATE SUMMARY FOR JUNE 30 2015...
VALID AS OF 0300 PM LOCAL TIME.

CLIMATE NORMAL PERIOD 1981 TO 2010
CLIMATE RECORD PERIOD 1871 TO 2015


WEATHER ITEM   OBSERVED TIME   RECORD YEAR NORMAL DEPARTURE LAST
                VALUE   (LST)  VALUE       VALUE  FROM      YEAR
                                                  NORMAL
..................................................................
TEMPERATURE (F)
 TODAY
  MAXIMUM         90   1129 AM  97    1881  81      9       79
  MINIMUM         56    307 AM  36    1918  53      3       52
  AVERAGE         73                        67      6       66

PRECIPITATION (IN)
  TODAY            T             0.61 2004   0.07  -0.07     0.00
  MONTH TO DATE    1.44                      2.34  -0.90     1.98
  SINCE JUN 1      1.44                      2.34  -0.90     1.98
  SINCE JAN 1     11.02                      8.31   2.71     8.94

SNOWFALL (IN)
  TODAY            0.0          MM      MM   0.0    0.0      0.0
  MONTH TO DATE    0.0                       T      0.0      0.0
  SINCE JUL 1     54.5                      60.3   -5.8     91.6
  SNOW DEPTH       0

DEGREE DAYS
 HEATING
  TODAY            0                         2     -2        0
  MONTH TO DATE   36                       136   -100      126
  SINCE JUN 1     36                       134    -98      126
  SINCE JUL 1   6527                      7111   -584     7236

 COOLING
  TODAY            8                         4      4        1
  MONTH TO DATE   62                        47     15       14
  SINCE JUN 1     62                        47     15       14
  SINCE JAN 1     62                        50     12       15
..................................................................


WIND (MPH)
  HIGHEST WIND SPEED    28   HIGHEST WIND DIRECTION    NW (330)
  HIGHEST GUST SPEED    41   HIGHEST GUST DIRECTION    NW (330)
  AVERAGE WIND SPEED     7.1


SKY COVER
  AVERAGE SKY COVER 0.2


WEATHER CONDITIONS
 THE FOLLOWING WEATHER WAS RECORDED TODAY.
  LIGHT RAIN


RELATIVE HUMIDITY (PERCENT)
 HIGHEST    62           200 AM
 LOWEST     18          1200 PM
 AVERAGE    40

..........................................................


THE CHEYENNE WYOMING AIRPORT CLIMATE NORMALS FOR TOMORROW
                         NORMAL    RECORD    YEAR
 MAXIMUM TEMPERATURE (F)   81        97      2002
 MINIMUM TEMPERATURE (F)   53        39      1968


SUNRISE AND SUNSET
JUNE 30 2015..........SUNRISE   530 AM MDT   SUNSET   836 PM MDT
JULY  1 2015..........SUNRISE   530 AM MDT   SUNSET   836 PM MDT


-  INDICATES NEGATIVE NUMBERS.
R  INDICATES RECORD WAS SET OR TIED.
MM INDICATES DATA IS MISSING.
T  INDICATES TRACE AMOUNT.




$$
