852
CDUS46 KSGX 231426
CLICZZ


CLIMATE REPORT
NATIONAL WEATHER SERVICE SAN DIEGO, CA
726 AM PDT SAT JUL 23 2016


...................................

...THE CAMPO ASOS CA CLIMATE SUMMARY FOR JULY 22 2016...

CLIMATE NORMAL PERIOD 1981 TO 2010
CLIMATE RECORD PERIOD 1948 TO 2016


WEATHER ITEM   OBSERVED TIME   RECORD YEAR NORMAL DEPARTURE LAST
                VALUE   (LST)  VALUE       VALUE  FROM      YEAR
                                                  NORMAL
..................................................................
TEMPERATURE (F)
 YESTERDAY
  MAXIMUM        105    240 PM 106    2006  94     11       83
  MINIMUM         59    516 AM  37    1973  53      6       52
  AVERAGE         82                        74      8       68

PRECIPITATION (IN)
  YESTERDAY        0.00          0.10 1982   0.01  -0.01     0.00
  MONTH TO DATE    0.00                      0.18  -0.18     0.49
  SINCE OCT 1      9.32                     14.55  -5.23    10.09
  SINCE JAN 1      6.37                     10.33  -3.96     6.22

DEGREE DAYS
 HEATING
  YESTERDAY        0                         0      0        0
  MONTH TO DATE    0                         4     -4        9
  SINCE JUN 1     27                        60    -33       59
  SINCE JUL 1      0                         4     -4        9

 COOLING
  YESTERDAY       17                         9      8        3
  MONTH TO DATE  164                       169     -5      119
  SINCE JUN 1    385                       261    124      307
  SINCE JAN 1    388                       291     97      324
..................................................................


WIND (MPH)
  RESULTANT WIND SPEED   2   RESULTANT WIND DIRECTION   W (260)
  HIGHEST WIND SPEED    21   HIGHEST WIND DIRECTION    SW (240)
  HIGHEST GUST SPEED    30   HIGHEST GUST DIRECTION    SW (230)
  AVERAGE WIND SPEED     7.9


SKY COVER
  POSSIBLE SUNSHINE  MM
  AVERAGE SKY COVER 0.0



RELATIVE HUMIDITY (PERCENT)
 HIGHEST    44           500 AM
 LOWEST      9          1100 AM
 AVERAGE    27

..........................................................


THE CAMPO ASOS CA CLIMATE NORMALS FOR TODAY
                         NORMAL    RECORD    YEAR
 MAXIMUM TEMPERATURE (F)   95       103      2006
 MINIMUM TEMPERATURE (F)   53        39      1987


SUNRISE AND SUNSET
JULY 23 2016..........SUNRISE   554 AM PDT   SUNSET   750 PM PDT
JULY 24 2016..........SUNRISE   555 AM PDT   SUNSET   749 PM PDT


-  INDICATES NEGATIVE NUMBERS.
R  INDICATES RECORD WAS SET OR TIED.
MM INDICATES DATA IS MISSING.
T  INDICATES TRACE AMOUNT.




$$
