000
CDUS46 KSGX 220016
CLICZZ


CLIMATE REPORT
NATIONAL WEATHER SERVICE SAN DIEGO, CA
516 PM PDT MON JUL 21 2014


...................................

...THE CAMPO ASOS CA CLIMATE SUMMARY FOR JULY 21 2014...
VALID TODAY AS OF 0500 PM LOCAL TIME.

CLIMATE NORMAL PERIOD 1981 TO 2010
CLIMATE RECORD PERIOD 1948 TO 2014


WEATHER ITEM   OBSERVED TIME   RECORD YEAR NORMAL DEPARTURE LAST
                VALUE   (LST)  VALUE       VALUE  FROM      YEAR
                                                  NORMAL
..................................................................
TEMPERATURE (F)
 TODAY
  MAXIMUM         89    256 PM 103    2006  94     -5       87
                                      1967
  MINIMUM         49    412 AM  34    1973  53     -4       62
  AVERAGE         69                        74     -5       75

PRECIPITATION (IN)
  TODAY            0.00          0.23 2013   0.02  -0.02     0.23
  MONTH TO DATE    0.14                      0.17  -0.03     0.23
  SINCE JUL 1      0.14                      0.17  -0.03     0.23
  SINCE JAN 1      2.90                     10.32  -7.42     5.01

SNOWFALL (IN)
  TODAY            0.0
  MONTH TO DATE    0.0
  SINCE JAN 1      0.0
  SINCE JUL 1      0.0
  SNOW DEPTH       0

DEGREE DAYS
 HEATING
  TODAY            0                         0      0        0
  MONTH TO DATE    0                         4     -4        0
  SINCE JUN 1     28                        60    -32       28
  SINCE JUL 1      0                         4     -4        0

 COOLING
  TODAY            4                         9     -5       10
  MONTH TO DATE  158                       160     -2      229
  SINCE JUN 1    218                       252    -34      336
  SINCE JAN 1    270                       282    -12      363
..................................................................


WIND (MPH)
  RESULTANT WIND SPEED   4   RESULTANT WIND DIRECTION  SW (220)
  HIGHEST WIND SPEED    22   HIGHEST WIND DIRECTION    SW (220)
  HIGHEST GUST SPEED    25   HIGHEST GUST DIRECTION    SW (230)
  AVERAGE WIND SPEED     8.5


SKY COVER
  POSSIBLE SUNSHINE  MM
  AVERAGE SKY COVER 0.0



RELATIVE HUMIDITY (PERCENT)
 HIGHEST    86           100 AM
 LOWEST     23          1200 PM
 AVERAGE    55

..........................................................


THE CAMPO ASOS CA CLIMATE NORMALS FOR TOMORROW
                         NORMAL    RECORD    YEAR
 MAXIMUM TEMPERATURE (F)   94       106      2006
 MINIMUM TEMPERATURE (F)   53        37      1973


SUNRISE AND SUNSET
JULY 21 2014..........SUNRISE   553 AM PDT   SUNSET   751 PM PDT
JULY 22 2014..........SUNRISE   553 AM PDT   SUNSET   751 PM PDT


-  INDICATES NEGATIVE NUMBERS.
R  INDICATES RECORD WAS SET OR TIED.
MM INDICATES DATA IS MISSING.
T  INDICATES TRACE AMOUNT.




$$
