000
CDUS46 KSGX 191517
CLICZZ


CLIMATE REPORT
NATIONAL WEATHER SERVICE SAN DIEGO, CA
717 AM PST SUN FEB 19 2017


...................................

...THE CAMPO ASOS CA CLIMATE SUMMARY FOR FEBRUARY 18 2017...

CLIMATE NORMAL PERIOD 1981 TO 2010
CLIMATE RECORD PERIOD 1948 TO 2017


WEATHER ITEM   OBSERVED TIME   RECORD YEAR NORMAL DEPARTURE LAST
                VALUE   (LST)  VALUE       VALUE  FROM      YEAR
                                                  NORMAL
..................................................................
TEMPERATURE (F)
 YESTERDAY
  MAXIMUM         50    323 PM  82    1977  64    -14       63
  MINIMUM         41    610 AM  21    1953  35      6       40
  AVERAGE         46                        50     -4       52

PRECIPITATION (IN)
  YESTERDAY        0.23          2.72 1980   0.13   0.10     0.00
  MONTH TO DATE    1.20                      2.01  -0.81     0.20
  SINCE OCT 1     13.09                      9.21   3.88     6.75
  SINCE JAN 1      7.86                      4.99   2.87     3.80

DEGREE DAYS
 HEATING
  YESTERDAY       19                        15      4       13
  MONTH TO DATE  279                       286     -7      200
  SINCE DEC 1   1297                      1332    -35     1360
  SINCE JUL 1   1715                      1902   -187     1776

 COOLING
  YESTERDAY        0                         0      0        0
  MONTH TO DATE    0                         0      0        0
  SINCE DEC 1      0                         0      0        0
  SINCE JAN 1      0                         0      0        0
..................................................................


WIND (MPH)
  RESULTANT WIND SPEED   3   RESULTANT WIND DIRECTION  SW (240)
  HIGHEST WIND SPEED    15   HIGHEST WIND DIRECTION    SW (240)
  HIGHEST GUST SPEED    19   HIGHEST GUST DIRECTION    NW (310)
  AVERAGE WIND SPEED     5.4


SKY COVER
  POSSIBLE SUNSHINE  MM
  AVERAGE SKY COVER 0.0



RELATIVE HUMIDITY (PERCENT)
 HIGHEST   100          1200 AM
 LOWEST     80          1100 AM
 AVERAGE    90

..........................................................


THE CAMPO ASOS CA CLIMATE NORMALS FOR TODAY
                         NORMAL    RECORD    YEAR
 MAXIMUM TEMPERATURE (F)   64        85      1995
 MINIMUM TEMPERATURE (F)   35        16      1953


SUNRISE AND SUNSET
FEBRUARY 19 2017......SUNRISE   624 AM PST   SUNSET   535 PM PST
FEBRUARY 20 2017......SUNRISE   623 AM PST   SUNSET   536 PM PST


-  INDICATES NEGATIVE NUMBERS.
R  INDICATES RECORD WAS SET OR TIED.
MM INDICATES DATA IS MISSING.
T  INDICATES TRACE AMOUNT.




$$
