000
CDUS46 KSGX 170118
CLICZZ


CLIMATE REPORT
NATIONAL WEATHER SERVICE SAN DIEGO, CA
518 PM PST MON JAN 16 2017


...................................

...THE CAMPO ASOS CA CLIMATE SUMMARY FOR JANUARY 16 2017...
VALID TODAY AS OF 0500 PM LOCAL TIME.

CLIMATE NORMAL PERIOD 1981 TO 2010
CLIMATE RECORD PERIOD 1948 TO 2017


WEATHER ITEM   OBSERVED TIME   RECORD YEAR NORMAL DEPARTURE LAST
                VALUE   (LST)  VALUE       VALUE  FROM      YEAR
                                                  NORMAL
..................................................................
TEMPERATURE (F)
 TODAY
  MAXIMUM         58   1222 PM  82    1971  63     -5       61
  MINIMUM         39    722 AM  16    2007  34      5       30
  AVERAGE         49                        49      0       46

PRECIPITATION (IN)
  TODAY            0.00          2.78 1993   0.11  -0.11     0.00
  MONTH TO DATE    1.58                      1.57   0.01     2.93
  SINCE OCT 1      6.81                      5.79   1.02     5.88
  SINCE JAN 1      1.58                      1.57   0.01     2.93

DEGREE DAYS
 HEATING
  TODAY           16                        16      0       19
  MONTH TO DATE  268                       267      1      325
  SINCE DEC 1    733                       803    -70      925
  SINCE JUL 1   1151                      1373   -222     1341

 COOLING
  TODAY            0                         0      0        0
  MONTH TO DATE    0                         0      0        0
  SINCE DEC 1      0                         0      0        0
  SINCE JAN 1      0                         0      0        0
..................................................................


WIND (MPH)
  RESULTANT WIND SPEED   8   RESULTANT WIND DIRECTION  NE (60)
  HIGHEST WIND SPEED    22   HIGHEST WIND DIRECTION     E (80)
  HIGHEST GUST SPEED    26   HIGHEST GUST DIRECTION     E (70)
  AVERAGE WIND SPEED     8.3


SKY COVER
  POSSIBLE SUNSHINE  MM
  AVERAGE SKY COVER 0.0



RELATIVE HUMIDITY (PERCENT)
 HIGHEST   100           500 AM
 LOWEST     39          1200 PM
 AVERAGE    70

..........................................................


THE CAMPO ASOS CA CLIMATE NORMALS FOR TOMORROW
                         NORMAL    RECORD    YEAR
 MAXIMUM TEMPERATURE (F)   63        82      1971
 MINIMUM TEMPERATURE (F)   34        13      2007


SUNRISE AND SUNSET
JANUARY 16 2017.......SUNRISE   648 AM PST   SUNSET   504 PM PST
JANUARY 17 2017.......SUNRISE   647 AM PST   SUNSET   505 PM PST


-  INDICATES NEGATIVE NUMBERS.
R  INDICATES RECORD WAS SET OR TIED.
MM INDICATES DATA IS MISSING.
T  INDICATES TRACE AMOUNT.




$$
