000
CDUS46 KSGX 260016
CLICZZ


CLIMATE REPORT
NATIONAL WEATHER SERVICE SAN DIEGO, CA
515 PM PDT SAT MAR 25 2017


...................................

...THE CAMPO ASOS CA CLIMATE SUMMARY FOR MARCH 25 2017...
VALID TODAY AS OF 0500 PM LOCAL TIME.

CLIMATE NORMAL PERIOD 1981 TO 2010
CLIMATE RECORD PERIOD 1948 TO 2017


WEATHER ITEM   OBSERVED TIME   RECORD YEAR NORMAL DEPARTURE LAST
                VALUE   (LST)  VALUE       VALUE  FROM      YEAR
                                                  NORMAL
..................................................................
TEMPERATURE (F)
 TODAY
  MAXIMUM         63   1157 AM  81    1988  68     -5       76
  MINIMUM         34    558 AM  25    1959  36     -2       33
  AVERAGE         49                        52     -3       55

PRECIPITATION (IN)
  TODAY            0.00          1.13 1950   0.07  -0.07     0.00
  MONTH TO DATE    0.11                      2.33  -2.22     0.59
  SINCE OCT 1     15.69                     12.76   2.93     7.34
  SINCE JAN 1     10.46                      8.54   1.92     4.39

DEGREE DAYS
 HEATING
  TODAY           16                        13      3       10
  MONTH TO DATE  240                       341   -101      292
  SINCE MAR 1    240                       341   -101      292
  SINCE JUL 1   2150                      2392   -242     2176

 COOLING
  TODAY            0                         0      0        0
  MONTH TO DATE    0                         0      0        0
  SINCE MAR 1      0                         0      0        0
  SINCE JAN 1      0                         0      0        0
..................................................................


WIND (MPH)
  RESULTANT WIND SPEED   2   RESULTANT WIND DIRECTION   W (270)
  HIGHEST WIND SPEED    18   HIGHEST WIND DIRECTION     W (250)
  HIGHEST GUST SPEED    24   HIGHEST GUST DIRECTION     W (270)
  AVERAGE WIND SPEED     7.2


SKY COVER
  POSSIBLE SUNSHINE  MM
  AVERAGE SKY COVER 0.0



RELATIVE HUMIDITY (PERCENT)
 HIGHEST   100           100 AM
 LOWEST     55          1100 AM
 AVERAGE    78

..........................................................


THE CAMPO ASOS CA CLIMATE NORMALS FOR TOMORROW
                         NORMAL    RECORD    YEAR
 MAXIMUM TEMPERATURE (F)   68        86      1988
 MINIMUM TEMPERATURE (F)   36        24      1964


SUNRISE AND SUNSET
MARCH 25 2017.........SUNRISE   643 AM PDT   SUNSET   701 PM PDT
MARCH 26 2017.........SUNRISE   641 AM PDT   SUNSET   702 PM PDT


-  INDICATES NEGATIVE NUMBERS.
R  INDICATES RECORD WAS SET OR TIED.
MM INDICATES DATA IS MISSING.
T  INDICATES TRACE AMOUNT.




$$
