000
CDUS46 KSGX 240118
CLICZZ


CLIMATE REPORT
NATIONAL WEATHER SERVICE SAN DIEGO, CA
518 PM PST THU NOV 23 2017


...................................

...THE CAMPO ASOS CA CLIMATE SUMMARY FOR NOVEMBER 23 2017...
VALID TODAY AS OF 0500 PM LOCAL TIME.

CLIMATE NORMAL PERIOD 1981 TO 2010
CLIMATE RECORD PERIOD 1948 TO 2017


WEATHER ITEM   OBSERVED TIME   RECORD YEAR NORMAL DEPARTURE LAST
                VALUE   (LST)  VALUE       VALUE  FROM      YEAR
                                                  NORMAL
..................................................................
TEMPERATURE (F)
 TODAY
  MAXIMUM         91R   232 PM  82    1995  67     24       68
  MINIMUM         46    502 AM  22    1999  35     11       31
  AVERAGE         69                        51     18       50

PRECIPITATION (IN)
  TODAY            0.00          4.26 1965   0.05  -0.05     0.00
  MONTH TO DATE    0.34                      0.76  -0.42     0.48
  SINCE OCT 1      0.34                      1.58  -1.24     0.54
  SINCE JAN 1     12.06                     13.09  -1.03     7.92

DEGREE DAYS
 HEATING
  TODAY            0                        14    -14       15
  MONTH TO DATE  180                       255    -75      156
  SINCE SEP 1    354                       451    -97      291
  SINCE JUL 1    358                       465   -107      291

 COOLING
  TODAY            4                         0      4        0
  MONTH TO DATE    6                         0      6        4
  SINCE SEP 1    208                       189     19      135
  SINCE JAN 1   1085                       839    246      955
..................................................................


WIND (MPH)
  RESULTANT WIND SPEED   2   RESULTANT WIND DIRECTION  NE (40)
  HIGHEST WIND SPEED    15   HIGHEST WIND DIRECTION     E (80)
  HIGHEST GUST SPEED    18   HIGHEST GUST DIRECTION     E (80)
  AVERAGE WIND SPEED     4.2


SKY COVER
  POSSIBLE SUNSHINE  MM
  AVERAGE SKY COVER 0.0



RELATIVE HUMIDITY (PERCENT)
 HIGHEST    56           400 AM
 LOWEST     11           200 PM
 AVERAGE    34

..........................................................


THE CAMPO ASOS CA CLIMATE NORMALS FOR TOMORROW
                         NORMAL    RECORD    YEAR
 MAXIMUM TEMPERATURE (F)   67        85      1970
 MINIMUM TEMPERATURE (F)   35        24      1999


SUNRISE AND SUNSET
NOVEMBER 23 2017......SUNRISE   623 AM PST   SUNSET   441 PM PST
NOVEMBER 24 2017......SUNRISE   624 AM PST   SUNSET   441 PM PST


-  INDICATES NEGATIVE NUMBERS.
R  INDICATES RECORD WAS SET OR TIED.
MM INDICATES DATA IS MISSING.
T  INDICATES TRACE AMOUNT.




$$
