000
CDUS46 KSGX 031427
CLICZZ


CLIMATE REPORT
NATIONAL WEATHER SERVICE SAN DIEGO, CA
726 AM PDT FRI JUL 3 2015


...................................

...THE CAMPO ASOS CA CLIMATE SUMMARY FOR JULY 2 2015...

CLIMATE NORMAL PERIOD 1981 TO 2010
CLIMATE RECORD PERIOD 1948 TO 2015


WEATHER ITEM   OBSERVED TIME   RECORD YEAR NORMAL DEPARTURE LAST
                VALUE   (LST)  VALUE       VALUE  FROM      YEAR
                                                  NORMAL
..................................................................
TEMPERATURE (F)
 YESTERDAY
  MAXIMUM         90    134 PM 102    2007  92     -2       93
                                      2006
                                      1996
  MINIMUM         58   1159 PM  35    1979  49      9       55
  AVERAGE         74                        70      4       74

PRECIPITATION (IN)
  YESTERDAY        0.00          0.01 1957   0.01  -0.01     0.00
  MONTH TO DATE    0.01                      0.01   0.00     0.00
  SINCE OCT 1      9.61                     14.38  -4.77     5.01
  SINCE JAN 1      5.74                     10.16  -4.42     2.76

SNOWFALL (IN)
  YESTERDAY        0.0
  MONTH TO DATE    0.0
  SINCE JUN 1      0.0
  SINCE JUL 1      0.0
  SNOW DEPTH       0

DEGREE DAYS
 HEATING
  YESTERDAY        0                         1     -1        0
  MONTH TO DATE    0                         2     -2        0
  SINCE JUN 1     50                        58     -8       28
  SINCE JUL 1      0                         2     -2        0

 COOLING
  YESTERDAY        9                         6      3        9
  MONTH TO DATE   20                        12      8       17
  SINCE JUN 1    208                       104    104       77
  SINCE JAN 1    225                       134     91      129
..................................................................


WIND (MPH)
  RESULTANT WIND SPEED   5   RESULTANT WIND DIRECTION  SW (240)
  HIGHEST WIND SPEED    20   HIGHEST WIND DIRECTION    SW (220)
  HIGHEST GUST SPEED    24   HIGHEST GUST DIRECTION    SW (220)
  AVERAGE WIND SPEED     8.1


SKY COVER
  POSSIBLE SUNSHINE  MM
  AVERAGE SKY COVER 0.0



RELATIVE HUMIDITY (PERCENT)
 HIGHEST   100           200 AM
 LOWEST     34           100 PM
 AVERAGE    67

..........................................................


THE CAMPO ASOS CA CLIMATE NORMALS FOR TODAY
                         NORMAL    RECORD    YEAR
 MAXIMUM TEMPERATURE (F)   92       105      1973
 MINIMUM TEMPERATURE (F)   49        34      1956


SUNRISE AND SUNSET
JULY  3 2015..........SUNRISE   543 AM PDT   SUNSET   757 PM PDT
JULY  4 2015..........SUNRISE   543 AM PDT   SUNSET   757 PM PDT


-  INDICATES NEGATIVE NUMBERS.
R  INDICATES RECORD WAS SET OR TIED.
MM INDICATES DATA IS MISSING.
T  INDICATES TRACE AMOUNT.




$$
