000
CDUS46 KSGX 041417
CLICZZ


CLIMATE REPORT
NATIONAL WEATHER SERVICE SAN DIEGO, CA
717 AM PDT WED MAY 4 2016


...................................

...THE CAMPO ASOS CA CLIMATE SUMMARY FOR MAY 3 2016...

CLIMATE NORMAL PERIOD 1981 TO 2010
CLIMATE RECORD PERIOD 1948 TO 2016


WEATHER ITEM   OBSERVED TIME   RECORD YEAR NORMAL DEPARTURE LAST
                VALUE   (LST)  VALUE       VALUE  FROM      YEAR
                                                  NORMAL
..................................................................
TEMPERATURE (F)
 YESTERDAY
  MAXIMUM         83    116 PM  93    2004  77      6       76
  MINIMUM         41    415 AM  29    1967  40      1       42
  AVERAGE         62                        59      3       59

PRECIPITATION (IN)
  YESTERDAY        0.00          0.58 2003   0.01  -0.01     0.00
  MONTH TO DATE    0.00                      0.04  -0.04     0.00
  SINCE OCT 1      9.18                     14.12  -4.94     6.62
  SINCE JAN 1      6.23                      9.90  -3.67     2.75

DEGREE DAYS
 HEATING
  YESTERDAY        3                         7     -4        6
  MONTH TO DATE   17                        21     -4        6
  SINCE MAR 1    690                       738    -48      589
  SINCE JUL 1   2574                      2789   -215     2225

 COOLING
  YESTERDAY        0                         0      0        0
  MONTH TO DATE    0                         0      0        2
  SINCE MAR 1      0                         3     -3        7
  SINCE JAN 1      0                         3     -3        7
..................................................................


WIND (MPH)
  RESULTANT WIND SPEED   2   RESULTANT WIND DIRECTION  NE (50)
  HIGHEST WIND SPEED    22   HIGHEST WIND DIRECTION    SW (220)
  HIGHEST GUST SPEED    27   HIGHEST GUST DIRECTION    SW (220)
  AVERAGE WIND SPEED     9.0


SKY COVER
  POSSIBLE SUNSHINE  MM
  AVERAGE SKY COVER 0.0



RELATIVE HUMIDITY (PERCENT)
 HIGHEST    86          1200 AM
 LOWEST     17           100 PM
 AVERAGE    52

..........................................................


THE CAMPO ASOS CA CLIMATE NORMALS FOR TODAY
                         NORMAL    RECORD    YEAR
 MAXIMUM TEMPERATURE (F)   77        96      1989
 MINIMUM TEMPERATURE (F)   41        29      1973


SUNRISE AND SUNSET
MAY  4 2016...........SUNRISE   556 AM PDT   SUNSET   730 PM PDT
MAY  5 2016...........SUNRISE   555 AM PDT   SUNSET   731 PM PDT


-  INDICATES NEGATIVE NUMBERS.
R  INDICATES RECORD WAS SET OR TIED.
MM INDICATES DATA IS MISSING.
T  INDICATES TRACE AMOUNT.




$$
