000
CDUS46 KSGX 221421
CLICZZ


CLIMATE REPORT
NATIONAL WEATHER SERVICE SAN DIEGO, CA
721 AM PDT MON SEP 22 2014


...................................

...THE CAMPO ASOS CA CLIMATE SUMMARY FOR SEPTEMBER 21 2014...

CLIMATE NORMAL PERIOD 1981 TO 2010
CLIMATE RECORD PERIOD 1948 TO 2014


WEATHER ITEM   OBSERVED TIME   RECORD YEAR NORMAL DEPARTURE LAST
                VALUE   (LST)  VALUE       VALUE  FROM      YEAR
                                                  NORMAL
..................................................................
TEMPERATURE (F)
 YESTERDAY
  MAXIMUM         85    220 PM  99    2003  88     -3       79
  MINIMUM         45    558 AM  33    1986  48     -3       41
  AVERAGE         65                        68     -3       60

PRECIPITATION (IN)
  YESTERDAY        0.00          0.02 1991   0.01  -0.01     0.00
  MONTH TO DATE    1.41                      0.24   1.17     1.51
  SINCE JUL 1      2.03                      1.26   0.77     1.94
  SINCE JAN 1      4.79                     11.41  -6.62     6.72

SNOWFALL (IN)
  YESTERDAY        0.0
  MONTH TO DATE    0.0
  SINCE JAN 1      0.0
  SINCE JUL 1      0.0
  SNOW DEPTH       0

DEGREE DAYS
 HEATING
  YESTERDAY        0                         1     -1        5
  MONTH TO DATE    0                        19    -19        7
  SINCE SEP 1      0                        19    -19        7
  SINCE JUL 1      2                        33    -31        9

 COOLING
  YESTERDAY        0                         4     -4        0
  MONTH TO DATE  184                       131     53      186
  SINCE SEP 1    184                       131     53      186
  SINCE JAN 1    816                       781     35      903
..................................................................


WIND (MPH)
  RESULTANT WIND SPEED   2   RESULTANT WIND DIRECTION  SW (220)
  HIGHEST WIND SPEED    16   HIGHEST WIND DIRECTION    SW (210)
  HIGHEST GUST SPEED    21   HIGHEST GUST DIRECTION    SW (220)
  AVERAGE WIND SPEED     6.6


SKY COVER
  POSSIBLE SUNSHINE  MM
  AVERAGE SKY COVER 0.0



RELATIVE HUMIDITY (PERCENT)
 HIGHEST    89          1200 AM
 LOWEST     14          1100 AM
 AVERAGE    52

..........................................................


THE CAMPO ASOS CA CLIMATE NORMALS FOR TODAY
                         NORMAL    RECORD    YEAR
 MAXIMUM TEMPERATURE (F)   88       101      1982
 MINIMUM TEMPERATURE (F)   47        32      1988


SUNRISE AND SUNSET
SEPTEMBER 22 2014.....SUNRISE   634 AM PDT   SUNSET   642 PM PDT
SEPTEMBER 23 2014.....SUNRISE   635 AM PDT   SUNSET   641 PM PDT


-  INDICATES NEGATIVE NUMBERS.
R  INDICATES RECORD WAS SET OR TIED.
MM INDICATES DATA IS MISSING.
T  INDICATES TRACE AMOUNT.




$$
