000
CDUS46 KSGX 281417
CLICZZ


CLIMATE REPORT
NATIONAL WEATHER SERVICE SAN DIEGO, CA
717 AM PDT MON JUL 28 2014


...................................

...THE CAMPO ASOS CA CLIMATE SUMMARY FOR JULY 27 2014...

CLIMATE NORMAL PERIOD 1981 TO 2010
CLIMATE RECORD PERIOD 1948 TO 2014


WEATHER ITEM   OBSERVED TIME   RECORD YEAR NORMAL DEPARTURE LAST
                VALUE   (LST)  VALUE       VALUE  FROM      YEAR
                                                  NORMAL
..................................................................
TEMPERATURE (F)
 YESTERDAY
  MAXIMUM         90    341 PM 111    1995  95     -5       92
  MINIMUM         60    301 AM  40    1990  54      6       58
  AVERAGE         75                        74      1       75

PRECIPITATION (IN)
  YESTERDAY        0.00          0.55 1956   0.01  -0.01     0.00
  MONTH TO DATE    0.14                      0.25  -0.11     0.24
  SINCE JUL 1      0.14                      0.25  -0.11     0.24
  SINCE JAN 1      2.90                     10.40  -7.50     5.02

SNOWFALL (IN)
  YESTERDAY        0.0
  MONTH TO DATE    0.0
  SINCE JAN 1      0.0
  SINCE JUL 1      0.0
  SNOW DEPTH       0

DEGREE DAYS
 HEATING
  YESTERDAY        0                         0      0        0
  MONTH TO DATE    0                         4     -4        0
  SINCE JUN 1     28                        60    -32       28
  SINCE JUL 1      0                         4     -4        0

 COOLING
  YESTERDAY       10                         9      1       10
  MONTH TO DATE  232                       214     18      294
  SINCE JUN 1    292                       306    -14      401
  SINCE JAN 1    344                       336      8      428
..................................................................


WIND (MPH)
  RESULTANT WIND SPEED   1   RESULTANT WIND DIRECTION  SW (220)
  HIGHEST WIND SPEED    20   HIGHEST WIND DIRECTION    SW (230)
  HIGHEST GUST SPEED    24   HIGHEST GUST DIRECTION    NE (60)
  AVERAGE WIND SPEED     7.8


SKY COVER
  POSSIBLE SUNSHINE  MM
  AVERAGE SKY COVER 0.0



RELATIVE HUMIDITY (PERCENT)
 HIGHEST    70          1100 PM
 LOWEST     37           200 PM
 AVERAGE    54

..........................................................


THE CAMPO ASOS CA CLIMATE NORMALS FOR TODAY
                         NORMAL    RECORD    YEAR
 MAXIMUM TEMPERATURE (F)   95       109      1995
 MINIMUM TEMPERATURE (F)   54        43      1986


SUNRISE AND SUNSET
JULY 28 2014..........SUNRISE   557 AM PDT   SUNSET   747 PM PDT
JULY 29 2014..........SUNRISE   558 AM PDT   SUNSET   746 PM PDT


-  INDICATES NEGATIVE NUMBERS.
R  INDICATES RECORD WAS SET OR TIED.
MM INDICATES DATA IS MISSING.
T  INDICATES TRACE AMOUNT.




$$
