000
CDUS46 KSGX 281417
CLICZZ


CLIMATE REPORT
NATIONAL WEATHER SERVICE SAN DIEGO, CA
617 AM PST SUN DEC 28 2014


...................................

...THE CAMPO ASOS CA CLIMATE SUMMARY FOR DECEMBER 27 2014...

CLIMATE NORMAL PERIOD 1981 TO 2010
CLIMATE RECORD PERIOD 1948 TO 2014


WEATHER ITEM   OBSERVED TIME   RECORD YEAR NORMAL DEPARTURE LAST
                VALUE   (LST)  VALUE       VALUE  FROM      YEAR
                                                  NORMAL
..................................................................
TEMPERATURE (F)
 YESTERDAY
  MAXIMUM         49    114 PM  82    1980  62    -13       69
  MINIMUM         29   1153 PM  20    1988  33     -4       45
  AVERAGE         39                        48     -9       57

PRECIPITATION (IN)
  YESTERDAY        0.00          1.12 1984   0.09  -0.09     0.00
  MONTH TO DATE    3.08                      1.92   1.16     0.55
  SINCE JUL 1      5.37                      5.23   0.14     4.19
  SINCE JAN 1      8.13                     15.38  -7.25     8.97

SNOWFALL (IN)
  YESTERDAY        0.0
  MONTH TO DATE    0.0
  SINCE JAN 1      0.0
  SINCE JUL 1      0.0
  SNOW DEPTH       0

DEGREE DAYS
 HEATING
  YESTERDAY       26                        17      9        8
  MONTH TO DATE  394                       471    -77      431
  SINCE DEC 1    394                       471    -77      431
  SINCE JUL 1    775                      1041   -266     1060

 COOLING
  YESTERDAY        0                         0      0        0
  MONTH TO DATE    0                         0      0        2
  SINCE DEC 1      0                         0      0        2
  SINCE JAN 1    900                       841     59      911
..................................................................


WIND (MPH)
  RESULTANT WIND SPEED  17   RESULTANT WIND DIRECTION  NE (50)
  HIGHEST WIND SPEED    35   HIGHEST WIND DIRECTION    NE (50)
  HIGHEST GUST SPEED    44   HIGHEST GUST DIRECTION    NE (50)
  AVERAGE WIND SPEED    17.3


SKY COVER
  POSSIBLE SUNSHINE  MM
  AVERAGE SKY COVER 0.0



RELATIVE HUMIDITY (PERCENT)
 HIGHEST    35           900 PM
 LOWEST     15           100 PM
 AVERAGE    25

..........................................................


THE CAMPO ASOS CA CLIMATE NORMALS FOR TODAY
                         NORMAL    RECORD    YEAR
 MAXIMUM TEMPERATURE (F)   62        81      1998
 MINIMUM TEMPERATURE (F)   33        19      1962


SUNRISE AND SUNSET
DECEMBER 28 2014......SUNRISE   647 AM PST   SUNSET   448 PM PST
DECEMBER 29 2014......SUNRISE   647 AM PST   SUNSET   449 PM PST


-  INDICATES NEGATIVE NUMBERS.
R  INDICATES RECORD WAS SET OR TIED.
MM INDICATES DATA IS MISSING.
T  INDICATES TRACE AMOUNT.




$$
