000
CDUS46 KSGX 231435
CLICZZ


CLIMATE REPORT
NATIONAL WEATHER SERVICE SAN DIEGO, CA
735 AM PDT SUN APR 23 2017


...................................

...THE CAMPO ASOS CA CLIMATE SUMMARY FOR APRIL 22 2017...

CLIMATE NORMAL PERIOD 1981 TO 2010
CLIMATE RECORD PERIOD 1948 TO 2017


WEATHER ITEM   OBSERVED TIME   RECORD YEAR NORMAL DEPARTURE LAST
                VALUE   (LST)  VALUE       VALUE  FROM      YEAR
                                                  NORMAL
..................................................................
TEMPERATURE (F)
 YESTERDAY
  MAXIMUM         90R  1250 PM  90    2017  74     16       76
  MINIMUM         43    453 AM  23    1963  39      4       36
  AVERAGE         67                        56     11       56

PRECIPITATION (IN)
  YESTERDAY        0.00          0.60 2010   0.03  -0.03     0.00
  MONTH TO DATE    0.00                      0.78  -0.78     1.70
  SINCE OCT 1     15.69                     13.90   1.79     9.17
  SINCE JAN 1     10.46                      9.68   0.78     6.22

DEGREE DAYS
 HEATING
  YESTERDAY        0                         9     -9        9
  MONTH TO DATE  206                       236    -30      184
  SINCE MAR 1    515                       653   -138      570
  SINCE JUL 1   2425                      2704   -279     2454

 COOLING
  YESTERDAY        2                         0      2        0
  MONTH TO DATE    2                         0      2        0
  SINCE MAR 1      2                         0      2        0
  SINCE JAN 1      2                         0      2        0
..................................................................


WIND (MPH)
  RESULTANT WIND SPEED   0   RESULTANT WIND DIRECTION  SE (120)
  HIGHEST WIND SPEED    21   HIGHEST WIND DIRECTION    SW (220)
  HIGHEST GUST SPEED    25   HIGHEST GUST DIRECTION    SW (220)
  AVERAGE WIND SPEED     7.1


SKY COVER
  POSSIBLE SUNSHINE  MM
  AVERAGE SKY COVER 0.0



RELATIVE HUMIDITY (PERCENT)
 HIGHEST    67           500 AM
 LOWEST     10          1200 PM
 AVERAGE    39

..........................................................


THE CAMPO ASOS CA CLIMATE NORMALS FOR TODAY
                         NORMAL    RECORD    YEAR
 MAXIMUM TEMPERATURE (F)   74        89      1996
 MINIMUM TEMPERATURE (F)   39        26      1970


SUNRISE AND SUNSET
APRIL 23 2017.........SUNRISE   607 AM PDT   SUNSET   722 PM PDT
APRIL 24 2017.........SUNRISE   606 AM PDT   SUNSET   723 PM PDT


-  INDICATES NEGATIVE NUMBERS.
R  INDICATES RECORD WAS SET OR TIED.
MM INDICATES DATA IS MISSING.
T  INDICATES TRACE AMOUNT.




$$
