000
CDUS43 KUNR 170832
CLID07


CLIMATE REPORT
NATIONAL WEATHER SERVICE RAPID CITY SD
131 AM MST SAT FEB 17 2018


...................................

...THE FAITH SD CLIMATE SUMMARY FOR FEBRUARY 16 2018...

CLIMATE NORMAL PERIOD 1981 TO 2010
CLIMATE RECORD PERIOD 9999 TO 9999


WEATHER ITEM   OBSERVED TIME   NORMAL DEPARTURE LAST
                VALUE   (LST)  VALUE  FROM      YEAR
                                      NORMAL
......................................................
TEMPERATURE (F)
 YESTERDAY
  MAXIMUM         25   1035 PM  34     -9       63
  MINIMUM         -7    259 AM  14    -21       35
  AVERAGE          9            24    -15       49

PRECIPITATION (IN)
  YESTERDAY        0.00          0.02  -0.02     0.00
  MONTH TO DATE    0.79          0.28   0.51     0.08
  SINCE DEC 1      1.55          0.88   0.67     1.07
  SINCE JAN 1      0.94          0.48   0.46     0.63

DEGREE DAYS
 HEATING
  YESTERDAY       56            41     15       16
  MONTH TO DATE  930           686    244      700
  SINCE DEC 1   3672          3432    240     3757
  SINCE JUL 1   5295          5215     80     5008

 COOLING
  YESTERDAY        0             0      0        0
  MONTH TO DATE    0             0      0        0
  SINCE DEC 1      0             0      0        0
  SINCE JAN 1      0             0      0        0
......................................................


WIND (MPH)
  HIGHEST WIND SPEED    21   HIGHEST WIND DIRECTION     S (180)
  HIGHEST GUST SPEED    22   HIGHEST GUST DIRECTION     S (190)
  AVERAGE WIND SPEED    13.3




RELATIVE HUMIDITY (PERCENT)
 HIGHEST    95           600 AM
 LOWEST     62           100 PM
 AVERAGE    79

..........................................................




SUNRISE AND SUNSET
FEBRUARY 17 2018......SUNRISE   646 AM MST   SUNSET   519 PM MST
FEBRUARY 18 2018......SUNRISE   644 AM MST   SUNSET   520 PM MST


-  INDICATES NEGATIVE NUMBERS.
R  INDICATES RECORD WAS SET OR TIED.
MM INDICATES DATA IS MISSING.
T  INDICATES TRACE AMOUNT.




$$
