000
CDUS43 KUNR 010833
CLID07


CLIMATE REPORT
NATIONAL WEATHER SERVICE RAPID CITY SD
232 AM MDT SAT NOV 1 2014


...................................

...THE FAITH SD CLIMATE SUMMARY FOR OCTOBER 31 2014...

CLIMATE NORMAL PERIOD 1981 TO 2010
CLIMATE RECORD PERIOD 9999 TO 9999


WEATHER ITEM   OBSERVED TIME   NORMAL DEPARTURE LAST
                VALUE   (LST)  VALUE  FROM      YEAR
                                      NORMAL
......................................................
TEMPERATURE (F)
 YESTERDAY
  MAXIMUM         45    335 PM  52     -7       52
  MINIMUM         23    529 AM  30     -7       30
  AVERAGE         34            41     -7       41

PRECIPITATION (IN)
  YESTERDAY        0.00          0.06  -0.06     0.01
  MONTH TO DATE    0.54          1.55  -1.01     2.64
  SINCE SEP 1      1.68          2.91  -1.23     3.74
  SINCE JAN 1     18.19         16.73   1.46    16.11

DEGREE DAYS
 HEATING
  YESTERDAY       31            24      7       24
  MONTH TO DATE  447           567   -120      687
  SINCE SEP 1    652           766   -114      767
  SINCE JUL 1    695           799   -104      782

 COOLING
  YESTERDAY        0             0      0        0
  MONTH TO DATE    0             1     -1        0
  SINCE SEP 1     46            60    -14      130
  SINCE JAN 1    445           635   -190      720
......................................................


WIND (MPH)
  HIGHEST WIND SPEED    35   HIGHEST WIND DIRECTION    SE (150)
  HIGHEST GUST SPEED    42   HIGHEST GUST DIRECTION     S (160)
  AVERAGE WIND SPEED    24.0




RELATIVE HUMIDITY (PERCENT)
 HIGHEST    88           500 AM
 LOWEST     27           400 PM
 AVERAGE    58

..........................................................




SUNRISE AND SUNSET
NOVEMBER  1 2014......SUNRISE   727 AM MDT   SUNSET   536 PM MDT
NOVEMBER  2 2014......SUNRISE   628 AM MST   SUNSET   435 PM MST


-  INDICATES NEGATIVE NUMBERS.
R  INDICATES RECORD WAS SET OR TIED.
MM INDICATES DATA IS MISSING.
T  INDICATES TRACE AMOUNT.




$$
