000
CDUS43 KUNR 280832
CLID07


CLIMATE REPORT
NATIONAL WEATHER SERVICE RAPID CITY SD
232 AM MDT FRI APR 28 2017


...................................

...THE FAITH SD CLIMATE SUMMARY FOR APRIL 27 2017...

CLIMATE NORMAL PERIOD 1981 TO 2010
CLIMATE RECORD PERIOD 9999 TO 9999


WEATHER ITEM   OBSERVED TIME   NORMAL DEPARTURE LAST
                VALUE   (LST)  VALUE  FROM      YEAR
                                      NORMAL
......................................................
TEMPERATURE (F)
 YESTERDAY
  MAXIMUM         50    444 PM  62    -12       38
  MINIMUM         24    235 AM  37    -13       32
  AVERAGE         37            49    -12       35

PRECIPITATION (IN)
  YESTERDAY        0.00          0.09  -0.09     1.08
  MONTH TO DATE    1.55          1.36   0.19     3.99
  SINCE MAR 1      2.05          2.34  -0.29     4.82
  SINCE JAN 1      3.07          2.96   0.11     6.33

DEGREE DAYS
 HEATING
  YESTERDAY       28            16     12       30
  MONTH TO DATE  501           565    -64      498
  SINCE MAR 1   1411          1568   -157     1268
  SINCE JUL 1   6762          7256   -494     6214

 COOLING
  YESTERDAY        0             0      0        0
  MONTH TO DATE    0             0      0        0
  SINCE MAR 1      0             0      0        0
  SINCE JAN 1      0             0      0        0
......................................................


WIND (MPH)
  HIGHEST WIND SPEED    15   HIGHEST WIND DIRECTION    NE (50)
  HIGHEST GUST SPEED    19   HIGHEST GUST DIRECTION    NE (50)
  AVERAGE WIND SPEED     8.3




RELATIVE HUMIDITY (PERCENT)
 HIGHEST   100          1200 AM
 LOWEST     46           400 PM
 AVERAGE    73

..........................................................




SUNRISE AND SUNSET
APRIL 28 2017.........SUNRISE   541 AM MDT   SUNSET   750 PM MDT
APRIL 29 2017.........SUNRISE   540 AM MDT   SUNSET   752 PM MDT


-  INDICATES NEGATIVE NUMBERS.
R  INDICATES RECORD WAS SET OR TIED.
MM INDICATES DATA IS MISSING.
T  INDICATES TRACE AMOUNT.




$$
