000
CDUS43 KUNR 210838
CLID07


CLIMATE REPORT
NATIONAL WEATHER SERVICE RAPID CITY SD
136 AM MST SAT JAN 21 2017


...................................

...THE FAITH SD CLIMATE SUMMARY FOR JANUARY 20 2017...

CLIMATE NORMAL PERIOD 1981 TO 2010
CLIMATE RECORD PERIOD 9999 TO 9999


WEATHER ITEM   OBSERVED TIME   NORMAL DEPARTURE LAST
                VALUE   (LST)  VALUE  FROM      YEAR
                                      NORMAL
......................................................
TEMPERATURE (F)
 YESTERDAY
  MAXIMUM         26   1159 PM  30     -4       20
  MINIMUM         16    127 AM  11      5       10
  AVERAGE         21            20      1       15

PRECIPITATION (IN)
  YESTERDAY        0.00          0.01  -0.01     0.00
  MONTH TO DATE    0.45          0.12   0.33     0.16
  SINCE DEC 1      0.89          0.52   0.37     0.69
  SINCE JAN 1      0.45          0.12   0.33     0.16

DEGREE DAYS
 HEATING
  YESTERDAY       44            45     -1       50
  MONTH TO DATE 1140           900    240      973
  SINCE DEC 1   2622          2260    362     2242
  SINCE JUL 1   3873          4043   -170     3628

 COOLING
  YESTERDAY        0             0      0        0
  MONTH TO DATE    0             0      0        0
  SINCE DEC 1      0             0      0        0
  SINCE JAN 1      0             0      0        0
......................................................


WIND (MPH)
  HIGHEST WIND SPEED    16   HIGHEST WIND DIRECTION     N (360)
  HIGHEST GUST SPEED    18   HIGHEST GUST DIRECTION    NW (330)
  AVERAGE WIND SPEED     9.8




RELATIVE HUMIDITY (PERCENT)
 HIGHEST   100          1000 AM
 LOWEST     84           300 AM
 AVERAGE    92

..........................................................




SUNRISE AND SUNSET
JANUARY 21 2017.......SUNRISE   718 AM MST   SUNSET   441 PM MST
JANUARY 22 2017.......SUNRISE   718 AM MST   SUNSET   442 PM MST


-  INDICATES NEGATIVE NUMBERS.
R  INDICATES RECORD WAS SET OR TIED.
MM INDICATES DATA IS MISSING.
T  INDICATES TRACE AMOUNT.




$$
