000
CDUS43 KUNR 110830
CLID07


CLIMATE REPORT
NATIONAL WEATHER SERVICE RAPID CITY SD
130 AM MST MON DEC 11 2017


...................................

...THE FAITH SD CLIMATE SUMMARY FOR DECEMBER 10 2017...

CLIMATE NORMAL PERIOD 1981 TO 2010
CLIMATE RECORD PERIOD 9999 TO 9999


WEATHER ITEM   OBSERVED TIME   NORMAL DEPARTURE LAST
                VALUE   (LST)  VALUE  FROM      YEAR
                                      NORMAL
......................................................
TEMPERATURE (F)
 YESTERDAY
  MAXIMUM         57    139 PM  31     26        3
  MINIMUM         32    415 AM  12     20       -6
  AVERAGE         45            22     23       -1

PRECIPITATION (IN)
  YESTERDAY        0.00          0.01  -0.01     0.11
  MONTH TO DATE    0.20          0.11   0.09     0.23
  SINCE DEC 1      0.20          0.11   0.09     0.23
  SINCE JAN 1     10.00         17.37  -7.37    14.33

DEGREE DAYS
 HEATING
  YESTERDAY       20            44    -24       66
  MONTH TO DATE  327           424    -97      523
  SINCE DEC 1    327           424    -97      523
  SINCE JUL 1   1950          2207   -257     1774

 COOLING
  YESTERDAY        0             0      0        0
  MONTH TO DATE    0             0      0        0
  SINCE DEC 1      0             0      0        0
  SINCE JAN 1    756           635    121      734
......................................................


WIND (MPH)
  HIGHEST WIND SPEED    30   HIGHEST WIND DIRECTION    NW (300)
  HIGHEST GUST SPEED    37   HIGHEST GUST DIRECTION    NW (300)
  AVERAGE WIND SPEED    18.6




RELATIVE HUMIDITY (PERCENT)
 HIGHEST    51           400 AM
 LOWEST     22           200 PM
 AVERAGE    37

..........................................................




SUNRISE AND SUNSET
DECEMBER 11 2017......SUNRISE   717 AM MST   SUNSET   406 PM MST
DECEMBER 12 2017......SUNRISE   717 AM MST   SUNSET   406 PM MST


-  INDICATES NEGATIVE NUMBERS.
R  INDICATES RECORD WAS SET OR TIED.
MM INDICATES DATA IS MISSING.
T  INDICATES TRACE AMOUNT.




$$
