000
CDUS43 KUNR 080831
CLID07


CLIMATE REPORT
NATIONAL WEATHER SERVICE RAPID CITY SD
131 AM MST THU DEC 8 2016


...................................

...THE FAITH SD CLIMATE SUMMARY FOR DECEMBER 7 2016...

CLIMATE NORMAL PERIOD 1981 TO 2010
CLIMATE RECORD PERIOD 9999 TO 9999


WEATHER ITEM   OBSERVED TIME   NORMAL DEPARTURE LAST
                VALUE   (LST)  VALUE  FROM      YEAR
                                      NORMAL
......................................................
TEMPERATURE (F)
 YESTERDAY
  MAXIMUM          8    148 PM  32    -24       50
  MINIMUM         -2    556 AM  12    -14       34
  AVERAGE          3            22    -19       42

PRECIPITATION (IN)
  YESTERDAY        0.00          0.01  -0.01     0.00
  MONTH TO DATE    0.12          0.07   0.05     0.07
  SINCE DEC 1      0.12          0.07   0.05     0.07
  SINCE JAN 1     14.22         17.33  -3.11    15.46

DEGREE DAYS
 HEATING
  YESTERDAY       62            43     19       23
  MONTH TO DATE  320           294     26      220
  SINCE DEC 1    320           294     26      220
  SINCE JUL 1   1571          2077   -506     1606

 COOLING
  YESTERDAY        0             0      0        0
  MONTH TO DATE    0             0      0        0
  SINCE DEC 1      0             0      0        0
  SINCE JAN 1    734           635     99      691
......................................................


WIND (MPH)
  HIGHEST WIND SPEED    33   HIGHEST WIND DIRECTION    NW (310)
  HIGHEST GUST SPEED    40   HIGHEST GUST DIRECTION    NW (300)
  AVERAGE WIND SPEED    24.3




RELATIVE HUMIDITY (PERCENT)
 HIGHEST    86           600 AM
 LOWEST     72           400 AM
 AVERAGE    79

..........................................................




SUNRISE AND SUNSET
DECEMBER  8 2016......SUNRISE   714 AM MST   SUNSET   406 PM MST
DECEMBER  9 2016......SUNRISE   715 AM MST   SUNSET   406 PM MST


-  INDICATES NEGATIVE NUMBERS.
R  INDICATES RECORD WAS SET OR TIED.
MM INDICATES DATA IS MISSING.
T  INDICATES TRACE AMOUNT.




$$
