000
CDUS43 KUNR 200831
CLID07


CLIMATE REPORT
NATIONAL WEATHER SERVICE RAPID CITY SD
231 AM MDT SUN AUG 20 2017


...................................

...THE FAITH SD CLIMATE SUMMARY FOR AUGUST 19 2017...

CLIMATE NORMAL PERIOD 1981 TO 2010
CLIMATE RECORD PERIOD 9999 TO 9999


WEATHER ITEM   OBSERVED TIME   NORMAL DEPARTURE LAST
                VALUE   (LST)  VALUE  FROM      YEAR
                                      NORMAL
......................................................
TEMPERATURE (F)
 YESTERDAY
  MAXIMUM         98    248 PM  86     12       63
  MINIMUM         56    530 AM  58     -2       50
  AVERAGE         77            72      5       57

PRECIPITATION (IN)
  YESTERDAY        0.00          0.04  -0.04     0.28
  MONTH TO DATE    0.49          1.07  -0.58     1.22
  SINCE JUN 1      3.62          6.96  -3.34     4.76
  SINCE JAN 1      7.90         13.26  -5.36    11.61

DEGREE DAYS
 HEATING
  YESTERDAY        0             1     -1        8
  MONTH TO DATE   12             3      9        8
  SINCE JUN 1     42           105    -63       26
  SINCE JUL 1     12            15     -3       11

 COOLING
  YESTERDAY       12             7      5        0
  MONTH TO DATE   63           159    -96      171
  SINCE JUN 1    587           492     95      628
  SINCE JAN 1    599           504     95      630
......................................................


WIND (MPH)
  HIGHEST WIND SPEED    35   HIGHEST WIND DIRECTION    NE (30)
  HIGHEST GUST SPEED    43   HIGHEST GUST DIRECTION    NE (30)
  AVERAGE WIND SPEED    13.0




RELATIVE HUMIDITY (PERCENT)
 HIGHEST    86           300 AM
 LOWEST     13           200 PM
 AVERAGE    50

..........................................................




SUNRISE AND SUNSET
AUGUST 20 2017........SUNRISE   556 AM MDT   SUNSET   746 PM MDT
AUGUST 21 2017........SUNRISE   557 AM MDT   SUNSET   744 PM MDT


-  INDICATES NEGATIVE NUMBERS.
R  INDICATES RECORD WAS SET OR TIED.
MM INDICATES DATA IS MISSING.
T  INDICATES TRACE AMOUNT.




$$
