000
CDUS43 KUNR 100832
CLID07


CLIMATE REPORT
NATIONAL WEATHER SERVICE RAPID CITY SD
232 AM MDT THU JUL 10 2014


...................................

...THE FAITH SD CLIMATE SUMMARY FOR JULY 9 2014...

CLIMATE NORMAL PERIOD 1981 TO 2010
CLIMATE RECORD PERIOD 9999 TO 9999


WEATHER ITEM   OBSERVED TIME   NORMAL DEPARTURE LAST
                VALUE   (LST)  VALUE  FROM      YEAR
                                      NORMAL
......................................................
TEMPERATURE (F)
 YESTERDAY
  MAXIMUM         83    205 PM  85     -2       85
  MINIMUM         55    330 AM  59     -4       57
  AVERAGE         69            72     -3       71

PRECIPITATION (IN)
  YESTERDAY        0.00          0.11  -0.11     0.00
  MONTH TO DATE    0.02          0.96  -0.94     0.73
  SINCE JUN 1      5.95          4.05   1.90     1.99
  SINCE JAN 1     10.53         10.35   0.18     9.63

DEGREE DAYS
 HEATING
  YESTERDAY        0             0      0        0
  MONTH TO DATE    6             5      1        0
  SINCE JUN 1    111            95     16       73
  SINCE JUL 1      6             5      1        0

 COOLING
  YESTERDAY        4             7     -3        6
  MONTH TO DATE   37            60    -23       75
  SINCE JUN 1     59           148    -89      157
  SINCE JAN 1     89           160    -71      170
......................................................


WIND (MPH)
  HIGHEST WIND SPEED    16   HIGHEST WIND DIRECTION    SE (120)
  HIGHEST GUST SPEED    20   HIGHEST GUST DIRECTION    SE (130)
  AVERAGE WIND SPEED     9.1




RELATIVE HUMIDITY (PERCENT)
 HIGHEST    86           100 AM
 LOWEST     36           200 PM
 AVERAGE    61

..........................................................




SUNRISE AND SUNSET
JULY 10 2014..........SUNRISE   511 AM MDT   SUNSET   835 PM MDT
JULY 11 2014..........SUNRISE   512 AM MDT   SUNSET   835 PM MDT


-  INDICATES NEGATIVE NUMBERS.
R  INDICATES RECORD WAS SET OR TIED.
MM INDICATES DATA IS MISSING.
T  INDICATES TRACE AMOUNT.




$$
