000
CDUS43 KUNR 020832
CLID07


CLIMATE REPORT
NATIONAL WEATHER SERVICE RAPID CITY SD
231 AM MDT SUN AUG 2 2015


...................................

...THE FAITH SD CLIMATE SUMMARY FOR AUGUST 1 2015...

CLIMATE NORMAL PERIOD 1981 TO 2010
CLIMATE RECORD PERIOD 9999 TO 9999


WEATHER ITEM   OBSERVED TIME   NORMAL DEPARTURE LAST
                VALUE   (LST)  VALUE  FROM      YEAR
                                      NORMAL
......................................................
TEMPERATURE (F)
 YESTERDAY
  MAXIMUM         97    130 PM  87     10       94
  MINIMUM         62   1215 AM  60      2       58
  AVERAGE         80            74      6       76

PRECIPITATION (IN)
  YESTERDAY        0.00          0.07  -0.07     0.00
  MONTH TO DATE    0.00          0.07  -0.07     0.00
  SINCE JUN 1      3.22          5.96  -2.74     6.36
  SINCE JAN 1     10.46         12.26  -1.80    10.94

DEGREE DAYS
 HEATING
  YESTERDAY        0             0      0        0
  MONTH TO DATE    0             0      0        0
  SINCE JUN 1     34           102    -68      122
  SINCE JUL 1      0            12    -12       17

 COOLING
  YESTERDAY       15             9      6       11
  MONTH TO DATE   15             9      6       11
  SINCE JUN 1    367           342     25      209
  SINCE JAN 1    369           354     15      239
......................................................


WIND (MPH)
  HIGHEST WIND SPEED    26   HIGHEST WIND DIRECTION    NW (320)
  HIGHEST GUST SPEED    32   HIGHEST GUST DIRECTION    NW (330)
  AVERAGE WIND SPEED    12.7




RELATIVE HUMIDITY (PERCENT)
 HIGHEST    68           500 AM
 LOWEST     10          1200 PM
 AVERAGE    39

..........................................................




SUNRISE AND SUNSET
AUGUST  2 2015........SUNRISE   534 AM MDT   SUNSET   814 PM MDT
AUGUST  3 2015........SUNRISE   535 AM MDT   SUNSET   812 PM MDT


-  INDICATES NEGATIVE NUMBERS.
R  INDICATES RECORD WAS SET OR TIED.
MM INDICATES DATA IS MISSING.
T  INDICATES TRACE AMOUNT.




$$
